{"id":24792,"date":"2025-05-28T17:55:29","date_gmt":"2025-05-28T23:55:29","guid":{"rendered":"https:\/\/www.imer.mx\/rmi\/?page_id=24792"},"modified":"2025-07-03T12:41:37","modified_gmt":"2025-07-03T18:41:37","slug":"rmi-en-vivo","status":"publish","type":"page","link":"https:\/\/www.imer.mx\/rmi\/rmi-en-vivo\/","title":{"rendered":"Radio M\u00e9xico Internacional en vivo"},"content":{"rendered":"<div class=\"wpb-content-wrapper\"><p>[vc_row type=&#8221;vc_default&#8221; full_width=&#8221;stretch_row_content_no_spaces&#8221; css=&#8221;.vc_custom_1749230427559{margin-top: -50px !important;}&#8221;][vc_column][vc_raw_html css=&#8221;&#8221;]JTVCbWF4bWVnYW1lbnUlMjBsb2NhdGlvbiUzRG1heF9tZWdhX21lbnVfMSU1RA==[\/vc_raw_html][\/vc_column][\/vc_row][vc_row type=&#8221;vc_default&#8221; full_width=&#8221;stretch_row_content_no_spaces&#8221; css=&#8221;.vc_custom_1749753090445{margin-top: -35px !important;margin-bottom: -25px !important;}&#8221;][vc_column][vc_column_text css=&#8221;&#8221;]<article id=\"arbitrary-instance-6a08fe5b62136\" class=\"iron_widget_radio\"><style id=\"srp-widget-player-style\">#arbitrary-instance-6a08fe5b62136 .srp_meta, #arbitrary-instance-6a08fe5b62136 .srp_meta.album-title {font-size:20px;text-align:left;color:#dd2c00;}#arbitrary-instance-6a08fe5b62136 .control div, #arbitrary-instance-6a08fe5b62136 .control i, #arbitrary-instance-6a08fe5b62136 .srp-play-button .sricon-play, #arbitrary-instance-6a08fe5b62136 .album-player .srp_noteButton {color:#dd2c00;}#arbitrary-instance-6a08fe5b62136 .control .play, #arbitrary-instance-6a08fe5b62136 .srp-play-circle, #arbitrary-instance-6a08fe5b62136 .sr_speedRate div {border-color:#dd2c00;}#arbitrary-instance-6a08fe5b62136 .srp_player_boxed, #arbitrary-instance-6a08fe5b62136 .skin_floated .album-player, #arbitrary-instance-6a08fe5b62136 .srp-artworkbg {background-color:#ffffff;}<\/style><div class=\"iron-audioplayer  playlist_has_no_ctas\" id=\"arbitrary-instance-6a08fe5b62136-8213dea2e4\" data-id=\"arbitrary-instance-6a08fe5b62136\" data-track-sw-cursor=\"\" data-lazyload=\"\" data-albums=\"24792\" data-category=\"\" data-url-playlist=\"https:\/\/www.imer.mx\/rmi\/?load=playlist.json&#038;title=&#038;albums=24792&#038;category=&#038;posts_not_in=&#038;category_not_in=&#038;author=&#038;feed_title=Radio%20M%C3%A9xico%20Internacional%20en%20vivo&#038;feed=https:\/\/s2.mexside.net\/8020\/stream&#038;feed_img=&#038;el_widget_id=&#038;artwork=&#038;posts_per_pages=-1&#038;all_category=&#038;single_playlist=&#038;reverse_tracklist=&#038;audio_meta_field=&#038;repeater_meta_field=&#038;import_file=&#038;rss_items=-1&#038;rss_item_title=&#038;is_favorite=&#038;is_recentlyplayed=&#038;srp_order=date_DESC\" data-sticky-player=\"0\" data-shuffle=\"false\" data-playlist_title=\"\" data-scrollbar=\"\" data-wave-color=\"#ffaf55\" data-wave-progress-color=\"#dd2c00\" data-spectro=\"\" data-no-wave=\"0\" data-hide-progressbar=\"\" data-progress-bar-style=\"\"data-feedurl=\"1\" data-notrackskip=\"\" data-no-loop-tracklist=\"\" data-playertemplate =\"skin_boxed_tracklist\" data-hide-artwork =\"\" data-speedrate=\"1\"  data-tracks-per-page=\"\" data-pagination_scroll_offset=\"\" data-adaptive-colors=\"\" data-adaptive-colors-freeze=\"\" style=\"opacity:0;\"><div class=\"srp_player_boxed srp_player_grid\"><div class=\"sonaar-Artwort-box \">\n                <div class=\"control\">\n                    \n                <\/div>\n                <div class=\"album\">\n                    <div class=\"album-art\">\n                        <img alt=\"album-art\">\n                    <\/div>\n                <\/div>\n                <\/div><div class=\"album-player sr_waveform_mediaElement\" data-wave-bar-width=\"1\" data-wave-bar-gap=\"1\"><div class=\"srp_miniplayer_metas\"><div class=\" srp_meta srp_meta_0 track-title\" data-prefix=\"\" aria-label=\"Track title\"><\/div><\/div><div class=\"srp_subtitle\"><\/div><div class=\"srp_player_meta\"><\/div><div class=\"srp_control_box\">\n            <div role=\"button\" tabindex=\"0\" class=\"srp-play-button play\" href=\"#\" aria-label=\"Play\">\n                <i class=\"sricon-play\"><\/i>\n                <div class=\"srp-play-circle\"><\/div>\n            <\/div><div class=\"srp_wave_box\"> <div class=\"player \" ><div class=\"sr_progressbar\">\n                \n            <div class=\"currentTime\">00:00<\/div>\n         \n                <div id=\"arbitrary-instance-6a08fe5b62136-7f1d5dc0ad-wave\" class=\"wave\" >\n                 \n        <div class=\"sonaar_fake_wave\" style=\"height:70px\"> \n            <audio src=\"\" class=\"sonaar_media_element\"><\/audio> \n            <div class=\"sonaar_wave_base\"> \n                <canvas id=\"sonaar_wave_base_canvas\" class=\"\" height=\"70\" width=\"2540\"><\/canvas> \n                <svg><\/svg> \n            <\/div> \n            <div class=\"sonaar_wave_cut\"> \n                <canvas id=\"sonaar_wave_cut_canvas\" class=\"\" height=\"70\" width=\"2540\"><\/canvas> \n                <svg><\/svg> \n            <\/div> \n        <\/div> \n                <\/div>\n                \n            <div class=\"totalTime\"><\/div>\n         \n             <\/div><\/div><div class=\"srp_main_control\"><div class=\"control\"><div role=\"button\" tabindex=\"0\" class=\"play\" style=\"opacity:0;\" aria-label=\"Play\" title=\"Play\/Pause\">\n                <i class=\"sricon-play\"><\/i>\n            <\/div><div class=\"srp_track_cta\"><\/div><\/div><\/div><\/div><\/div><\/div><\/div><div class=\"playlist sr_waveform_mediaElement\"  id=\"playlist_arbitrary-instance-6a08fe5b62136\"><div class=\"srp_tracklist\"><ul class=\"srp_list\"><li \n            class=\"sr-playlist-item\" \n            data-audiopath=\"https:\/\/s2.mexside.net\/8020\/stream\"\n            data-showloading=\"1\"\n            data-albumTitle=\"\"\n            data-albumArt=\"\"\n            data-releasedate=\"\"\n            data-date=\"\"\n            data-date-formated=\"\"\n            data-show-date=\"\"\n            data-trackTitle=\"Radio M\u00e9xico Internacional en vivo\"\n            data-artist=\"\"\n            data-trackID=\"\"\n            data-trackTime=\"\"\n            data-relatedTrack=\"\"\n            data-post-url=\"\"\n            data-post-id=\"\"\n            data-track-pos=\"0\"\n            data-peakFile=\"https:\/\/www.imer.mx\/rmi\/wp-content\/uploads\/sites\/3\/audio_peaks\/stream.peak\"\n            data-peakFile-allow=\"name\"\n            data-is-preview=\"\"\n            data-track-lyric=\"\"><div class=\"sr-playlist-item-flex\"><span class=\"store-list\"><\/span><\/div><div class=\"srp_track_description\"><\/div><\/li><\/ul><\/div><\/div><div class=\"album-store\"><\/div><\/div><script id=\"srp_js_params_6a08fe5b62136\">\n        var srp_player_params_6a08fe5b62136 = {\"title\":\"\",\"store_title_text\":\"\",\"albums\":[],\"hide_artwork\":false,\"sticky_player\":0,\"show_album_market\":0,\"show_track_market\":\"true\",\"hide_timeline\":0,\"feed\":\"https:\\\/\\\/s2.mexside.net\\\/8020\\\/stream\",\"feed_title\":\"Radio M\\u00e9xico Internacional en vivo\",\"progress_bar_style\":\"default\",\"wave_bar_width\":\"1\",\"wave_bar_gap\":\"1\",\"wave_color\":\"#ffaf55\",\"wave_progress_color\":\"#dd2c00\",\"player_layout\":\"skin_boxed_tracklist\",\"css\":\".srp_meta, .srp_meta.album-title{font-size:20px;text-align:left;color:#dd2c00;}.control div, .control i, .srp-play-button .sricon-play, .album-player .srp_noteButton{color:#dd2c00;}.control .play, .srp-play-circle, .sr_speedRate div{border-color:#dd2c00;}.srp_player_boxed, .skin_floated .album-player, .srp-artworkbg{background-color:#ffffff;}\",\"orderby\":\"date\",\"order\":\"DESC\",\"use_play_label_with_icon\":\"false\",\"main_settings\":\"||\"} \n        var srp_player_params_args_6a08fe5b62136 = {\"before_widget\":\"<article id=\\\"arbitrary-instance-6a08fe5b62136\\\" class=\\\"iron_widget_radio\\\">\",\"after_widget\":\"<\\\/article>\",\"before_title\":\"<span class='heading-t3'><\\\/span><h3 class=\\\"widgettitle\\\">\",\"after_title\":\"<\\\/h3>\",\"widget_id\":\"arbitrary-instance-6a08fe5b62136\"}  \n        <\/script><script>if(typeof setIronAudioplayers !== \"undefined\"){ setIronAudioplayers(\"arbitrary-instance-6a08fe5b62136\"); }<\/script><\/article>[\/vc_column_text][\/vc_column][\/vc_row][vc_row type=&#8221;vc_default&#8221; full_width=&#8221;stretch_row_content_no_spaces&#8221;][vc_column][vc_single_image image=&#8221;25310&#8243; img_size=&#8221;full&#8221; alignment=&#8221;center&#8221; css=&#8221;&#8221; image_hovers=&#8221;false&#8221;][\/vc_column][\/vc_row][vc_row type=&#8221;vc_default&#8221; full_width=&#8221;stretch_row_content&#8221; bg_type=&#8221;bg_color&#8221; bg_color_value=&#8221;#DD2C00&#8243; css=&#8221;.vc_custom_1749753126243{margin-top: -35px !important;margin-bottom: -50px !important;}&#8221;][vc_column][vc_single_image image=&#8221;24822&#8243; img_size=&#8221;medium&#8221; alignment=&#8221;center&#8221; css=&#8221;&#8221;][\/vc_column][\/vc_row][vc_row type=&#8221;vc_default&#8221; full_width=&#8221;stretch_row_content&#8221; disable_element=&#8221;yes&#8221; bg_type=&#8221;bg_color&#8221; bg_color_value=&#8221;#DD2C00&#8243; css=&#8221;.vc_custom_1749752287016{margin-bottom: -50px !important;}&#8221;][vc_column][vc_tabs interval=&#8221;0&#8243; style=&#8221;tab-style-four&#8221;][vc_tab title=&#8221;Recomendamos&#8221; tab_id=&#8221;a4f259cd-38d9-10&#8243;][vc_cta h2=&#8221;Miriam Rodr\u00edguez En Vivo&#8221; h2_font_container=&#8221;tag:h4|text_align:left&#8221; h2_use_theme_fonts=&#8221;yes&#8221; css=&#8221;.vc_custom_1749494408203{margin-top: -8px !important;margin-right: -8px !important;margin-bottom: 6px !important;margin-left: -8px !important;padding-top: 10px !important;padding-right: 10px !important;padding-bottom: 10px !important;padding-left: 10px !important;}&#8221; use_custom_fonts_h2=&#8221;true&#8221;]<img loading=\"lazy\" decoding=\"async\" class=\"alignright size-thumbnail wp-image-24548\" src=\"https:\/\/www.imer.mx\/rmi\/wp-content\/uploads\/sites\/3\/2024\/05\/EfG-QDSWoAEh5wW-150x150.jpg\" alt=\"\" width=\"150\" height=\"150\" srcset=\"https:\/\/www.imer.mx\/rmi\/wp-content\/uploads\/sites\/3\/2024\/05\/EfG-QDSWoAEh5wW-150x150.jpg 150w, https:\/\/www.imer.mx\/rmi\/wp-content\/uploads\/sites\/3\/2024\/05\/EfG-QDSWoAEh5wW-300x300.jpg 300w, https:\/\/www.imer.mx\/rmi\/wp-content\/uploads\/sites\/3\/2024\/05\/EfG-QDSWoAEh5wW-1024x1024.jpg 1024w, https:\/\/www.imer.mx\/rmi\/wp-content\/uploads\/sites\/3\/2024\/05\/EfG-QDSWoAEh5wW-768x768.jpg 768w, https:\/\/www.imer.mx\/rmi\/wp-content\/uploads\/sites\/3\/2024\/05\/EfG-QDSWoAEh5wW-560x560.jpg 560w, https:\/\/www.imer.mx\/rmi\/wp-content\/uploads\/sites\/3\/2024\/05\/EfG-QDSWoAEh5wW.jpg 1080w\" sizes=\"auto, (max-width: 150px) 100vw, 150px\" \/><span style=\"color: #404040;\">Presenta lo mejor de la M\u00fasica con diferentes estilos y de todas las partes de nuestro pa\u00eds con su experiencia como gu\u00eda musical.<\/span><\/p>\n<p><span style=\"color: #404040;\"><strong>Martes y jueves<\/strong>, de <strong>15:30<\/strong> a <strong>18:00<\/strong> horas.<\/span>[\/vc_cta][\/vc_tab][\/vc_tabs][\/vc_column][\/vc_row]<\/p>\n<\/div>","protected":false},"excerpt":{"rendered":"<p>[vc_row type=&#8221;vc_default&#8221; full_width=&#8221;stretch_row_content_no_spaces&#8221; css=&#8221;.vc_custom_1749230427559{margin-top: -50px !important;}&#8221;][vc_column][vc_raw_html css=&#8221;&#8221;]JTVCbWF4bWVnYW1lbnUlMjBsb2NhdGlvbiUzRG1heF9tZWdhX21lbnVfMSU1RA==[\/vc_raw_html][\/vc_column][\/vc_row][vc_row type=&#8221;vc_default&#8221; full_width=&#8221;stretch_row_content_no_spaces&#8221; css=&#8221;.vc_custom_1749753090445{margin-top: -35px !important;margin-bottom: -25px !important;}&#8221;][vc_column][vc_column_text css=&#8221;&#8221;][\/vc_column_text][\/vc_column][\/vc_row][vc_row type=&#8221;vc_default&#8221; full_width=&#8221;stretch_row_content_no_spaces&#8221;][vc_column][vc_single_image image=&#8221;25310&#8243; img_size=&#8221;full&#8221; alignment=&#8221;center&#8221; css=&#8221;&#8221; image_hovers=&#8221;false&#8221;][\/vc_column][\/vc_row][vc_row type=&#8221;vc_default&#8221; full_width=&#8221;stretch_row_content&#8221; bg_type=&#8221;bg_color&#8221; bg_color_value=&#8221;#DD2C00&#8243; css=&#8221;.vc_custom_1749753126243{margin-top: -35px !important;margin-bottom: -50px !important;}&#8221;][vc_column][vc_single_image image=&#8221;24822&#8243; img_size=&#8221;medium&#8221; alignment=&#8221;center&#8221; css=&#8221;&#8221;][\/vc_column][\/vc_row][vc_row type=&#8221;vc_default&#8221; full_width=&#8221;stretch_row_content&#8221; disable_element=&#8221;yes&#8221; bg_type=&#8221;bg_color&#8221; bg_color_value=&#8221;#DD2C00&#8243; css=&#8221;.vc_custom_1749752287016{margin-bottom: -50px !important;}&#8221;][vc_column][vc_tabs interval=&#8221;0&#8243; style=&#8221;tab-style-four&#8221;][vc_tab title=&#8221;Recomendamos&#8221; tab_id=&#8221;a4f259cd-38d9-10&#8243;][vc_cta h2=&#8221;Miriam Rodr\u00edguez En Vivo&#8221; h2_font_container=&#8221;tag:h4|text_align:left&#8221; h2_use_theme_fonts=&#8221;yes&#8221; css=&#8221;.vc_custom_1749494408203{margin-top: -8px&hellip;<\/p>\n","protected":false},"author":1,"featured_media":0,"parent":0,"menu_order":0,"comment_status":"closed","ping_status":"closed","template":"template-microsite.php","meta":{"wp_popup_display_lightbox":0,"wp_popup_suppress":"","wp_popup_trigger":"","wp_popup_trigger_amount":0,"wp_popup_disable_on_mobile":false,"footnotes":""},"class_list":["post-24792","page","type-page","status-publish","hentry","description-off"],"_links":{"self":[{"href":"https:\/\/www.imer.mx\/rmi\/wp-json\/wp\/v2\/pages\/24792","targetHints":{"allow":["GET"]}}],"collection":[{"href":"https:\/\/www.imer.mx\/rmi\/wp-json\/wp\/v2\/pages"}],"about":[{"href":"https:\/\/www.imer.mx\/rmi\/wp-json\/wp\/v2\/types\/page"}],"author":[{"embeddable":true,"href":"https:\/\/www.imer.mx\/rmi\/wp-json\/wp\/v2\/users\/1"}],"replies":[{"embeddable":true,"href":"https:\/\/www.imer.mx\/rmi\/wp-json\/wp\/v2\/comments?post=24792"}],"version-history":[{"count":0,"href":"https:\/\/www.imer.mx\/rmi\/wp-json\/wp\/v2\/pages\/24792\/revisions"}],"wp:attachment":[{"href":"https:\/\/www.imer.mx\/rmi\/wp-json\/wp\/v2\/media?parent=24792"}],"curies":[{"name":"wp","href":"https:\/\/api.w.org\/{rel}","templated":true}]}}