{"id":12,"date":"2011-06-16T22:13:13","date_gmt":"2011-06-16T22:13:13","guid":{"rendered":"http:\/\/orbita.imer.gob.mx\/wordpress\/?p=12"},"modified":"2022-12-02T11:09:57","modified_gmt":"2022-12-02T17:09:57","slug":"ayunas-o-desayunas","status":"publish","type":"page","link":"https:\/\/www.imer.mx\/orbita\/programas\/ayunas-o-desayunas\/","title":{"rendered":"Al d\u00eda en \u00f3rbita"},"content":{"rendered":"\n<div class=\"wp-block-image\"><figure class=\"alignleft\"><img loading=\"lazy\" decoding=\"async\" width=\"165\" height=\"140\" src=\"https:\/\/www.imer.mx\/orbita\/wp-content\/uploads\/sites\/24\/ayunas_desayunas-e1355786449697.jpg\" alt=\"ayunas_desayunas\" class=\"wp-image-170\" \/><\/figure><\/div>\n\n\n\n<p>Por las ma\u00f1anas, acomp\u00e1\u00f1ate de este espacio musical que, a la vez te brinda informaci\u00f3n, orientaci\u00f3n y muy buena m\u00fasica.&nbsp;El programa presenta las novedades de rock en espa\u00f1ol, a la vez que desarrolla diversos temas de inter\u00e9s para la comunidad entre ellos la problem\u00e1tica social de Ciudad Ju\u00e1rez: violencia, inseguridad y desintegraci\u00f3n social, entre otras.<\/p>\n\n\n\n<p>&nbsp;<\/p>\n\n\n\n<p>Horario: <strong>Lunes a viernes de <\/strong><strong>09:00 a 10:57 am.\u00a0<\/strong>Conductor:<strong>\u00a0<strong>Eduardo Jaime.<\/strong><\/strong><\/p>\n\n\n\n<p><\/p>\n\n\n\n<p>&nbsp;<\/p>\n","protected":false},"excerpt":{"rendered":"<p>Por las ma\u00f1anas, acomp\u00e1\u00f1ate de este espacio musical que, a la vez te brinda informaci\u00f3n, orientaci\u00f3n y muy buena m\u00fasica.&nbsp;El programa presenta las novedades de rock en espa\u00f1ol, a la vez que desarrolla diversos temas de inter\u00e9s para la comunidad entre ellos la problem\u00e1tica social de Ciudad Ju\u00e1rez: violencia, inseguridad y desintegraci\u00f3n social, entre otras.&hellip;<\/p>\n","protected":false},"author":1,"featured_media":0,"parent":260,"menu_order":0,"comment_status":"open","ping_status":"closed","template":"","meta":{"wp_popup_display_lightbox":0,"wp_popup_suppress":"","wp_popup_trigger":"","wp_popup_trigger_amount":0,"wp_popup_disable_on_mobile":false,"footnotes":""},"class_list":["post-12","page","type-page","status-publish","hentry","description-off"],"_links":{"self":[{"href":"https:\/\/www.imer.mx\/orbita\/wp-json\/wp\/v2\/pages\/12","targetHints":{"allow":["GET"]}}],"collection":[{"href":"https:\/\/www.imer.mx\/orbita\/wp-json\/wp\/v2\/pages"}],"about":[{"href":"https:\/\/www.imer.mx\/orbita\/wp-json\/wp\/v2\/types\/page"}],"author":[{"embeddable":true,"href":"https:\/\/www.imer.mx\/orbita\/wp-json\/wp\/v2\/users\/1"}],"replies":[{"embeddable":true,"href":"https:\/\/www.imer.mx\/orbita\/wp-json\/wp\/v2\/comments?post=12"}],"version-history":[{"count":0,"href":"https:\/\/www.imer.mx\/orbita\/wp-json\/wp\/v2\/pages\/12\/revisions"}],"up":[{"embeddable":true,"href":"https:\/\/www.imer.mx\/orbita\/wp-json\/wp\/v2\/pages\/260"}],"wp:attachment":[{"href":"https:\/\/www.imer.mx\/orbita\/wp-json\/wp\/v2\/media?parent=12"}],"curies":[{"name":"wp","href":"https:\/\/api.w.org\/{rel}","templated":true}]}}

Al día en órbita

<div class="wp-block-image"><figure class="alignleft"><img loading="lazy" decoding="async" width="165" height="140" src="https://www.imer.mx/orbita/wp-content/uploads/sites/24/ayunas_desayunas-e1355786449697.jpg" alt="ayunas_desayunas" class="wp-image-170" /></figure></div>



<p>Por las mañanas, acompáñate de este espacio musical que, a la vez te brinda información, orientación y muy buena música.&nbsp;El programa presenta las novedades de rock en español, a la vez que desarrolla diversos temas de interés para la comunidad entre ellos la problemática social de Ciudad Juárez: violencia, inseguridad y desintegración social, entre otras.</p>



<p>&nbsp;</p>



<p>Horario: <strong>Lunes a viernes de </strong><strong>09:00 a 10:57 am. </strong>Conductor:<strong> <strong>Eduardo Jaime.</strong></strong></p>



<p></p>



<p>&nbsp;</p>

<p>Por las mañanas, acompáñate de este espacio musical que, a la vez te brinda información, orientación y muy buena música.&nbsp;El programa presenta las novedades de rock en español, a la vez que desarrolla diversos temas de interés para la comunidad entre ellos la problemática social de Ciudad Juárez: violencia, inseguridad y desintegración social, entre otras.&hellip;</p>
