{"id":1143,"date":"2014-10-20T20:23:46","date_gmt":"2014-10-21T01:23:46","guid":{"rendered":"http:\/\/www.imer.mx\/orbita\/?page_id=1143"},"modified":"2014-10-20T20:23:46","modified_gmt":"2014-10-21T01:23:46","slug":"este-sabado-en-radiografia-20-anos-de-la-presentacion-del-disco","status":"publish","type":"page","link":"https:\/\/www.imer.mx\/orbita\/este-sabado-en-radiografia-20-anos-de-la-presentacion-del-disco\/","title":{"rendered":"Este s\u00e1bado en Radiograf\u00eda. 20 a\u00f1os de la presentaci\u00f3n del disco."},"content":{"rendered":"<p>Re, el segundo \u00e1lbum de estudio de la banda mexicana Caf\u00e9 Tacvba lanzado en 1994. Fue grabado en Los \u00c1ngeles, California y Cuernavaca, Morelos bajo la producci\u00f3n del argentino Gustavo Santaolalla. Este es considerado su mejor material de estudio y uno de los discos m\u00e1s importantes en la historia de la m\u00fasica de M\u00e9xico. Para este disco Caf\u00e9 Tacvba cont\u00f3 con la participaci\u00f3n de otros artistas como Luis Conte y Alejandro Flores. Rub\u00e9n Albarr\u00e1n, vocalista del grupo, es acreditado en este disco como &#8220;Cosme&#8221;.<br \/>\n<a href=\"https:\/\/www.imer.mx\/orbita\/wp-content\/uploads\/sites\/24\/DSC03735.jpg\"><img loading=\"lazy\" decoding=\"async\" class=\"alignnone size-medium wp-image-1144\" src=\"https:\/\/www.imer.mx\/orbita\/wp-content\/uploads\/sites\/24\/10710815_380350222121411_7281205821848209407_n-194x300.jpg\" alt=\"10710815_380350222121411_7281205821848209407_n\" width=\"194\" height=\"300\" srcset=\"https:\/\/www.imer.mx\/orbita\/wp-content\/uploads\/sites\/24\/10710815_380350222121411_7281205821848209407_n-194x300.jpg 194w, https:\/\/www.imer.mx\/orbita\/wp-content\/uploads\/sites\/24\/10710815_380350222121411_7281205821848209407_n.jpg 621w\" sizes=\"auto, (max-width: 194px) 100vw, 194px\" \/><\/a><a href=\"https:\/\/www.imer.mx\/orbita\/wp-content\/uploads\/sites\/24\/DSC03735.jpg\"><img loading=\"lazy\" decoding=\"async\" class=\"alignnone size-medium wp-image-1145\" src=\"https:\/\/www.imer.mx\/orbita\/wp-content\/uploads\/sites\/24\/DSC03735-300x225.jpg\" alt=\"DSC03735\" width=\"300\" height=\"225\" srcset=\"https:\/\/www.imer.mx\/orbita\/wp-content\/uploads\/sites\/24\/DSC03735-300x225.jpg 300w, https:\/\/www.imer.mx\/orbita\/wp-content\/uploads\/sites\/24\/DSC03735.jpg 1024w\" sizes=\"auto, (max-width: 300px) 100vw, 300px\" \/><\/a><a href=\"https:\/\/www.imer.mx\/orbita\/wp-content\/uploads\/sites\/24\/DSC03735.jpg\"><br \/>\n<\/a><\/p>\n<p style=\"text-align: left\">En \u00e9l la banda experimenta con diversos g\u00e9neros musicales, desde la m\u00fasica regional mexicana, como el tr\u00edo, la m\u00fasica norte\u00f1a y banda, hasta otros tan diversos como el punk, el funk, el grunge, el mambo, el samba brasile\u00f1a y el ska jamaiquino. El disco fue ampliamente aclamado por la cr\u00edtica e incluso ha sido comparado por diversos medios norteamericanos con el White Album de The Beatles debido a su genialidad musical, variedad, calidad y cantidad de temas. Con este alcanzaron la consagraci\u00f3n internacional y llegaron a vender casi medio mill\u00f3n de copias de este material.<\/p>\n","protected":false},"excerpt":{"rendered":"<p>Re, el segundo \u00e1lbum de estudio de la banda mexicana Caf\u00e9 Tacvba lanzado en 1994. Fue grabado en Los \u00c1ngeles, California y Cuernavaca, Morelos bajo la producci\u00f3n del argentino Gustavo Santaolalla. Este es considerado su mejor material de estudio y uno de los discos m\u00e1s importantes en la historia de la m\u00fasica de M\u00e9xico. Para&hellip;<\/p>\n","protected":false},"author":41,"featured_media":0,"parent":0,"menu_order":0,"comment_status":"open","ping_status":"open","template":"","meta":{"wp_popup_display_lightbox":0,"wp_popup_suppress":"","wp_popup_trigger":"","wp_popup_trigger_amount":0,"wp_popup_disable_on_mobile":false,"footnotes":""},"class_list":["post-1143","page","type-page","status-publish","hentry","description-off"],"_links":{"self":[{"href":"https:\/\/www.imer.mx\/orbita\/wp-json\/wp\/v2\/pages\/1143","targetHints":{"allow":["GET"]}}],"collection":[{"href":"https:\/\/www.imer.mx\/orbita\/wp-json\/wp\/v2\/pages"}],"about":[{"href":"https:\/\/www.imer.mx\/orbita\/wp-json\/wp\/v2\/types\/page"}],"author":[{"embeddable":true,"href":"https:\/\/www.imer.mx\/orbita\/wp-json\/wp\/v2\/users\/41"}],"replies":[{"embeddable":true,"href":"https:\/\/www.imer.mx\/orbita\/wp-json\/wp\/v2\/comments?post=1143"}],"version-history":[{"count":0,"href":"https:\/\/www.imer.mx\/orbita\/wp-json\/wp\/v2\/pages\/1143\/revisions"}],"wp:attachment":[{"href":"https:\/\/www.imer.mx\/orbita\/wp-json\/wp\/v2\/media?parent=1143"}],"curies":[{"name":"wp","href":"https:\/\/api.w.org\/{rel}","templated":true}]}}

Este sábado en Radiografía. 20 años de la presentación del disco.

<p>Re, el segundo álbum de estudio de la banda mexicana Café Tacvba lanzado en 1994. Fue grabado en Los Ángeles, California y Cuernavaca, Morelos bajo la producción del argentino Gustavo Santaolalla. Este es considerado su mejor material de estudio y uno de los discos más importantes en la historia de la música de México. Para este disco Café Tacvba contó con la participación de otros artistas como Luis Conte y Alejandro Flores. Rubén Albarrán, vocalista del grupo, es acreditado en este disco como &#8220;Cosme&#8221;.<br />
<a href="https://www.imer.mx/orbita/wp-content/uploads/sites/24/DSC03735.jpg"><img loading="lazy" decoding="async" class="alignnone size-medium wp-image-1144" src="https://www.imer.mx/orbita/wp-content/uploads/sites/24/10710815_380350222121411_7281205821848209407_n-194x300.jpg" alt="10710815_380350222121411_7281205821848209407_n" width="194" height="300" srcset="https://www.imer.mx/orbita/wp-content/uploads/sites/24/10710815_380350222121411_7281205821848209407_n-194x300.jpg 194w, https://www.imer.mx/orbita/wp-content/uploads/sites/24/10710815_380350222121411_7281205821848209407_n.jpg 621w" sizes="auto, (max-width: 194px) 100vw, 194px" /></a><a href="https://www.imer.mx/orbita/wp-content/uploads/sites/24/DSC03735.jpg"><img loading="lazy" decoding="async" class="alignnone size-medium wp-image-1145" src="https://www.imer.mx/orbita/wp-content/uploads/sites/24/DSC03735-300x225.jpg" alt="DSC03735" width="300" height="225" srcset="https://www.imer.mx/orbita/wp-content/uploads/sites/24/DSC03735-300x225.jpg 300w, https://www.imer.mx/orbita/wp-content/uploads/sites/24/DSC03735.jpg 1024w" sizes="auto, (max-width: 300px) 100vw, 300px" /></a><a href="https://www.imer.mx/orbita/wp-content/uploads/sites/24/DSC03735.jpg"><br />
</a></p>
<p style="text-align: left">En él la banda experimenta con diversos géneros musicales, desde la música regional mexicana, como el trío, la música norteña y banda, hasta otros tan diversos como el punk, el funk, el grunge, el mambo, el samba brasileña y el ska jamaiquino. El disco fue ampliamente aclamado por la crítica e incluso ha sido comparado por diversos medios norteamericanos con el White Album de The Beatles debido a su genialidad musical, variedad, calidad y cantidad de temas. Con este alcanzaron la consagración internacional y llegaron a vender casi medio millón de copias de este material.</p>

<p>Re, el segundo álbum de estudio de la banda mexicana Café Tacvba lanzado en 1994. Fue grabado en Los Ángeles, California y Cuernavaca, Morelos bajo la producción del argentino Gustavo Santaolalla. Este es considerado su mejor material de estudio y uno de los discos más importantes en la historia de la música de México. Para&hellip;</p>
