{"id":60476,"date":"2026-03-19T13:18:45","date_gmt":"2026-03-19T19:18:45","guid":{"rendered":"https:\/\/www.imer.mx\/opus\/?page_id=60476"},"modified":"2026-03-19T14:23:08","modified_gmt":"2026-03-19T20:23:08","slug":"emisoras","status":"publish","type":"page","link":"https:\/\/www.imer.mx\/opus\/emisoras\/","title":{"rendered":"Emisoras"},"content":{"rendered":"<div class=\"wpb-content-wrapper\"><p>[vc_row][vc_column width=&#8221;1\/4&#8243;]<section class=\"shortcode-teaser img-full frame-fancy frame-on fadeIn animate-element\"><div class=\"shortcode-teaser-img\"><a class=\"layzr-bg rollover\" href=\"https:\/\/www.imer.mx\/estereoistmo\/\" target=\"_blank\"><img loading=\"lazy\" decoding=\"async\" class=\"lazy-load\" src=\"data:image\/svg+xml;charset=utf-8,%3Csvg xmlns%3D&#039;http%3A%2F%2Fwww.w3.org%2F2000%2Fsvg&#039; viewBox%3D&#039;0 0 1080 1080&#039;%2F%3E\" width=\"1080\" height=\"1080\" alt=\"Est\u00e9reo Istmo\" data-srcset=\"https:\/\/www.imer.mx\/opus\/wp-content\/uploads\/sites\/13\/istmo-Sitio-Web-IMER_OK.jpg 1080w\" data-src=\"https:\/\/www.imer.mx\/opus\/wp-content\/uploads\/sites\/13\/istmo-Sitio-Web-IMER_OK.jpg\" \/><\/a><\/div><div class=\"shortcode-teaser-content text-small\"><h5>Est\u00e9reo Istmo<\/h5>\n<p>XHSCO, 96.3\u00a0FM<br \/>\nMultiperfil \/ Noticias.<\/p>\n<p>Salina Cruz, Oaxaca.<\/p>\n<p><a href=\"https:\/\/www.imer.mx\/estereoistmo\" target=\"_blank\" rel=\"noopener noreferrer\">www.imer.mx\/estereoistmo<\/a><\/p>\n<\/div><\/section>[\/vc_column][vc_column width=&#8221;1\/4&#8243;]<section class=\"shortcode-teaser img-full frame-fancy frame-on fadeIn animate-element\"><div class=\"shortcode-teaser-img\"><a class=\"layzr-bg rollover\" href=\"https:\/\/www.imer.mx\/fusion\/\" target=\"_blank\"><img loading=\"lazy\" decoding=\"async\" class=\"lazy-load\" src=\"data:image\/svg+xml;charset=utf-8,%3Csvg xmlns%3D&#039;http%3A%2F%2Fwww.w3.org%2F2000%2Fsvg&#039; viewBox%3D&#039;0 0 1080 1080&#039;%2F%3E\" width=\"1080\" height=\"1080\" alt=\"Fusi\u00f3n\" data-srcset=\"https:\/\/www.imer.mx\/opus\/wp-content\/uploads\/sites\/13\/fusion-ID-Sitio-Web-IMER_OK.jpg 1080w\" data-src=\"https:\/\/www.imer.mx\/opus\/wp-content\/uploads\/sites\/13\/fusion-ID-Sitio-Web-IMER_OK.jpg\" \/><\/a><\/div><div class=\"shortcode-teaser-content text-small\"><h5>Fusi\u00f3n<\/h5>\n<p>XHUAN 102.5\u00a0FM \u2013 102.5 HD 1<br \/>\nJazz \/ Noticias.<\/p>\n<p>Tijuana, Baja California.<\/p>\n<p><a href=\"https:\/\/www.imer.mx\/fusion\" target=\"_blank\" rel=\"noopener noreferrer\">www.imer.mx\/fusion<\/a><\/p>\n<\/div><\/section>[\/vc_column][vc_column width=&#8221;1\/4&#8243;]<section class=\"shortcode-teaser img-full frame-fancy frame-on fadeIn animate-element\"><div class=\"shortcode-teaser-img\"><a class=\"layzr-bg rollover\" href=\"https:\/\/www.imer.mx\/horizonte\/\" target=\"_blank\"><img loading=\"lazy\" decoding=\"async\" class=\"lazy-load\" src=\"data:image\/svg+xml;charset=utf-8,%3Csvg xmlns%3D&#039;http%3A%2F%2Fwww.w3.org%2F2000%2Fsvg&#039; viewBox%3D&#039;0 0 1080 1080&#039;%2F%3E\" width=\"1080\" height=\"1080\" alt=\"Horizonte\" data-srcset=\"https:\/\/www.imer.mx\/opus\/wp-content\/uploads\/sites\/13\/Horizonte-ID-Sitio-Web-IMER_OK.jpg 1080w\" data-src=\"https:\/\/www.imer.mx\/opus\/wp-content\/uploads\/sites\/13\/Horizonte-ID-Sitio-Web-IMER_OK.jpg\" \/><\/a><\/div><div class=\"shortcode-teaser-content text-small\"><h5>Horizonte<\/h5>\n<p>XHIMR, 107.9 FM<br \/>\nJazz.<\/p>\n<p>Ciudad de M\u00e9xico.<\/p>\n<p><a href=\"https:\/\/www.imer.mx\/horizonte\" target=\"_blank\" rel=\"noopener noreferrer\">www.imer.mx\/horizonte<\/a><\/p>\n<\/div><\/section>[\/vc_column][vc_column width=&#8221;1\/4&#8243;]<section class=\"shortcode-teaser img-full frame-fancy frame-on fadeIn animate-element\"><div class=\"shortcode-teaser-img\"><a class=\"layzr-bg rollover\" href=\"https:\/\/www.imer.mx\/interferencia\" target=\"_blank\"><img loading=\"lazy\" decoding=\"async\" class=\"lazy-load\" src=\"data:image\/svg+xml;charset=utf-8,%3Csvg xmlns%3D&#039;http%3A%2F%2Fwww.w3.org%2F2000%2Fsvg&#039; viewBox%3D&#039;0 0 1080 1080&#039;%2F%3E\" width=\"1080\" height=\"1080\" alt=\"Interferencia\" data-srcset=\"https:\/\/www.imer.mx\/opus\/wp-content\/uploads\/sites\/13\/Azul-ID-Sitio-Web-IMER_OK-3.jpg 1080w\" data-src=\"https:\/\/www.imer.mx\/opus\/wp-content\/uploads\/sites\/13\/Azul-ID-Sitio-Web-IMER_OK-3.jpg\" \/><\/a><\/div><div class=\"shortcode-teaser-content text-small\"><h5>Interferencia<\/h5>\n<p>Emisora virtual por Internet<br \/>\nMezcla alternativa, territorio indie, psicodelia y nuevos beats.<\/p>\n<p>Ciudad de M\u00e9xico.<\/p>\n<p><a href=\"https:\/\/www.imer.mx\/interferencia\" target=\"_blank\" rel=\"noopener noreferrer\">www.imer.mx\/interferencia<\/a><\/p>\n<\/div><\/section>[\/vc_column][\/vc_row][vc_row][vc_column][vc_empty_space height=&#8221;22px&#8221;][\/vc_column][\/vc_row][vc_row][vc_column width=&#8221;1\/4&#8243;]<section class=\"shortcode-teaser img-full frame-fancy frame-on fadeIn animate-element\"><div class=\"shortcode-teaser-img\"><a class=\"layzr-bg rollover\" href=\"https:\/\/www.imer.mx\/lafq\/\" target=\"_blank\"><img loading=\"lazy\" decoding=\"async\" class=\"lazy-load\" src=\"data:image\/svg+xml;charset=utf-8,%3Csvg xmlns%3D&#039;http%3A%2F%2Fwww.w3.org%2F2000%2Fsvg&#039; viewBox%3D&#039;0 0 1080 1080&#039;%2F%3E\" width=\"1080\" height=\"1080\" alt=\"La FQ\" data-srcset=\"https:\/\/www.imer.mx\/opus\/wp-content\/uploads\/sites\/13\/Fq-ID-Sitio-Web-IMER_OK.jpg 1080w\" data-src=\"https:\/\/www.imer.mx\/opus\/wp-content\/uploads\/sites\/13\/Fq-ID-Sitio-Web-IMER_OK.jpg\" \/><\/a><\/div><div class=\"shortcode-teaser-content text-small\"><h5>La FQ<\/h5>\n<p>XHFQ, 103.1 FM<br \/>\nMultiperfil \/ Noticias<\/p>\n<p>Cananea, Sonora.<\/p>\n<p><a href=\"https:\/\/www.imer.mx\/lafq\" target=\"_blank\" rel=\"noopener noreferrer\">www.imer.mx\/lafq <\/a><\/p>\n<\/div><\/section>[\/vc_column][vc_column width=&#8221;1\/4&#8243;]<section class=\"shortcode-teaser img-full frame-fancy frame-on fadeIn animate-element\"><div class=\"shortcode-teaser-img\"><a class=\"layzr-bg rollover\" href=\"https:\/\/www.imer.mx\/lapoderosa\/\" target=\"_blank\"><img loading=\"lazy\" decoding=\"async\" class=\"lazy-load\" src=\"data:image\/svg+xml;charset=utf-8,%3Csvg xmlns%3D&#039;http%3A%2F%2Fwww.w3.org%2F2000%2Fsvg&#039; viewBox%3D&#039;0 0 1080 1080&#039;%2F%3E\" width=\"1080\" height=\"1080\" alt=\"La Poderosa\" data-srcset=\"https:\/\/www.imer.mx\/opus\/wp-content\/uploads\/sites\/13\/poderosa-ID-Sitio-Web-IMER_OK.jpg 1080w\" data-src=\"https:\/\/www.imer.mx\/opus\/wp-content\/uploads\/sites\/13\/poderosa-ID-Sitio-Web-IMER_OK.jpg\" \/><\/a><\/div><div class=\"shortcode-teaser-content text-small\"><h5>La Poderosa<\/h5>\n<p>XERF, 1570 AM \u2013 XHRF 103.9 FM<br \/>\nGrupera \/ Norte\u00f1a \/ Noticias.<\/p>\n<p>Ciudad Acu\u00f1a, Coahuila.<\/p>\n<p><a href=\"https:\/\/www.imer.mx\/lapoderosa\" target=\"_blank\" rel=\"noopener noreferrer\">www.imer.mx\/lapoderosa<\/a><\/p>\n<\/div><\/section>[\/vc_column][vc_column width=&#8221;1\/4&#8243;]<section class=\"shortcode-teaser img-full frame-fancy frame-on fadeIn animate-element\"><div class=\"shortcode-teaser-img\"><a class=\"layzr-bg rollover\" href=\"https:\/\/www.imer.mx\/lapopular\/\" target=\"_blank\"><img loading=\"lazy\" decoding=\"async\" class=\"lazy-load\" src=\"data:image\/svg+xml;charset=utf-8,%3Csvg xmlns%3D&#039;http%3A%2F%2Fwww.w3.org%2F2000%2Fsvg&#039; viewBox%3D&#039;0 0 1080 1080&#039;%2F%3E\" width=\"1080\" height=\"1080\" alt=\"La Popular\" data-srcset=\"https:\/\/www.imer.mx\/opus\/wp-content\/uploads\/sites\/13\/Azul-ID-Sitio-Web-IMER_OK-4.jpg 1080w\" data-src=\"https:\/\/www.imer.mx\/opus\/wp-content\/uploads\/sites\/13\/Azul-ID-Sitio-Web-IMER_OK-4.jpg\" \/><\/a><\/div><div class=\"shortcode-teaser-content text-small\"><h5>La Popular<\/h5>\n<p>XHCAH, 89.1 FM<br \/>\nNoticias, m\u00fasica mexicana y Marimba.<\/p>\n<p>Cacahoat\u00e1n, Chiapas.<\/p>\n<p><a href=\"https:\/\/www.imer.mx\/lapopular\" target=\"_blank\" rel=\"noopener noreferrer\">www.imer.mx\/lapopular<\/a><\/p>\n<\/div><\/section>[\/vc_column][vc_column width=&#8221;1\/4&#8243;]<section class=\"shortcode-teaser img-full frame-fancy frame-on fadeIn animate-element\"><div class=\"shortcode-teaser-img\"><a class=\"layzr-bg rollover\" href=\"https:\/\/www.imer.mx\/luciernagas1350\/\" target=\"_blank\"><img loading=\"lazy\" decoding=\"async\" class=\"lazy-load\" src=\"data:image\/svg+xml;charset=utf-8,%3Csvg xmlns%3D&#039;http%3A%2F%2Fwww.w3.org%2F2000%2Fsvg&#039; viewBox%3D&#039;0 0 1080 1080&#039;%2F%3E\" width=\"1080\" height=\"1080\" alt=\"Luciernagas\" data-srcset=\"https:\/\/www.imer.mx\/opus\/wp-content\/uploads\/sites\/13\/Luciernagas-ID-Sitio-Web-IMER_OK.png 1080w\" data-src=\"https:\/\/www.imer.mx\/opus\/wp-content\/uploads\/sites\/13\/Luciernagas-ID-Sitio-Web-IMER_OK.png\" \/><\/a><\/div><div class=\"shortcode-teaser-content text-small\"><h5>\u00a0Luci\u00e9rnagas 13-50<\/h5>\n<p>XEQK-AM, 1350 AM<br \/>\nEncendemos las voces<\/p>\n<p>Ciudad de M\u00e9xico<\/p>\n<p><a href=\"https:\/\/www.imer.mx\/luciernagas1350\/\">www.imer.mx\/luciernagas1350\/<\/a><\/p>\n<\/div><\/section>[\/vc_column][\/vc_row][vc_row][vc_column][vc_empty_space height=&#8221;22px&#8221;][\/vc_column][\/vc_row][vc_row][vc_column width=&#8221;1\/4&#8243;]<section class=\"shortcode-teaser img-full frame-fancy frame-on fadeIn animate-element\"><div class=\"shortcode-teaser-img\"><a class=\"layzr-bg rollover\" href=\"https:\/\/www.imer.mx\/opus\/\" target=\"_blank\"><img loading=\"lazy\" decoding=\"async\" class=\"lazy-load\" src=\"data:image\/svg+xml;charset=utf-8,%3Csvg xmlns%3D&#039;http%3A%2F%2Fwww.w3.org%2F2000%2Fsvg&#039; viewBox%3D&#039;0 0 1080 1080&#039;%2F%3E\" width=\"1080\" height=\"1080\" alt=\"Opus 94\" data-srcset=\"https:\/\/www.imer.mx\/opus\/wp-content\/uploads\/sites\/13\/opus-ID-Sitio-Web-IMER_OK.jpg 1080w\" data-src=\"https:\/\/www.imer.mx\/opus\/wp-content\/uploads\/sites\/13\/opus-ID-Sitio-Web-IMER_OK.jpg\" \/><\/a><\/div><div class=\"shortcode-teaser-content text-small\"><h5>Opus 94<\/h5>\n<p>XHIMER, 94.5 FM<br \/>\nM\u00fasica cl\u00e1sica y de concierto.<\/p>\n<p>Ciudad de M\u00e9xico.<\/p>\n<p><a href=\"https:\/\/www.imer.mx\/opus\" target=\"_blank\" rel=\"noopener noreferrer\">www.imer.mx\/opus<\/a><\/p>\n<\/div><\/section>[\/vc_column][vc_column width=&#8221;1\/4&#8243;]<section class=\"shortcode-teaser img-full frame-fancy frame-on fadeIn animate-element\"><div class=\"shortcode-teaser-img\"><a class=\"layzr-bg rollover\" href=\"https:\/\/www.imer.mx\/orbita\/\" target=\"_blank\"><img loading=\"lazy\" decoding=\"async\" class=\"lazy-load\" src=\"data:image\/svg+xml;charset=utf-8,%3Csvg xmlns%3D&#039;http%3A%2F%2Fwww.w3.org%2F2000%2Fsvg&#039; viewBox%3D&#039;0 0 1080 1080&#039;%2F%3E\" width=\"1080\" height=\"1080\" alt=\"\u00d3rbita\" data-srcset=\"https:\/\/www.imer.mx\/opus\/wp-content\/uploads\/sites\/13\/orbita-ID-Sitio-Web-IMER_OK.png 1080w\" data-src=\"https:\/\/www.imer.mx\/opus\/wp-content\/uploads\/sites\/13\/orbita-ID-Sitio-Web-IMER_OK.png\" \/><\/a><\/div><div class=\"shortcode-teaser-content text-small\"><h5>\u00d3rbita<\/h5>\n<p>XHUAR, 106.7 FM \u2013 106.7 HD 1<br \/>\nRock \/ Noticias.<\/p>\n<p>Ciudad Ju\u00e1rez, Chihuahua.<\/p>\n<p><a href=\"https:\/\/www.imer.mx\/orbita\" target=\"_blank\" rel=\"noopener noreferrer\">www.imer.mx\/orbita<\/a><\/p>\n<\/div><\/section>[\/vc_column][vc_column width=&#8221;1\/4&#8243;]<section class=\"shortcode-teaser img-full frame-fancy frame-on fadeIn animate-element\"><div class=\"shortcode-teaser-img\"><a class=\"layzr-bg rollover\" href=\"https:\/\/www.imer.mx\/radio710\/\" target=\"_blank\"><img loading=\"lazy\" decoding=\"async\" class=\"lazy-load\" src=\"data:image\/svg+xml;charset=utf-8,%3Csvg xmlns%3D&#039;http%3A%2F%2Fwww.w3.org%2F2000%2Fsvg&#039; viewBox%3D&#039;0 0 1080 1080&#039;%2F%3E\" width=\"1080\" height=\"1080\" alt=\"Radio 710\" data-srcset=\"https:\/\/www.imer.mx\/opus\/wp-content\/uploads\/sites\/13\/radio710-ID-Sitio-Web-IMER_OK.jpg 1080w\" data-src=\"https:\/\/www.imer.mx\/opus\/wp-content\/uploads\/sites\/13\/radio710-ID-Sitio-Web-IMER_OK.jpg\" \/><\/a><\/div><div class=\"shortcode-teaser-content text-small\"><h5>Radio\u00a0710<\/h5>\n<p>XEMP 710 AM<br \/>\nBanda \/ mariachi \/ norte\u00f1a \/ grupera.<\/p>\n<p>Ciudad de M\u00e9xico.<\/p>\n<p><a href=\"https:\/\/www.imer.mx\/radio710\" target=\"_blank\" rel=\"noopener noreferrer\">www.imer.mx\/radio710<\/a><\/p>\n<\/div><\/section>[\/vc_column][vc_column width=&#8221;1\/4&#8243;]<section class=\"shortcode-teaser img-full frame-fancy frame-on fadeIn animate-element\"><div class=\"shortcode-teaser-img\"><a class=\"layzr-bg rollover\" href=\"https:\/\/www.imer.mx\/radioazul\/\" target=\"_blank\"><img loading=\"lazy\" decoding=\"async\" class=\"lazy-load\" src=\"data:image\/svg+xml;charset=utf-8,%3Csvg xmlns%3D&#039;http%3A%2F%2Fwww.w3.org%2F2000%2Fsvg&#039; viewBox%3D&#039;0 0 1080 1080&#039;%2F%3E\" width=\"1080\" height=\"1080\" alt=\"Radio Azul\" data-srcset=\"https:\/\/www.imer.mx\/opus\/wp-content\/uploads\/sites\/13\/Azul-ID-Sitio-Web-IMER_OK.jpg 1080w\" data-src=\"https:\/\/www.imer.mx\/opus\/wp-content\/uploads\/sites\/13\/Azul-ID-Sitio-Web-IMER_OK.jpg\" \/><\/a><\/div><div class=\"shortcode-teaser-content text-small\"><h5>Radio Azul<\/h5>\n<p>XHLAC, 99.7 FM<br \/>\nMultiperfil \/ Noticias.<\/p>\n<p>L\u00e1zaro C\u00e1rdenas, Michoac\u00e1n.<\/p>\n<p><a href=\"https:\/\/www.imer.mx\/radioazul\" target=\"_blank\" rel=\"noopener noreferrer\">www.imer.mx\/radioazul <\/a><\/p>\n<\/div><\/section>[\/vc_column][\/vc_row][vc_row][vc_column][vc_empty_space height=&#8221;22px&#8221;][\/vc_column][\/vc_row][vc_row][vc_column width=&#8221;1\/4&#8243;]<section class=\"shortcode-teaser img-full frame-fancy frame-on fadeIn animate-element\"><div class=\"shortcode-teaser-img\"><a class=\"layzr-bg rollover\" href=\"https:\/\/www.imer.mx\/radioimer\/\" target=\"_blank\"><img loading=\"lazy\" decoding=\"async\" class=\"lazy-load\" src=\"data:image\/svg+xml;charset=utf-8,%3Csvg xmlns%3D&#039;http%3A%2F%2Fwww.w3.org%2F2000%2Fsvg&#039; viewBox%3D&#039;0 0 1080 1080&#039;%2F%3E\" width=\"1080\" height=\"1080\" alt=\"Radio IMER\" data-srcset=\"https:\/\/www.imer.mx\/opus\/wp-content\/uploads\/sites\/13\/Azul-ID-Sitio-Web-IMER_OK-2.jpg 1080w\" data-src=\"https:\/\/www.imer.mx\/opus\/wp-content\/uploads\/sites\/13\/Azul-ID-Sitio-Web-IMER_OK-2.jpg\" \/><\/a><\/div><div class=\"shortcode-teaser-content text-small\"><h5>Radio IMER<\/h5>\n<p>XHEMIT 94.9 FM<br \/>\nMultiperfil \/ Noticias.<\/p>\n<p>Comit\u00e1n de Dom\u00ednguez, Chiapas.<\/p>\n<p><a href=\"https:\/\/www.imer.mx\/radioimer\" target=\"_blank\" rel=\"noopener noreferrer\">www.imer.mx\/radioimer<\/a><\/p>\n<\/div><\/section>[\/vc_column][vc_column width=&#8221;1\/4&#8243;]<section class=\"shortcode-teaser img-full frame-fancy frame-on fadeIn animate-element\"><div class=\"shortcode-teaser-img\"><a class=\"layzr-bg rollover\" href=\"https:\/\/www.imer.mx\/radiolagarto\/\" target=\"_blank\"><img loading=\"lazy\" decoding=\"async\" class=\"lazy-load\" src=\"data:image\/svg+xml;charset=utf-8,%3Csvg xmlns%3D&#039;http%3A%2F%2Fwww.w3.org%2F2000%2Fsvg&#039; viewBox%3D&#039;0 0 1080 1080&#039;%2F%3E\" width=\"1080\" height=\"1080\" alt=\"Radio Lagarto\" data-srcset=\"https:\/\/www.imer.mx\/opus\/wp-content\/uploads\/sites\/13\/Azul-ID-Sitio-Web-IMER_OK-5.jpg 1080w\" data-src=\"https:\/\/www.imer.mx\/opus\/wp-content\/uploads\/sites\/13\/Azul-ID-Sitio-Web-IMER_OK-5.jpg\" \/><\/a><\/div><div class=\"shortcode-teaser-content text-small\"><h5>Radio Lagarto<\/h5>\n<p>XHCHZ, 107.9 FM<br \/>\nMultiperfil \/ Noticias.<\/p>\n<p>Chiapa de Corzo, Chiapas.<\/p>\n<p><a href=\"https:\/\/www.imer.mx\/radiolagarto\" target=\"_blank\" rel=\"noopener noreferrer\">www.imer.mx\/radiolagarto <\/a><\/p>\n<\/div><\/section>[\/vc_column][vc_column width=&#8221;1\/4&#8243;]<section class=\"shortcode-teaser img-full frame-fancy frame-on fadeIn animate-element\"><div class=\"shortcode-teaser-img\"><a class=\"layzr-bg rollover\" href=\"https:\/\/www.imer.mx\/rmi\/\" target=\"_blank\"><img loading=\"lazy\" decoding=\"async\" class=\"lazy-load\" src=\"data:image\/svg+xml;charset=utf-8,%3Csvg xmlns%3D&#039;http%3A%2F%2Fwww.w3.org%2F2000%2Fsvg&#039; viewBox%3D&#039;0 0 1080 1080&#039;%2F%3E\" width=\"1080\" height=\"1080\" alt=\"Radio M\u00e9xico Internacional\" data-srcset=\"https:\/\/www.imer.mx\/opus\/wp-content\/uploads\/sites\/13\/RMI-ID-Sitio-Web-IMER_OK.jpg 1080w\" data-src=\"https:\/\/www.imer.mx\/opus\/wp-content\/uploads\/sites\/13\/RMI-ID-Sitio-Web-IMER_OK.jpg\" \/><\/a><\/div><div class=\"shortcode-teaser-content text-small\"><h5>Radio M\u00e9xico Internacional<\/h5>\n<p>Emisora virtual por Internet<br \/>\nM\u00fasica tradicional\u00a0y de fusi\u00f3n.<br \/>\nDesde la Ciudad de M\u00e9xico.<\/p>\n<p><a href=\"https:\/\/www.imer.mx\/rmi\" target=\"_blank\" rel=\"noopener noreferrer\">www.imer.mx\/rmi<\/a><\/p>\n<\/div><\/section>[\/vc_column][vc_column width=&#8221;1\/4&#8243;]<section class=\"shortcode-teaser img-full frame-fancy frame-on fadeIn animate-element\"><div class=\"shortcode-teaser-img\"><a class=\"layzr-bg rollover\" href=\"https:\/\/www.imer.mx\/reactor\/\" target=\"_blank\"><img loading=\"lazy\" decoding=\"async\" class=\"lazy-load\" src=\"data:image\/svg+xml;charset=utf-8,%3Csvg xmlns%3D&#039;http%3A%2F%2Fwww.w3.org%2F2000%2Fsvg&#039; viewBox%3D&#039;0 0 1080 1080&#039;%2F%3E\" width=\"1080\" height=\"1080\" alt=\"Reactor\" data-srcset=\"https:\/\/www.imer.mx\/opus\/wp-content\/uploads\/sites\/13\/Reactor-ID-Sitio-Web-IMER_OK.jpg 1080w\" data-src=\"https:\/\/www.imer.mx\/opus\/wp-content\/uploads\/sites\/13\/Reactor-ID-Sitio-Web-IMER_OK.jpg\" \/><\/a><\/div><div class=\"shortcode-teaser-content text-small\"><h5>Reactor<\/h5>\n<p>XHOF, 105.7 FM<br \/>\nRock en ingl\u00e9s y espa\u00f1ol.<\/p>\n<p>Ciudad de M\u00e9xico.<\/p>\n<p><a href=\"https:\/\/www.imer.mx\/reactor\" target=\"_blank\" rel=\"noopener noreferrer\">www.imer.mx\/reactor<\/a><\/p>\n<\/div><\/section>[\/vc_column][\/vc_row][vc_row][vc_column][vc_empty_space height=&#8221;22px&#8221;][\/vc_column][\/vc_row][vc_row][vc_column width=&#8221;1\/4&#8243;]<section class=\"shortcode-teaser img-full frame-fancy frame-on fadeIn animate-element\"><div class=\"shortcode-teaser-img\"><a class=\"layzr-bg rollover\" href=\"https:\/\/www.imer.mx\/tropicalisima\/\" target=\"_blank\"><img loading=\"lazy\" decoding=\"async\" class=\"lazy-load\" src=\"data:image\/svg+xml;charset=utf-8,%3Csvg xmlns%3D&#039;http%3A%2F%2Fwww.w3.org%2F2000%2Fsvg&#039; viewBox%3D&#039;0 0 1080 1080&#039;%2F%3E\" width=\"1080\" height=\"1080\" alt=\"Tropical\u00edsima\" data-srcset=\"https:\/\/www.imer.mx\/opus\/wp-content\/uploads\/sites\/13\/Tropi-ID-Sitio-Web-IMER_OK.jpg 1080w\" data-src=\"https:\/\/www.imer.mx\/opus\/wp-content\/uploads\/sites\/13\/Tropi-ID-Sitio-Web-IMER_OK.jpg\" \/><\/a><\/div><div class=\"shortcode-teaser-content text-small\"><h5>Tropical\u00edsima<\/h5>\n<p>XEQK, 660 AM<br \/>\nSalsa \/ cumbia \/ merengue.<\/p>\n<p>Ciudad de M\u00e9xico.<\/p>\n<p><a href=\"https:\/\/www.imer.mx\/tropicalisima\" target=\"_blank\" rel=\"noopener noreferrer\">www.imer.mx\/tropicalisima<\/a><\/p>\n<\/div><\/section>[\/vc_column][vc_column width=&#8221;1\/4&#8243;]<section class=\"shortcode-teaser img-full frame-fancy frame-on fadeIn animate-element\"><div class=\"shortcode-teaser-img\"><a class=\"layzr-bg rollover\" href=\"https:\/\/www.imer.mx\/xeb\/\" target=\"_blank\"><img loading=\"lazy\" decoding=\"async\" class=\"lazy-load\" src=\"data:image\/svg+xml;charset=utf-8,%3Csvg xmlns%3D&#039;http%3A%2F%2Fwww.w3.org%2F2000%2Fsvg&#039; viewBox%3D&#039;0 0 1080 1080&#039;%2F%3E\" width=\"1080\" height=\"1080\" alt=\"La B Grande de M\u00e9xico\" data-srcset=\"https:\/\/www.imer.mx\/opus\/wp-content\/uploads\/sites\/13\/xeb-ID-Sitio-Web-IMER_OK.png 1080w\" data-src=\"https:\/\/www.imer.mx\/opus\/wp-content\/uploads\/sites\/13\/xeb-ID-Sitio-Web-IMER_OK.png\" \/><\/a><\/div><div class=\"shortcode-teaser-content text-small\"><h5>La B Grande de M\u00e9xico<\/h5>\n<p>XEB, 1220 AM<br \/>\nBolero \/ balada en espa\u00f1ol.<\/p>\n<p>Ciudad de M\u00e9xico.<\/p>\n<p><a href=\"https:\/\/www.imer.mx\/xeb\" target=\"_blank\" rel=\"noopener noreferrer\">www.imer.mx\/xeb<\/a><\/p>\n<\/div><\/section>[\/vc_column][vc_column width=&#8221;1\/4&#8243;]<section class=\"shortcode-teaser img-full frame-fancy frame-on fadeIn animate-element\"><div class=\"shortcode-teaser-img\"><a class=\"layzr-bg rollover\" href=\"https:\/\/www.imer.mx\/yucatanfm\/\" target=\"_blank\"><img loading=\"lazy\" decoding=\"async\" class=\"lazy-load\" src=\"data:image\/svg+xml;charset=utf-8,%3Csvg xmlns%3D&#039;http%3A%2F%2Fwww.w3.org%2F2000%2Fsvg&#039; viewBox%3D&#039;0 0 1080 1080&#039;%2F%3E\" width=\"1080\" height=\"1080\" alt=\"Yucat\u00e1n FM\" data-srcset=\"https:\/\/www.imer.mx\/opus\/wp-content\/uploads\/sites\/13\/YucatanfmID-Sitio-Web-IMER_OK-6.jpg 1080w\" data-src=\"https:\/\/www.imer.mx\/opus\/wp-content\/uploads\/sites\/13\/YucatanfmID-Sitio-Web-IMER_OK-6.jpg\" \/><\/a><\/div><div class=\"shortcode-teaser-content text-small\"><h5>Yucat\u00e1n FM<\/h5>\n<p>XHYUC, 92.9 FM<br \/>\nM\u00fasica regional.<\/p>\n<p>M\u00e9rida, Yucat\u00e1n.<\/p>\n<p><a href=\"https:\/\/www.imer.mx\/yucatanfm\" target=\"_blank\" rel=\"noopener noreferrer\">www.imer.mx\/yucatanfm<\/a><\/p>\n<\/div><\/section>[\/vc_column][vc_column width=&#8221;1\/4&#8243;][\/vc_column][\/vc_row][vc_row][vc_column][vc_empty_space height=&#8221;22px&#8221;][\/vc_column][\/vc_row][vc_row][vc_column][vc_empty_space height=&#8221;22px&#8221;][\/vc_column][\/vc_row]<\/p>\n<\/div>","protected":false},"excerpt":{"rendered":"<p>[vc_row][vc_column width=&#8221;1\/4&#8243;][\/vc_column][vc_column width=&#8221;1\/4&#8243;][\/vc_column][vc_column width=&#8221;1\/4&#8243;][\/vc_column][vc_column width=&#8221;1\/4&#8243;][\/vc_column][\/vc_row][vc_row][vc_column][vc_empty_space height=&#8221;22px&#8221;][\/vc_column][\/vc_row][vc_row][vc_column width=&#8221;1\/4&#8243;][\/vc_column][vc_column width=&#8221;1\/4&#8243;][\/vc_column][vc_column width=&#8221;1\/4&#8243;][\/vc_column][vc_column width=&#8221;1\/4&#8243;][\/vc_column][\/vc_row][vc_row][vc_column][vc_empty_space height=&#8221;22px&#8221;][\/vc_column][\/vc_row][vc_row][vc_column width=&#8221;1\/4&#8243;][\/vc_column][vc_column width=&#8221;1\/4&#8243;][\/vc_column][vc_column width=&#8221;1\/4&#8243;][\/vc_column][vc_column width=&#8221;1\/4&#8243;][\/vc_column][\/vc_row][vc_row][vc_column][vc_empty_space height=&#8221;22px&#8221;][\/vc_column][\/vc_row][vc_row][vc_column width=&#8221;1\/4&#8243;][\/vc_column][vc_column width=&#8221;1\/4&#8243;][\/vc_column][vc_column width=&#8221;1\/4&#8243;][\/vc_column][vc_column width=&#8221;1\/4&#8243;][\/vc_column][\/vc_row][vc_row][vc_column][vc_empty_space height=&#8221;22px&#8221;][\/vc_column][\/vc_row][vc_row][vc_column width=&#8221;1\/4&#8243;][\/vc_column][vc_column width=&#8221;1\/4&#8243;][\/vc_column][vc_column width=&#8221;1\/4&#8243;][\/vc_column][vc_column width=&#8221;1\/4&#8243;][\/vc_column][\/vc_row][vc_row][vc_column][vc_empty_space height=&#8221;22px&#8221;][\/vc_column][\/vc_row][vc_row][vc_column][vc_empty_space height=&#8221;22px&#8221;][\/vc_column][\/vc_row]<\/p>\n","protected":false},"author":1,"featured_media":0,"parent":0,"menu_order":0,"comment_status":"closed","ping_status":"closed","template":"","meta":{"wp_popup_display_lightbox":0,"wp_popup_suppress":"","wp_popup_trigger":"","wp_popup_trigger_amount":0,"wp_popup_disable_on_mobile":false,"footnotes":""},"class_list":["post-60476","page","type-page","status-publish","hentry","description-off"],"_links":{"self":[{"href":"https:\/\/www.imer.mx\/opus\/wp-json\/wp\/v2\/pages\/60476","targetHints":{"allow":["GET"]}}],"collection":[{"href":"https:\/\/www.imer.mx\/opus\/wp-json\/wp\/v2\/pages"}],"about":[{"href":"https:\/\/www.imer.mx\/opus\/wp-json\/wp\/v2\/types\/page"}],"author":[{"embeddable":true,"href":"https:\/\/www.imer.mx\/opus\/wp-json\/wp\/v2\/users\/1"}],"replies":[{"embeddable":true,"href":"https:\/\/www.imer.mx\/opus\/wp-json\/wp\/v2\/comments?post=60476"}],"version-history":[{"count":0,"href":"https:\/\/www.imer.mx\/opus\/wp-json\/wp\/v2\/pages\/60476\/revisions"}],"wp:attachment":[{"href":"https:\/\/www.imer.mx\/opus\/wp-json\/wp\/v2\/media?parent=60476"}],"curies":[{"name":"wp","href":"https:\/\/api.w.org\/{rel}","templated":true}]}}