{"id":50191,"date":"2023-08-29T14:41:24","date_gmt":"2023-08-29T20:41:24","guid":{"rendered":"https:\/\/www.imer.mx\/opus\/?page_id=50191"},"modified":"2023-09-12T11:46:19","modified_gmt":"2023-09-12T17:46:19","slug":"letras-mexicanas","status":"publish","type":"page","link":"https:\/\/www.imer.mx\/opus\/letras-mexicanas\/","title":{"rendered":"Letras mexicanas"},"content":{"rendered":"<h2>Opus 94 presenta :<\/h2>\n<h2>LETRAS MEXICANAS<\/h2>\n<p>\t\t\t\t\t\t\t\t\t\t\t\t\t\t\t<img decoding=\"async\" width=\"800\" height=\"450\" src=\"https:\/\/www.imer.mx\/opus\/wp-content\/uploads\/sites\/13\/MEX-1024x576.jpg\" alt=\"\" loading=\"lazy\" \/>\t\t\t\t\t\t\t\t\t\t\t\t\t\t\t<\/p>\n<h2>Programaci\u00f3n especial<\/h2>\n<h2>Septiembre<br \/>6 Sal\u00f3n de la poes\u00eda mexicana Aura Vidales. 17 horas<br \/>8 Concierto Mexicanas presentado por Ensamble J\u00b4adore. 16 horas<\/h2>\n<h2>Programa Ensamble J\u00b4Adore<br \/>B\u00e9same mucho<br \/>Perfume de gardenias<br \/>Jarabe tapat\u00edo<br \/>Dios nunca muere<br \/>Nereidas<br \/>El triste<br \/>Disfruto<br \/>Hasta la ra\u00edz<br \/>Eres<\/p>\n<p>Alineaci\u00f3n:<br \/>Sarahi Martiarena<br \/>\nAlicia Hern\u00e1ndez<br \/>\nDaninisa Borislova<br \/>\nDulce Capilla<br \/>\nHortencia Fuentes Guillen<br \/>\nYoli Moreno<\/h2>\n<p>\t\t\t\t\t\t\t\t\t\t\t\t\t\t\t<img decoding=\"async\" width=\"756\" height=\"756\" src=\"https:\/\/www.imer.mx\/opus\/wp-content\/uploads\/sites\/13\/Mexicanas-8-septiembre.jpg\" alt=\"\" loading=\"lazy\" \/>\t\t\t\t\t\t\t\t\t\t\t\t\t\t\t<\/p>\n<h2>Septiembre<br \/>14 Concierto Conservadores y liberales, 16 horas<br \/>M\u00fasica mexicana del siglo XIX<\/h2>\n<p>\t\t\t\t\t\t\t\t\t\t\t\t\t\t\t<img decoding=\"async\" width=\"756\" height=\"756\" src=\"https:\/\/www.imer.mx\/opus\/wp-content\/uploads\/sites\/13\/CONSERVADORES.jpg\" alt=\"\" loading=\"lazy\" \/>\t\t\t\t\t\t\t\t\t\t\t\t\t\t\t<\/p>\n<h2>Presentamos durante septiembre, el primer Festival de Poes\u00eda Manuel Andrade 2023<\/h2>\n<p>\t\t\t\t\t\t\t\t\t\t\t\t\t\t\t<img decoding=\"async\" width=\"756\" height=\"756\" src=\"https:\/\/www.imer.mx\/opus\/wp-content\/uploads\/sites\/13\/Especiales-septiembre.jpg\" alt=\"\" loading=\"lazy\" \/>\t\t\t\t\t\t\t\t\t\t\t\t\t\t\t<\/p>\n<p>C\u00e1psula Mujeres j\u00f3venes compositoras<\/p>\n<p>Nur Slim<\/p>\n<p>Testimonio documental de esta compositora en la que se muestra su perspectiva acerca de los retos que enfrenta la mujer en el mundo de la composici\u00f3n, espec\u00edficamente en nuestro pa\u00eds, pero tambi\u00e9n de lo muros derribados y sus logros.<\/p>\n<p>\t\t\t\t\t\t\t\t\t\t\t\t\t\t\t<img decoding=\"async\" src=\"https:\/\/www.imer.mx\/opus\/wp-content\/uploads\/sites\/13\/elementor\/thumbs\/Nur-slim-min-p3n4dn0j5dyh2fxhfkh1n818vy20dzvhoivzve09g0.jpg\" title=\"Nur slim min\" alt=\"Nur slim min\" loading=\"lazy\" \/><br \/>\n\t\t\t\t\t\t\t\t\t\t\t\t\t\t\t<img decoding=\"async\" width=\"800\" height=\"450\" src=\"https:\/\/www.imer.mx\/opus\/wp-content\/uploads\/sites\/13\/MEX-8-1024x576.jpg\" alt=\"\" loading=\"lazy\" \/><\/p>\n","protected":false},"excerpt":{"rendered":"<p>Opus 94 presenta : LETRAS MEXICANAS Programaci\u00f3n especial Septiembre6 Sal\u00f3n de la poes\u00eda mexicana Aura Vidales. 17 horas8 Concierto Mexicanas presentado por Ensamble J\u00b4adore. 16 horas Programa Ensamble J\u00b4AdoreB\u00e9same muchoPerfume de gardeniasJarabe tapat\u00edoDios nunca muereNereidasEl tristeDisfrutoHasta la ra\u00edzEres Alineaci\u00f3n:Sarahi Martiarena Alicia Hern\u00e1ndez Daninisa Borislova Dulce Capilla Hortencia Fuentes Guillen Yoli Moreno Septiembre14 Concierto Conservadores y&hellip;<\/p>\n","protected":false},"author":187,"featured_media":0,"parent":0,"menu_order":0,"comment_status":"closed","ping_status":"closed","template":"","meta":{"wp_popup_display_lightbox":0,"wp_popup_suppress":"","wp_popup_trigger":"","wp_popup_trigger_amount":0,"wp_popup_disable_on_mobile":false,"footnotes":""},"class_list":["post-50191","page","type-page","status-publish","hentry","description-off"],"_links":{"self":[{"href":"https:\/\/www.imer.mx\/opus\/wp-json\/wp\/v2\/pages\/50191","targetHints":{"allow":["GET"]}}],"collection":[{"href":"https:\/\/www.imer.mx\/opus\/wp-json\/wp\/v2\/pages"}],"about":[{"href":"https:\/\/www.imer.mx\/opus\/wp-json\/wp\/v2\/types\/page"}],"author":[{"embeddable":true,"href":"https:\/\/www.imer.mx\/opus\/wp-json\/wp\/v2\/users\/187"}],"replies":[{"embeddable":true,"href":"https:\/\/www.imer.mx\/opus\/wp-json\/wp\/v2\/comments?post=50191"}],"version-history":[{"count":0,"href":"https:\/\/www.imer.mx\/opus\/wp-json\/wp\/v2\/pages\/50191\/revisions"}],"wp:attachment":[{"href":"https:\/\/www.imer.mx\/opus\/wp-json\/wp\/v2\/media?parent=50191"}],"curies":[{"name":"wp","href":"https:\/\/api.w.org\/{rel}","templated":true}]}}