{"id":3769,"date":"2013-02-05T15:49:04","date_gmt":"2013-02-05T21:49:04","guid":{"rendered":"http:\/\/opus.imer.gob.mx\/?page_id=3769"},"modified":"2016-06-20T13:46:49","modified_gmt":"2016-06-20T18:46:49","slug":"tony-rios","status":"publish","type":"page","link":"https:\/\/www.imer.mx\/opus\/colaboradores-y-locutores\/tony-rios\/","title":{"rendered":"Antonio Barberena"},"content":{"rendered":"<p>&nbsp;<\/p>\n<p><img loading=\"lazy\" decoding=\"async\" class=\"alignnone size-medium wp-image-9918\" src=\"https:\/\/www.imer.mx\/opus\/wp-content\/uploads\/sites\/13\/Barberena2-267x300.jpg\" alt=\"Barberena2\" width=\"267\" height=\"300\" srcset=\"https:\/\/www.imer.mx\/opus\/wp-content\/uploads\/sites\/13\/Barberena2-267x300.jpg 267w, https:\/\/www.imer.mx\/opus\/wp-content\/uploads\/sites\/13\/Barberena2-768x862.jpg 768w, https:\/\/www.imer.mx\/opus\/wp-content\/uploads\/sites\/13\/Barberena2-913x1024.jpg 913w, https:\/\/www.imer.mx\/opus\/wp-content\/uploads\/sites\/13\/Barberena2.jpg 1000w\" sizes=\"auto, (max-width: 267px) 100vw, 267px\" \/><\/p>\n<p>Antonio Barberena, acordeonista y productor independiente.<\/p>\n<p>Naci\u00f3 en la ciudad de M\u00e9xico.\u00a0 Acordeonista desde su ni\u00f1ez, realiz\u00f3 sus estudios musicales con el maestro italiano Sergio Rizzardi, quien lo llev\u00f3 por el mundo del acorde\u00f3n crom\u00e1tico de concierto.\u00a0 A lo largo de 30 a\u00f1os de carrera, se ha presentado en pa\u00edses de Norte, Centro y Sudam\u00e9rica, el Caribe y Europa.\u00a0 En M\u00e9xico lo ha hecho en casi todas las salas de concierto, festivales, programas de radio y televisi\u00f3n y su m\u00fasica se ha escuchado en pel\u00edculas y documentales.\u00a0 Tiene en su haber 7 discos de acorde\u00f3n cl\u00e1sico y m\u00e1s de 10 en colaboraciones.\u00a0 Su repertorio abarca de la m\u00fasica antigua hasta la contempor\u00e1nea, especializ\u00e1ndose en m\u00fasica mexicana del siglo XIX.\u00a0 Escritor e investigador de temas musicales e hist\u00f3ricos de M\u00e9xico, ofrece conferencias como ponente en instituciones culturales. Actualmente es conductor del programa &#8220;Acordeorama&#8221; que se transmite los viernes de 19:00 a 20:00 horas.<\/p>\n","protected":false},"excerpt":{"rendered":"<p>&nbsp; Antonio Barberena, acordeonista y productor independiente. Naci\u00f3 en la ciudad de M\u00e9xico.\u00a0 Acordeonista desde su ni\u00f1ez, realiz\u00f3 sus estudios musicales con el maestro italiano Sergio Rizzardi, quien lo llev\u00f3 por el mundo del acorde\u00f3n crom\u00e1tico de concierto.\u00a0 A lo largo de 30 a\u00f1os de carrera, se ha presentado en pa\u00edses de Norte, Centro y&hellip;<\/p>\n","protected":false},"author":1,"featured_media":0,"parent":1826,"menu_order":0,"comment_status":"closed","ping_status":"closed","template":"","meta":{"wp_popup_display_lightbox":0,"wp_popup_suppress":"","wp_popup_trigger":"","wp_popup_trigger_amount":0,"wp_popup_disable_on_mobile":false,"footnotes":""},"class_list":["post-3769","page","type-page","status-publish","hentry","description-off"],"_links":{"self":[{"href":"https:\/\/www.imer.mx\/opus\/wp-json\/wp\/v2\/pages\/3769","targetHints":{"allow":["GET"]}}],"collection":[{"href":"https:\/\/www.imer.mx\/opus\/wp-json\/wp\/v2\/pages"}],"about":[{"href":"https:\/\/www.imer.mx\/opus\/wp-json\/wp\/v2\/types\/page"}],"author":[{"embeddable":true,"href":"https:\/\/www.imer.mx\/opus\/wp-json\/wp\/v2\/users\/1"}],"replies":[{"embeddable":true,"href":"https:\/\/www.imer.mx\/opus\/wp-json\/wp\/v2\/comments?post=3769"}],"version-history":[{"count":0,"href":"https:\/\/www.imer.mx\/opus\/wp-json\/wp\/v2\/pages\/3769\/revisions"}],"up":[{"embeddable":true,"href":"https:\/\/www.imer.mx\/opus\/wp-json\/wp\/v2\/pages\/1826"}],"wp:attachment":[{"href":"https:\/\/www.imer.mx\/opus\/wp-json\/wp\/v2\/media?parent=3769"}],"curies":[{"name":"wp","href":"https:\/\/api.w.org\/{rel}","templated":true}]}}