{"id":19391,"date":"2021-02-16T01:36:54","date_gmt":"2021-02-16T07:36:54","guid":{"rendered":"https:\/\/www.imer.mx\/opus\/?page_id=19391"},"modified":"2021-02-16T01:42:09","modified_gmt":"2021-02-16T07:42:09","slug":"alejandro-escuer","status":"publish","type":"page","link":"https:\/\/www.imer.mx\/opus\/colaboradores-y-locutores-2\/alejandro-escuer\/","title":{"rendered":"Alejandro Escuer"},"content":{"rendered":"<p><img decoding=\"async\" src=\"https:\/\/www.imer.mx\/opus\/wp-content\/uploads\/sites\/13\/elementor\/thumbs\/Alejandro-Escuer-Rec-min-p2xt8erx94c5wzpczgx4a2t4a5clgjhfhb4yz570e0.png\" title=\"Alejandro Escuer Rec -min\" alt=\"Alejandro Escuer Rec -min\" \/>\t\t\t\t\t\t\t\t\t\t\t<\/p>\n<p>Alejandro Escuer es un m\u00fasico y artista multidisciplinario mexicano dedicado\u00a0 a la interpretaci\u00f3n, a la creaci\u00f3n, a la improvisaci\u00f3n y al impulso de proyectos art\u00edsticos donde la m\u00fasica se combina con otras artes y campos de conocimiento. Sus proyectos actualmente se han distinguido por incorporar la sociolog\u00eda, la fotograf\u00eda, el dise\u00f1o, la pintura y el arte sonoro a la interpretaci\u00f3n musical tradicional. Escuer se ha especializado en las t\u00e9cnicas contempor\u00e1neas de interpretaci\u00f3n y ha introducido a M\u00e9xico la flauta contrabajo, la flauta subcontrabajo, adem\u00e1s de una embocadura microtonal especialmente construida para \u00e9l. Su trayectoria le ha valido cr\u00edticas halagadoras provenientes de personalidades y revistas como S. Conley, director de arte de la revista TIME, Classical Music Review, American Record Guide, New Music Conoisseur, Robert Dick\u2014quien lo califica como uno de los m\u00e1s grandes y m\u00e1s creativos int\u00e9rpretes de la actualidad. El propio Karlheinz Stockhausen de pu\u00f1o y letra le escribi\u00f3:\u00a0<em>Alejadas de lo ordinario, tu m\u00fasica e interpretaciones se caracterizan por una gran emotividad y belleza<\/em>. Entre los premios y reconocimientos que ha recibido Alejandro Escuer destacan: Creador Esc\u00e9nico con Trayectoria 2011-13 (FONCA-CONACULTA), Rockefeller Foundation Award, Fulbright Garc\u00eda Robles para estancia postdoctoral, primer premio de interpretaci\u00f3n del Instituto Nacional de Bellas Artes; m\u00e1s de diez premios, becas y reconocimientos por parte del Fondo Nacional para la Cultura y las Artes de M\u00e9xico, entre otros. Escuer ha dado numerosos conciertos en Europa, Asia, Latinoam\u00e9rica, Estados Unidos y Canad\u00e1. Adem\u00e1s del Maestro Escuer, el programa contar\u00e1 con asesores e invitados externos que contribuyan a la investigaci\u00f3n necesaria para el desarrollo de la serie.<\/p>\n<h2>Conduce<\/h2>\n<h2>&#8211; M\u00fasica por descubrir<\/h2>\n","protected":false},"excerpt":{"rendered":"<p>Alejandro Escuer es un m\u00fasico y artista multidisciplinario mexicano dedicado\u00a0 a la interpretaci\u00f3n, a la creaci\u00f3n, a la improvisaci\u00f3n y al impulso de proyectos art\u00edsticos donde la m\u00fasica se combina con otras artes y campos de conocimiento. Sus proyectos actualmente se han distinguido por incorporar la sociolog\u00eda, la fotograf\u00eda, el dise\u00f1o, la pintura y el&hellip;<\/p>\n","protected":false},"author":184,"featured_media":0,"parent":18759,"menu_order":0,"comment_status":"closed","ping_status":"closed","template":"","meta":{"wp_popup_display_lightbox":0,"wp_popup_suppress":"","wp_popup_trigger":"","wp_popup_trigger_amount":0,"wp_popup_disable_on_mobile":false,"footnotes":""},"class_list":["post-19391","page","type-page","status-publish","hentry","description-off"],"_links":{"self":[{"href":"https:\/\/www.imer.mx\/opus\/wp-json\/wp\/v2\/pages\/19391","targetHints":{"allow":["GET"]}}],"collection":[{"href":"https:\/\/www.imer.mx\/opus\/wp-json\/wp\/v2\/pages"}],"about":[{"href":"https:\/\/www.imer.mx\/opus\/wp-json\/wp\/v2\/types\/page"}],"author":[{"embeddable":true,"href":"https:\/\/www.imer.mx\/opus\/wp-json\/wp\/v2\/users\/184"}],"replies":[{"embeddable":true,"href":"https:\/\/www.imer.mx\/opus\/wp-json\/wp\/v2\/comments?post=19391"}],"version-history":[{"count":0,"href":"https:\/\/www.imer.mx\/opus\/wp-json\/wp\/v2\/pages\/19391\/revisions"}],"up":[{"embeddable":true,"href":"https:\/\/www.imer.mx\/opus\/wp-json\/wp\/v2\/pages\/18759"}],"wp:attachment":[{"href":"https:\/\/www.imer.mx\/opus\/wp-json\/wp\/v2\/media?parent=19391"}],"curies":[{"name":"wp","href":"https:\/\/api.w.org\/{rel}","templated":true}]}}

<p><img decoding="async" src="https://www.imer.mx/opus/wp-content/uploads/sites/13/elementor/thumbs/Alejandro-Escuer-Rec-min-p2xt8erx94c5wzpczgx4a2t4a5clgjhfhb4yz570e0.png" title="Alejandro Escuer Rec -min" alt="Alejandro Escuer Rec -min" />											</p>
<p>Alejandro Escuer es un músico y artista multidisciplinario mexicano dedicado  a la interpretación, a la creación, a la improvisación y al impulso de proyectos artísticos donde la música se combina con otras artes y campos de conocimiento. Sus proyectos actualmente se han distinguido por incorporar la sociología, la fotografía, el diseño, la pintura y el arte sonoro a la interpretación musical tradicional. Escuer se ha especializado en las técnicas contemporáneas de interpretación y ha introducido a México la flauta contrabajo, la flauta subcontrabajo, además de una embocadura microtonal especialmente construida para él. Su trayectoria le ha valido críticas halagadoras provenientes de personalidades y revistas como S. Conley, director de arte de la revista TIME, Classical Music Review, American Record Guide, New Music Conoisseur, Robert Dick—quien lo califica como uno de los más grandes y más creativos intérpretes de la actualidad. El propio Karlheinz Stockhausen de puño y letra le escribió: <em>Alejadas de lo ordinario, tu música e interpretaciones se caracterizan por una gran emotividad y belleza</em>. Entre los premios y reconocimientos que ha recibido Alejandro Escuer destacan: Creador Escénico con Trayectoria 2011-13 (FONCA-CONACULTA), Rockefeller Foundation Award, Fulbright García Robles para estancia postdoctoral, primer premio de interpretación del Instituto Nacional de Bellas Artes; más de diez premios, becas y reconocimientos por parte del Fondo Nacional para la Cultura y las Artes de México, entre otros. Escuer ha dado numerosos conciertos en Europa, Asia, Latinoamérica, Estados Unidos y Canadá. Además del Maestro Escuer, el programa contará con asesores e invitados externos que contribuyan a la investigación necesaria para el desarrollo de la serie.</p>
<h2>Conduce</h2>
<h2>&#8211; Música por descubrir</h2>

<p>Alejandro Escuer es un músico y artista multidisciplinario mexicano dedicado  a la interpretación, a la creación, a la improvisación y al impulso de proyectos artísticos donde la música se combina con otras artes y campos de conocimiento. Sus proyectos actualmente se han distinguido por incorporar la sociología, la fotografía, el diseño, la pintura y el&hellip;</p>
