{"id":19169,"date":"2021-02-14T20:35:53","date_gmt":"2021-02-15T02:35:53","guid":{"rendered":"https:\/\/www.imer.mx\/opus\/?page_id=19169"},"modified":"2022-04-30T20:23:30","modified_gmt":"2022-05-01T01:23:30","slug":"sergio-vela","status":"publish","type":"page","link":"https:\/\/www.imer.mx\/opus\/colaboradores-y-locutores-2\/sergio-vela\/","title":{"rendered":"Sergio Vela"},"content":{"rendered":"<p><img decoding=\"async\" width=\"282\" height=\"300\" src=\"https:\/\/www.imer.mx\/opus\/wp-content\/uploads\/sites\/13\/Sergio-Vela-min-282x300.png\" alt=\"\" loading=\"lazy\" srcset=\"https:\/\/www.imer.mx\/opus\/wp-content\/uploads\/sites\/13\/Sergio-Vela-min-282x300.png 282w, https:\/\/www.imer.mx\/opus\/wp-content\/uploads\/sites\/13\/Sergio-Vela-min.png 500w\" sizes=\"auto, (max-width: 282px) 100vw, 282px\" \/>\t\t\t\t\t\t\t\t\t\t\t\t\t\t<\/p>\n<p>Naci\u00f3 en la Ciudad de M\u00e9xico en 1964, es un director de \u00f3pera, promotor art\u00edstico, dise\u00f1ador y m\u00fasico mexicano, adem\u00e1s de haber sido presidente del Consejo Nacional para la Cultura y las Artes desde 2006 hasta 2009.<\/p>\n<p>Estudi\u00f3 piano con H\u00e9ctor Rojas, canto con Mar\u00eda Julius, composici\u00f3n musical con Humberto Hern\u00e1ndez Medrano y direcci\u00f3n orquestal con Roswitha Heintze (Escuela Superior de M\u00fasica de Viena) y con Murry Sidlin en la Escuela de M\u00fasica de Aspen.<br \/>Es egresado cum laude de la Escuela Libre de Derecho, donde obtuvo el t\u00edtulo de abogado en abril de 1988. En la Escuela Libre de Derecho, desde 1989, ha sido catedr\u00e1tico del primer curso de Derecho Penal y del primer curso de Derecho Romano, y es profesor titular de la c\u00e1tedra de Historia General del Derecho.<\/p>\n<p>Ha dirigido y producido diversas producciones de \u00f3pera en el Palacio de Bellas Artes, Festival Internacional Cervantino, en la \u00d3pera de Virginia, en el Festival del Centro Hist\u00f3rico de la Ciudad de M\u00e9xico, en el Festival Internacional de M\u00fasica y Escena, en el Teatro Hel\u00e9nico, en el Festival Puccini de Torre del Lago (Italia), en el Festival Mozart de La Coru\u00f1a, en el Festival de Wexford de Irlanda, en el Teatro Espa\u00f1ol de Madrid, adem\u00e1s de diversos teatros alemanes e italianos.<br \/>Fue director de la \u00d3pera de Bellas Artes; de 1992 a 2000 fue director general del Festival Internacional Cervantino; fue Coordinador del programa cultural A\u00f1o 2000: del siglo XX al tercer milenio, es consejero art\u00edstico de la Academia de M\u00fasica del Palacio de Miner\u00eda y director art\u00edstico del Festival de M\u00fasica de Morelia. De 2001 a 2006 fue director general de M\u00fasica de la Universidad Nacional Aut\u00f3noma de M\u00e9xico.<\/p>\n<h2>Conduce<\/h2>\n<h2>&#8211; La \u00f3pera del MET<\/h2>\n<h2><a href=\"https:\/\/www.imer.mx\/opus\/pagina-la-opera-en-el-tiempo\/\" target=\"_blank\" rel=\"noopener\">&#8211; La \u00f3pera en el tiempo<\/a><\/h2>\n","protected":false},"excerpt":{"rendered":"<p>Naci\u00f3 en la Ciudad de M\u00e9xico en 1964, es un director de \u00f3pera, promotor art\u00edstico, dise\u00f1ador y m\u00fasico mexicano, adem\u00e1s de haber sido presidente del Consejo Nacional para la Cultura y las Artes desde 2006 hasta 2009. Estudi\u00f3 piano con H\u00e9ctor Rojas, canto con Mar\u00eda Julius, composici\u00f3n musical con Humberto Hern\u00e1ndez Medrano y direcci\u00f3n orquestal&hellip;<\/p>\n","protected":false},"author":184,"featured_media":0,"parent":18759,"menu_order":0,"comment_status":"closed","ping_status":"closed","template":"","meta":{"wp_popup_display_lightbox":0,"wp_popup_suppress":"","wp_popup_trigger":"","wp_popup_trigger_amount":0,"wp_popup_disable_on_mobile":false,"footnotes":""},"class_list":["post-19169","page","type-page","status-publish","hentry","description-off"],"_links":{"self":[{"href":"https:\/\/www.imer.mx\/opus\/wp-json\/wp\/v2\/pages\/19169","targetHints":{"allow":["GET"]}}],"collection":[{"href":"https:\/\/www.imer.mx\/opus\/wp-json\/wp\/v2\/pages"}],"about":[{"href":"https:\/\/www.imer.mx\/opus\/wp-json\/wp\/v2\/types\/page"}],"author":[{"embeddable":true,"href":"https:\/\/www.imer.mx\/opus\/wp-json\/wp\/v2\/users\/184"}],"replies":[{"embeddable":true,"href":"https:\/\/www.imer.mx\/opus\/wp-json\/wp\/v2\/comments?post=19169"}],"version-history":[{"count":0,"href":"https:\/\/www.imer.mx\/opus\/wp-json\/wp\/v2\/pages\/19169\/revisions"}],"up":[{"embeddable":true,"href":"https:\/\/www.imer.mx\/opus\/wp-json\/wp\/v2\/pages\/18759"}],"wp:attachment":[{"href":"https:\/\/www.imer.mx\/opus\/wp-json\/wp\/v2\/media?parent=19169"}],"curies":[{"name":"wp","href":"https:\/\/api.w.org\/{rel}","templated":true}]}}