{"id":807,"date":"2015-01-23T14:46:03","date_gmt":"2015-01-23T20:46:03","guid":{"rendered":"http:\/\/www.imer.mx\/homenajesonoro\/?page_id=807"},"modified":"2018-12-18T18:35:11","modified_gmt":"2018-12-19T00:35:11","slug":"juan-gelman","status":"publish","type":"page","link":"https:\/\/www.imer.mx\/micrositios\/juan-gelman\/","title":{"rendered":"Juan Gelman"},"content":{"rendered":"<div class=\"wpb-content-wrapper\"><p>[vc_row][vc_column][vc_single_image image=&#8221;26913&#8243; img_size=&#8221;full&#8221;][\/vc_column][\/vc_row][vc_row][vc_column width=&#8221;1\/2&#8243;][vc_column_text]<\/p>\n<div id=\"attachment_28207\" style=\"width: 350px\" class=\"wp-caption alignright\"><img loading=\"lazy\" decoding=\"async\" aria-describedby=\"caption-attachment-28207\" class=\" wp-image-28207\" src=\"https:\/\/www.imer.mx\/micrositios\/wp-content\/uploads\/sites\/49\/micrositio_juan_gelman_clarin-300x224.jpg\" alt=\"\" width=\"340\" height=\"254\" srcset=\"https:\/\/www.imer.mx\/micrositios\/wp-content\/uploads\/sites\/49\/micrositio_juan_gelman_clarin-300x224.jpg 300w, https:\/\/www.imer.mx\/micrositios\/wp-content\/uploads\/sites\/49\/micrositio_juan_gelman_clarin.jpg 695w\" sizes=\"auto, (max-width: 340px) 100vw, 340px\" \/><p id=\"caption-attachment-28207\" class=\"wp-caption-text\">Imagen: contenidos2.clarin.com<\/p><\/div>\n<p>El 3 de mayo de 1930 nace Juan Gelman, poeta, traductor y periodista argentino. Militante comunista y guerrillero, opositor de la dictadura de su pa\u00eds.<\/p>\n<p>Tras ser encarcelado en varias ocasiones se exilia en Roma, Madrid, Paris, Nueva York, Managua y finalmente en M\u00e9xico.[\/vc_column_text][\/vc_column][vc_column width=&#8221;1\/2&#8243;][vc_column_text]Trabaja para la UNESCO como traductor y en 1988, a la llegada de la democracia en Argentina, es indultado de los cargos que ten\u00eda y es considerado el gran poeta transgresor m\u00e1s importante de su generaci\u00f3n.<\/p>\n<p>Recibe m\u00e1s de treinta premios y reconocimientos internacionales, entre los que destacan el \u201cCervantes\u201d, el \u201cReina Sof\u00eda\u201d, el \u201cPablo Neruda\u201d y el \u201cJuan Rulfo\u201d.<\/p>\n<p>Sus temas son de una gran carga social y pol\u00edtica, asimismo aborda temas como el amor, la muerte, el exilio, los recuerdos y la derrota; escribe m\u00e1s de cuarenta libros entre los que destacan: \u201cGotan\u201d, \u201cEscritos urgentes\u201d, \u201cViol\u00edn y otras cuestiones\u201d y \u201cPoes\u00eda reunida\u201d. Los \u00faltimos a\u00f1os de su vida los vive en M\u00e9xico y muere el 14 de enero de 2014 a los 83 a\u00f1os.<\/p>\n<p>Te invitamos a escuchar los siguientes audios dedicados a la vida y obra de Juan Gelman.[\/vc_column_text][\/vc_column][\/vc_row][vc_row][vc_column][vc_column_text]Escucha la interesante semblanza de Juan Gelman y fragmentos de sus poemas en el programa \u201cPasajes literarios\u201d, transmitido en 1994.<\/p>\n<audio class=\"wp-audio-shortcode\" id=\"audio-807-1\" preload=\"none\" style=\"width: 100%;\" controls=\"controls\"><source type=\"audio\/mpeg\" src=\"https:\/\/www.imer.mx\/microsites\/wp-content\/uploads\/sites\/49\/juan_gelman.mp3?_=1\" \/><a href=\"https:\/\/www.imer.mx\/microsites\/wp-content\/uploads\/sites\/49\/juan_gelman.mp3\">https:\/\/www.imer.mx\/microsites\/wp-content\/uploads\/sites\/49\/juan_gelman.mp3<\/a><\/audio>\n<p>[\/vc_column_text][vc_empty_space height=&#8221;16px&#8221;][vc_column_text]Escucha a Juan Gelman hablar sobre su vida y obra en el programa de Daniel Viglietti, \u201cT\u00edmpano\u201d, transmitido en 2006.<\/p>\n<audio class=\"wp-audio-shortcode\" id=\"audio-807-2\" preload=\"none\" style=\"width: 100%;\" controls=\"controls\"><source type=\"audio\/mpeg\" src=\"https:\/\/www.imer.mx\/microsites\/wp-content\/uploads\/sites\/49\/micrositio_juan_gelman_fn16040042425_14ene2019.mp3?_=2\" \/><a href=\"https:\/\/www.imer.mx\/microsites\/wp-content\/uploads\/sites\/49\/micrositio_juan_gelman_fn16040042425_14ene2019.mp3\">https:\/\/www.imer.mx\/microsites\/wp-content\/uploads\/sites\/49\/micrositio_juan_gelman_fn16040042425_14ene2019.mp3<\/a><\/audio>\n<p>[\/vc_column_text][\/vc_column][\/vc_row]<\/p>\n<\/div>","protected":false},"excerpt":{"rendered":"<p>[vc_row][vc_column][vc_single_image image=&#8221;26913&#8243; img_size=&#8221;full&#8221;][\/vc_column][\/vc_row][vc_row][vc_column width=&#8221;1\/2&#8243;][vc_column_text] El 3 de mayo de 1930 nace Juan Gelman, poeta, traductor y periodista argentino. Militante comunista y guerrillero, opositor de la dictadura de su pa\u00eds. Tras ser encarcelado en varias ocasiones se exilia en Roma, Madrid, Paris, Nueva York, Managua y finalmente en M\u00e9xico.[\/vc_column_text][\/vc_column][vc_column width=&#8221;1\/2&#8243;][vc_column_text]Trabaja para la UNESCO como traductor y&hellip;<\/p>\n","protected":false},"author":1,"featured_media":0,"parent":0,"menu_order":0,"comment_status":"closed","ping_status":"open","template":"","meta":{"wp_popup_display_lightbox":0,"wp_popup_suppress":"","wp_popup_trigger":"","wp_popup_trigger_amount":0,"wp_popup_disable_on_mobile":false,"footnotes":""},"class_list":["post-807","page","type-page","status-publish","hentry","description-off"],"_links":{"self":[{"href":"https:\/\/www.imer.mx\/micrositios\/wp-json\/wp\/v2\/pages\/807","targetHints":{"allow":["GET"]}}],"collection":[{"href":"https:\/\/www.imer.mx\/micrositios\/wp-json\/wp\/v2\/pages"}],"about":[{"href":"https:\/\/www.imer.mx\/micrositios\/wp-json\/wp\/v2\/types\/page"}],"author":[{"embeddable":true,"href":"https:\/\/www.imer.mx\/micrositios\/wp-json\/wp\/v2\/users\/1"}],"replies":[{"embeddable":true,"href":"https:\/\/www.imer.mx\/micrositios\/wp-json\/wp\/v2\/comments?post=807"}],"version-history":[{"count":0,"href":"https:\/\/www.imer.mx\/micrositios\/wp-json\/wp\/v2\/pages\/807\/revisions"}],"wp:attachment":[{"href":"https:\/\/www.imer.mx\/micrositios\/wp-json\/wp\/v2\/media?parent=807"}],"curies":[{"name":"wp","href":"https:\/\/api.w.org\/{rel}","templated":true}]}}

<div class="wpb-content-wrapper"><p>[vc_row][vc_column][vc_single_image image=&#8221;26913&#8243; img_size=&#8221;full&#8221;][/vc_column][/vc_row][vc_row][vc_column width=&#8221;1/2&#8243;][vc_column_text]</p>
<div id="attachment_28207" style="width: 350px" class="wp-caption alignright"><img loading="lazy" decoding="async" aria-describedby="caption-attachment-28207" class=" wp-image-28207" src="https://www.imer.mx/micrositios/wp-content/uploads/sites/49/micrositio_juan_gelman_clarin-300x224.jpg" alt="" width="340" height="254" srcset="https://www.imer.mx/micrositios/wp-content/uploads/sites/49/micrositio_juan_gelman_clarin-300x224.jpg 300w, https://www.imer.mx/micrositios/wp-content/uploads/sites/49/micrositio_juan_gelman_clarin.jpg 695w" sizes="auto, (max-width: 340px) 100vw, 340px" /><p id="caption-attachment-28207" class="wp-caption-text">Imagen: contenidos2.clarin.com</p></div>
<p>El 3 de mayo de 1930 nace Juan Gelman, poeta, traductor y periodista argentino. Militante comunista y guerrillero, opositor de la dictadura de su país.</p>
<p>Tras ser encarcelado en varias ocasiones se exilia en Roma, Madrid, Paris, Nueva York, Managua y finalmente en México.[/vc_column_text][/vc_column][vc_column width=&#8221;1/2&#8243;][vc_column_text]Trabaja para la UNESCO como traductor y en 1988, a la llegada de la democracia en Argentina, es indultado de los cargos que tenía y es considerado el gran poeta transgresor más importante de su generación.</p>
<p>Recibe más de treinta premios y reconocimientos internacionales, entre los que destacan el “Cervantes”, el “Reina Sofía”, el “Pablo Neruda” y el “Juan Rulfo”.</p>
<p>Sus temas son de una gran carga social y política, asimismo aborda temas como el amor, la muerte, el exilio, los recuerdos y la derrota; escribe más de cuarenta libros entre los que destacan: “Gotan”, “Escritos urgentes”, “Violín y otras cuestiones” y “Poesía reunida”. Los últimos años de su vida los vive en México y muere el 14 de enero de 2014 a los 83 años.</p>
<p>Te invitamos a escuchar los siguientes audios dedicados a la vida y obra de Juan Gelman.[/vc_column_text][/vc_column][/vc_row][vc_row][vc_column][vc_column_text]Escucha la interesante semblanza de Juan Gelman y fragmentos de sus poemas en el programa “Pasajes literarios”, transmitido en 1994.</p>
<audio class="wp-audio-shortcode" id="audio-807-1" preload="none" style="width: 100%;" controls="controls"><source type="audio/mpeg" src="https://www.imer.mx/microsites/wp-content/uploads/sites/49/juan_gelman.mp3?_=1" /><a href="https://www.imer.mx/microsites/wp-content/uploads/sites/49/juan_gelman.mp3">https://www.imer.mx/microsites/wp-content/uploads/sites/49/juan_gelman.mp3</a></audio>
<p>[/vc_column_text][vc_empty_space height=&#8221;16px&#8221;][vc_column_text]Escucha a Juan Gelman hablar sobre su vida y obra en el programa de Daniel Viglietti, “Tímpano”, transmitido en 2006.</p>
<audio class="wp-audio-shortcode" id="audio-807-2" preload="none" style="width: 100%;" controls="controls"><source type="audio/mpeg" src="https://www.imer.mx/microsites/wp-content/uploads/sites/49/micrositio_juan_gelman_fn16040042425_14ene2019.mp3?_=2" /><a href="https://www.imer.mx/microsites/wp-content/uploads/sites/49/micrositio_juan_gelman_fn16040042425_14ene2019.mp3">https://www.imer.mx/microsites/wp-content/uploads/sites/49/micrositio_juan_gelman_fn16040042425_14ene2019.mp3</a></audio>
<p>[/vc_column_text][/vc_column][/vc_row]</p>
</div>

<p>[vc_row][vc_column][vc_single_image image=&#8221;26913&#8243; img_size=&#8221;full&#8221;][/vc_column][/vc_row][vc_row][vc_column width=&#8221;1/2&#8243;][vc_column_text] El 3 de mayo de 1930 nace Juan Gelman, poeta, traductor y periodista argentino. Militante comunista y guerrillero, opositor de la dictadura de su país. Tras ser encarcelado en varias ocasiones se exilia en Roma, Madrid, Paris, Nueva York, Managua y finalmente en México.[/vc_column_text][/vc_column][vc_column width=&#8221;1/2&#8243;][vc_column_text]Trabaja para la UNESCO como traductor y&hellip;</p>
