{"id":540,"date":"2014-07-04T14:06:35","date_gmt":"2014-07-04T19:06:35","guid":{"rendered":"http:\/\/www.imer.mx\/homenajesonoro\/?page_id=540"},"modified":"2018-09-11T13:16:27","modified_gmt":"2018-09-11T18:16:27","slug":"efrainhuerta","status":"publish","type":"page","link":"https:\/\/www.imer.mx\/micrositios\/efrainhuerta\/","title":{"rendered":"Efra\u00edn Huerta"},"content":{"rendered":"<div class=\"wpb-content-wrapper\"><p>[vc_row][vc_column][vc_single_image image=&#8221;529&#8243; img_size=&#8221;full&#8221;][vc_column_text]<\/p>\n<blockquote>\n<p style=\"text-align: center\">&#8220;Siempre am\u00e9 con la furia silenciosa de un cocodrilo aletargado&#8221;<\/p>\n<\/blockquote>\n<p style=\"text-align: center\">Escucha programas y c\u00e1psulas producidas en el Instituto Mexicano de la Radio como un homenaje sonoro al poeta, periodista y actor pol\u00edtico mexicano, Efra\u00edn Huerta; nacido en Silao, Guanajuato.<\/p>\n<p>[\/vc_column_text][\/vc_column][\/vc_row][vc_row][vc_column]<div class=\"dt-fancy-separator\" style=\"width: 100%;\"><div class=\"dt-fancy-title\"><span class=\"separator-holder separator-left\"><\/span>Programa especial en homenaje a Efra\u00edn Huerta <span class=\"separator-holder separator-right\"><\/span><\/div><\/div>[vc_empty_space][vc_column_text]<\/p>\n<audio class=\"wp-audio-shortcode\" id=\"audio-540-1\" preload=\"none\" style=\"width: 100%;\" controls=\"controls\"><source type=\"audio\/mpeg\" src=\"https:\/\/www.imer.mx\/microsites\/wp-content\/uploads\/sites\/49\/EFRAIN-HUERTA-PROGRAMA-ESPECIAL.mp3?_=1\" \/><a href=\"https:\/\/www.imer.mx\/microsites\/wp-content\/uploads\/sites\/49\/EFRAIN-HUERTA-PROGRAMA-ESPECIAL.mp3\">https:\/\/www.imer.mx\/microsites\/wp-content\/uploads\/sites\/49\/EFRAIN-HUERTA-PROGRAMA-ESPECIAL.mp3<\/a><\/audio>\n<p>[\/vc_column_text][\/vc_column][\/vc_row][vc_row][vc_column][vc_empty_space]<div class=\"dt-fancy-separator\" style=\"width: 100%;\"><div class=\"dt-fancy-title\"><span class=\"separator-holder separator-left\"><\/span>C\u00e1psulas <span class=\"separator-holder separator-right\"><\/span><\/div><\/div>[vc_column_text]C\u00e1psula Efra\u00edn Huerta 1<\/p>\n<audio class=\"wp-audio-shortcode\" id=\"audio-540-2\" preload=\"none\" style=\"width: 100%;\" controls=\"controls\"><source type=\"audio\/mpeg\" src=\"https:\/\/www.imer.mx\/microsites\/wp-content\/uploads\/sites\/49\/FRASES-EFRAIN-HUERTA_01.mp3?_=2\" \/><a href=\"https:\/\/www.imer.mx\/microsites\/wp-content\/uploads\/sites\/49\/FRASES-EFRAIN-HUERTA_01.mp3\">https:\/\/www.imer.mx\/microsites\/wp-content\/uploads\/sites\/49\/FRASES-EFRAIN-HUERTA_01.mp3<\/a><\/audio>\n<p>C\u00e1psula Efra\u00edn Huerta 2<\/p>\n<audio class=\"wp-audio-shortcode\" id=\"audio-540-3\" preload=\"none\" style=\"width: 100%;\" controls=\"controls\"><source type=\"audio\/mpeg\" src=\"https:\/\/www.imer.mx\/microsites\/wp-content\/uploads\/sites\/49\/FRASES-EFRAIN-HUERTA_02.mp3?_=3\" \/><a href=\"https:\/\/www.imer.mx\/microsites\/wp-content\/uploads\/sites\/49\/FRASES-EFRAIN-HUERTA_02.mp3\">https:\/\/www.imer.mx\/microsites\/wp-content\/uploads\/sites\/49\/FRASES-EFRAIN-HUERTA_02.mp3<\/a><\/audio>\n<p>C\u00e1psula Efra\u00edn Huerta 3<\/p>\n<audio class=\"wp-audio-shortcode\" id=\"audio-540-4\" preload=\"none\" style=\"width: 100%;\" controls=\"controls\"><source type=\"audio\/mpeg\" src=\"https:\/\/www.imer.mx\/microsites\/wp-content\/uploads\/sites\/49\/FRASES-EFRAIN-HUERTA_03.mp3?_=4\" \/><a href=\"https:\/\/www.imer.mx\/microsites\/wp-content\/uploads\/sites\/49\/FRASES-EFRAIN-HUERTA_03.mp3\">https:\/\/www.imer.mx\/microsites\/wp-content\/uploads\/sites\/49\/FRASES-EFRAIN-HUERTA_03.mp3<\/a><\/audio>\n<p>C\u00e1psula Efra\u00edn Huerta 4<\/p>\n<audio class=\"wp-audio-shortcode\" id=\"audio-540-5\" preload=\"none\" style=\"width: 100%;\" controls=\"controls\"><source type=\"audio\/mpeg\" src=\"https:\/\/www.imer.mx\/microsites\/wp-content\/uploads\/sites\/49\/FRASES-EFRAIN-HUERTA_04.mp3?_=5\" \/><a href=\"https:\/\/www.imer.mx\/microsites\/wp-content\/uploads\/sites\/49\/FRASES-EFRAIN-HUERTA_04.mp3\">https:\/\/www.imer.mx\/microsites\/wp-content\/uploads\/sites\/49\/FRASES-EFRAIN-HUERTA_04.mp3<\/a><\/audio>\n<p>C\u00e1psula Efra\u00edn Huerta 5<\/p>\n<audio class=\"wp-audio-shortcode\" id=\"audio-540-6\" preload=\"none\" style=\"width: 100%;\" controls=\"controls\"><source type=\"audio\/mpeg\" src=\"https:\/\/www.imer.mx\/microsites\/wp-content\/uploads\/sites\/49\/FRASES-EFRAIN-HUERTA_05.mp3?_=6\" \/><a href=\"https:\/\/www.imer.mx\/microsites\/wp-content\/uploads\/sites\/49\/FRASES-EFRAIN-HUERTA_05.mp3\">https:\/\/www.imer.mx\/microsites\/wp-content\/uploads\/sites\/49\/FRASES-EFRAIN-HUERTA_05.mp3<\/a><\/audio>\n<p>C\u00e1psula Efra\u00edn Huerta 6<\/p>\n<audio class=\"wp-audio-shortcode\" id=\"audio-540-7\" preload=\"none\" style=\"width: 100%;\" controls=\"controls\"><source type=\"audio\/mpeg\" src=\"https:\/\/www.imer.mx\/microsites\/wp-content\/uploads\/sites\/49\/EFRAIN-HUERTA_CAP-6.mp3?_=7\" \/><a href=\"https:\/\/www.imer.mx\/microsites\/wp-content\/uploads\/sites\/49\/EFRAIN-HUERTA_CAP-6.mp3\">https:\/\/www.imer.mx\/microsites\/wp-content\/uploads\/sites\/49\/EFRAIN-HUERTA_CAP-6.mp3<\/a><\/audio>\n<p>C\u00e1psula Efra\u00edn Huerta 7<\/p>\n<audio class=\"wp-audio-shortcode\" id=\"audio-540-8\" preload=\"none\" style=\"width: 100%;\" controls=\"controls\"><source type=\"audio\/mpeg\" src=\"https:\/\/www.imer.mx\/microsites\/wp-content\/uploads\/sites\/49\/EFRAIN-HUERTA_CAP-7.mp3?_=8\" \/><a href=\"https:\/\/www.imer.mx\/microsites\/wp-content\/uploads\/sites\/49\/EFRAIN-HUERTA_CAP-7.mp3\">https:\/\/www.imer.mx\/microsites\/wp-content\/uploads\/sites\/49\/EFRAIN-HUERTA_CAP-7.mp3<\/a><\/audio>\n<p>C\u00e1psula Efra\u00edn Huerta 8<\/p>\n<audio class=\"wp-audio-shortcode\" id=\"audio-540-9\" preload=\"none\" style=\"width: 100%;\" controls=\"controls\"><source type=\"audio\/mpeg\" src=\"https:\/\/www.imer.mx\/microsites\/wp-content\/uploads\/sites\/49\/EFRAIN-HUERTA_CAP-8.mp3?_=9\" \/><a href=\"https:\/\/www.imer.mx\/microsites\/wp-content\/uploads\/sites\/49\/EFRAIN-HUERTA_CAP-8.mp3\">https:\/\/www.imer.mx\/microsites\/wp-content\/uploads\/sites\/49\/EFRAIN-HUERTA_CAP-8.mp3<\/a><\/audio>\n<p>C\u00e1psula Efra\u00edn Huerta 9<\/p>\n<audio class=\"wp-audio-shortcode\" id=\"audio-540-10\" preload=\"none\" style=\"width: 100%;\" controls=\"controls\"><source type=\"audio\/mpeg\" src=\"https:\/\/www.imer.mx\/microsites\/wp-content\/uploads\/sites\/49\/EFRAIN-HUERTA_CAP-9.mp3?_=10\" \/><a href=\"https:\/\/www.imer.mx\/microsites\/wp-content\/uploads\/sites\/49\/EFRAIN-HUERTA_CAP-9.mp3\">https:\/\/www.imer.mx\/microsites\/wp-content\/uploads\/sites\/49\/EFRAIN-HUERTA_CAP-9.mp3<\/a><\/audio>\n<p>C\u00e1psula Efra\u00edn Huerta 10<\/p>\n<audio class=\"wp-audio-shortcode\" id=\"audio-540-11\" preload=\"none\" style=\"width: 100%;\" controls=\"controls\"><source type=\"audio\/mpeg\" src=\"https:\/\/www.imer.mx\/microsites\/wp-content\/uploads\/sites\/49\/EFRAIN-HUERTA_CAP-10.mp3?_=11\" \/><a href=\"https:\/\/www.imer.mx\/microsites\/wp-content\/uploads\/sites\/49\/EFRAIN-HUERTA_CAP-10.mp3\">https:\/\/www.imer.mx\/microsites\/wp-content\/uploads\/sites\/49\/EFRAIN-HUERTA_CAP-10.mp3<\/a><\/audio>\n<p>C\u00e1psula Efra\u00edn Huerta 11<\/p>\n<audio class=\"wp-audio-shortcode\" id=\"audio-540-12\" preload=\"none\" style=\"width: 100%;\" controls=\"controls\"><source type=\"audio\/mpeg\" src=\"https:\/\/www.imer.mx\/microsites\/wp-content\/uploads\/sites\/49\/FRASES-EFRAIN-HUERTA_11.mp3?_=12\" \/><a href=\"https:\/\/www.imer.mx\/microsites\/wp-content\/uploads\/sites\/49\/FRASES-EFRAIN-HUERTA_11.mp3\">https:\/\/www.imer.mx\/microsites\/wp-content\/uploads\/sites\/49\/FRASES-EFRAIN-HUERTA_11.mp3<\/a><\/audio>\n<p>C\u00e1psula Efra\u00edn Huerta 12<\/p>\n<audio class=\"wp-audio-shortcode\" id=\"audio-540-13\" preload=\"none\" style=\"width: 100%;\" controls=\"controls\"><source type=\"audio\/mpeg\" src=\"https:\/\/www.imer.mx\/microsites\/wp-content\/uploads\/sites\/49\/FRASES-EFRAIN-HUERTA_12.mp3?_=13\" \/><a href=\"https:\/\/www.imer.mx\/microsites\/wp-content\/uploads\/sites\/49\/FRASES-EFRAIN-HUERTA_12.mp3\">https:\/\/www.imer.mx\/microsites\/wp-content\/uploads\/sites\/49\/FRASES-EFRAIN-HUERTA_12.mp3<\/a><\/audio>\n<p>C\u00e1psula Efra\u00edn Huerta 13<\/p>\n<audio class=\"wp-audio-shortcode\" id=\"audio-540-14\" preload=\"none\" style=\"width: 100%;\" controls=\"controls\"><source type=\"audio\/mpeg\" src=\"https:\/\/www.imer.mx\/microsites\/wp-content\/uploads\/sites\/49\/FRASES-EFRAIN-HUERTA_13.mp3?_=14\" \/><a href=\"https:\/\/www.imer.mx\/microsites\/wp-content\/uploads\/sites\/49\/FRASES-EFRAIN-HUERTA_13.mp3\">https:\/\/www.imer.mx\/microsites\/wp-content\/uploads\/sites\/49\/FRASES-EFRAIN-HUERTA_13.mp3<\/a><\/audio>\n<p>C\u00e1psula Efra\u00edn Huerta 14<\/p>\n<audio class=\"wp-audio-shortcode\" id=\"audio-540-15\" preload=\"none\" style=\"width: 100%;\" controls=\"controls\"><source type=\"audio\/mpeg\" src=\"https:\/\/www.imer.mx\/microsites\/wp-content\/uploads\/sites\/49\/FRASES-EFRAIN-HUERTA_14.mp3?_=15\" \/><a href=\"https:\/\/www.imer.mx\/microsites\/wp-content\/uploads\/sites\/49\/FRASES-EFRAIN-HUERTA_14.mp3\">https:\/\/www.imer.mx\/microsites\/wp-content\/uploads\/sites\/49\/FRASES-EFRAIN-HUERTA_14.mp3<\/a><\/audio>\n<p>C\u00e1psula Efra\u00edn Huerta 15<\/p>\n<audio class=\"wp-audio-shortcode\" id=\"audio-540-16\" preload=\"none\" style=\"width: 100%;\" controls=\"controls\"><source type=\"audio\/mpeg\" src=\"https:\/\/www.imer.mx\/microsites\/wp-content\/uploads\/sites\/49\/FRASES-EFRAIN-HUERTA_15.mp3?_=16\" \/><a href=\"https:\/\/www.imer.mx\/microsites\/wp-content\/uploads\/sites\/49\/FRASES-EFRAIN-HUERTA_15.mp3\">https:\/\/www.imer.mx\/microsites\/wp-content\/uploads\/sites\/49\/FRASES-EFRAIN-HUERTA_15.mp3<\/a><\/audio>\n<p>C\u00e1psula Efra\u00edn Huerta 16<\/p>\n<audio class=\"wp-audio-shortcode\" id=\"audio-540-17\" preload=\"none\" style=\"width: 100%;\" controls=\"controls\"><source type=\"audio\/mpeg\" src=\"https:\/\/www.imer.mx\/microsites\/wp-content\/uploads\/sites\/49\/FRASES-EFRAIN-HUERTA_16.mp3?_=17\" \/><a href=\"https:\/\/www.imer.mx\/microsites\/wp-content\/uploads\/sites\/49\/FRASES-EFRAIN-HUERTA_16.mp3\">https:\/\/www.imer.mx\/microsites\/wp-content\/uploads\/sites\/49\/FRASES-EFRAIN-HUERTA_16.mp3<\/a><\/audio>\n<p>C\u00e1psula Efra\u00edn Huerta 17<\/p>\n<audio class=\"wp-audio-shortcode\" id=\"audio-540-18\" preload=\"none\" style=\"width: 100%;\" controls=\"controls\"><source type=\"audio\/mpeg\" src=\"https:\/\/www.imer.mx\/microsites\/wp-content\/uploads\/sites\/49\/FRASES-EFRAIN-HUERTA_17.mp3?_=18\" \/><a href=\"https:\/\/www.imer.mx\/microsites\/wp-content\/uploads\/sites\/49\/FRASES-EFRAIN-HUERTA_17.mp3\">https:\/\/www.imer.mx\/microsites\/wp-content\/uploads\/sites\/49\/FRASES-EFRAIN-HUERTA_17.mp3<\/a><\/audio>\n<p>C\u00e1psula Efra\u00edn Huerta 18<\/p>\n<audio class=\"wp-audio-shortcode\" id=\"audio-540-19\" preload=\"none\" style=\"width: 100%;\" controls=\"controls\"><source type=\"audio\/mpeg\" src=\"https:\/\/www.imer.mx\/microsites\/wp-content\/uploads\/sites\/49\/FRASES-EFRAIN-HUERTA_18.mp3?_=19\" \/><a href=\"https:\/\/www.imer.mx\/microsites\/wp-content\/uploads\/sites\/49\/FRASES-EFRAIN-HUERTA_18.mp3\">https:\/\/www.imer.mx\/microsites\/wp-content\/uploads\/sites\/49\/FRASES-EFRAIN-HUERTA_18.mp3<\/a><\/audio>\n<p>C\u00e1psula Efra\u00edn Huerta 19<\/p>\n<audio class=\"wp-audio-shortcode\" id=\"audio-540-20\" preload=\"none\" style=\"width: 100%;\" controls=\"controls\"><source type=\"audio\/mpeg\" src=\"https:\/\/www.imer.mx\/microsites\/wp-content\/uploads\/sites\/49\/FRASES-EFRAIN-HUERTA_19.mp3?_=20\" \/><a href=\"https:\/\/www.imer.mx\/microsites\/wp-content\/uploads\/sites\/49\/FRASES-EFRAIN-HUERTA_19.mp3\">https:\/\/www.imer.mx\/microsites\/wp-content\/uploads\/sites\/49\/FRASES-EFRAIN-HUERTA_19.mp3<\/a><\/audio>\n<p>C\u00e1psula Efra\u00edn Huerta 20<\/p>\n<audio class=\"wp-audio-shortcode\" id=\"audio-540-21\" preload=\"none\" style=\"width: 100%;\" controls=\"controls\"><source type=\"audio\/mpeg\" src=\"https:\/\/www.imer.mx\/microsites\/wp-content\/uploads\/sites\/49\/FRASES-EFRAIN-HUERTA_20.mp3?_=21\" \/><a href=\"https:\/\/www.imer.mx\/microsites\/wp-content\/uploads\/sites\/49\/FRASES-EFRAIN-HUERTA_20.mp3\">https:\/\/www.imer.mx\/microsites\/wp-content\/uploads\/sites\/49\/FRASES-EFRAIN-HUERTA_20.mp3<\/a><\/audio>\n<p>C\u00e1psula Efra\u00edn Huerta 21<\/p>\n<audio class=\"wp-audio-shortcode\" id=\"audio-540-22\" preload=\"none\" style=\"width: 100%;\" controls=\"controls\"><source type=\"audio\/mpeg\" src=\"https:\/\/www.imer.mx\/microsites\/wp-content\/uploads\/sites\/49\/FRASES-EFRAIN-HUERTA_21.mp3?_=22\" \/><a href=\"https:\/\/www.imer.mx\/microsites\/wp-content\/uploads\/sites\/49\/FRASES-EFRAIN-HUERTA_21.mp3\">https:\/\/www.imer.mx\/microsites\/wp-content\/uploads\/sites\/49\/FRASES-EFRAIN-HUERTA_21.mp3<\/a><\/audio>\n<p>C\u00e1psula Efra\u00edn Huerta 22<\/p>\n<audio class=\"wp-audio-shortcode\" id=\"audio-540-23\" preload=\"none\" style=\"width: 100%;\" controls=\"controls\"><source type=\"audio\/mpeg\" src=\"https:\/\/www.imer.mx\/microsites\/wp-content\/uploads\/sites\/49\/FRASES-EFRAIN-HUERTA_22.mp3?_=23\" \/><a href=\"https:\/\/www.imer.mx\/microsites\/wp-content\/uploads\/sites\/49\/FRASES-EFRAIN-HUERTA_22.mp3\">https:\/\/www.imer.mx\/microsites\/wp-content\/uploads\/sites\/49\/FRASES-EFRAIN-HUERTA_22.mp3<\/a><\/audio>\n<p>C\u00e1psula Efra\u00edn Huerta 23<\/p>\n<audio class=\"wp-audio-shortcode\" id=\"audio-540-24\" preload=\"none\" style=\"width: 100%;\" controls=\"controls\"><source type=\"audio\/mpeg\" src=\"https:\/\/www.imer.mx\/microsites\/wp-content\/uploads\/sites\/49\/FRASES-EFRAIN-HUERTA_23.mp3?_=24\" \/><a href=\"https:\/\/www.imer.mx\/microsites\/wp-content\/uploads\/sites\/49\/FRASES-EFRAIN-HUERTA_23.mp3\">https:\/\/www.imer.mx\/microsites\/wp-content\/uploads\/sites\/49\/FRASES-EFRAIN-HUERTA_23.mp3<\/a><\/audio>\n<p>C\u00e1psula Efra\u00edn Huerta 24<\/p>\n<audio class=\"wp-audio-shortcode\" id=\"audio-540-25\" preload=\"none\" style=\"width: 100%;\" controls=\"controls\"><source type=\"audio\/mpeg\" src=\"https:\/\/www.imer.mx\/microsites\/wp-content\/uploads\/sites\/49\/FRASES-EFRAIN-HUERTA_24.mp3?_=25\" \/><a href=\"https:\/\/www.imer.mx\/microsites\/wp-content\/uploads\/sites\/49\/FRASES-EFRAIN-HUERTA_24.mp3\">https:\/\/www.imer.mx\/microsites\/wp-content\/uploads\/sites\/49\/FRASES-EFRAIN-HUERTA_24.mp3<\/a><\/audio>\n<p>C\u00e1psula Efra\u00edn Huerta 25<\/p>\n<audio class=\"wp-audio-shortcode\" id=\"audio-540-26\" preload=\"none\" style=\"width: 100%;\" controls=\"controls\"><source type=\"audio\/mpeg\" src=\"https:\/\/www.imer.mx\/microsites\/wp-content\/uploads\/sites\/49\/FRASES-EFRAIN-HUERTA_25.mp3?_=26\" \/><a href=\"https:\/\/www.imer.mx\/microsites\/wp-content\/uploads\/sites\/49\/FRASES-EFRAIN-HUERTA_25.mp3\">https:\/\/www.imer.mx\/microsites\/wp-content\/uploads\/sites\/49\/FRASES-EFRAIN-HUERTA_25.mp3<\/a><\/audio>\n<p>[\/vc_column_text][\/vc_column][\/vc_row]<\/p>\n<\/div>","protected":false},"excerpt":{"rendered":"<p>[vc_row][vc_column][vc_single_image image=&#8221;529&#8243; img_size=&#8221;full&#8221;][vc_column_text] &#8220;Siempre am\u00e9 con la furia silenciosa de un cocodrilo aletargado&#8221; Escucha programas y c\u00e1psulas producidas en el Instituto Mexicano de la Radio como un homenaje sonoro al poeta, periodista y actor pol\u00edtico mexicano, Efra\u00edn Huerta; nacido en Silao, Guanajuato. [\/vc_column_text][\/vc_column][\/vc_row][vc_row][vc_column][vc_empty_space][vc_column_text] [\/vc_column_text][\/vc_column][\/vc_row][vc_row][vc_column][vc_empty_space][vc_column_text]C\u00e1psula Efra\u00edn Huerta 1 C\u00e1psula Efra\u00edn Huerta 2 C\u00e1psula Efra\u00edn Huerta 3&hellip;<\/p>\n","protected":false},"author":1,"featured_media":0,"parent":0,"menu_order":0,"comment_status":"closed","ping_status":"open","template":"","meta":{"wp_popup_display_lightbox":0,"wp_popup_suppress":"","wp_popup_trigger":"","wp_popup_trigger_amount":0,"wp_popup_disable_on_mobile":false,"footnotes":""},"class_list":["post-540","page","type-page","status-publish","hentry","description-off"],"_links":{"self":[{"href":"https:\/\/www.imer.mx\/micrositios\/wp-json\/wp\/v2\/pages\/540","targetHints":{"allow":["GET"]}}],"collection":[{"href":"https:\/\/www.imer.mx\/micrositios\/wp-json\/wp\/v2\/pages"}],"about":[{"href":"https:\/\/www.imer.mx\/micrositios\/wp-json\/wp\/v2\/types\/page"}],"author":[{"embeddable":true,"href":"https:\/\/www.imer.mx\/micrositios\/wp-json\/wp\/v2\/users\/1"}],"replies":[{"embeddable":true,"href":"https:\/\/www.imer.mx\/micrositios\/wp-json\/wp\/v2\/comments?post=540"}],"version-history":[{"count":0,"href":"https:\/\/www.imer.mx\/micrositios\/wp-json\/wp\/v2\/pages\/540\/revisions"}],"wp:attachment":[{"href":"https:\/\/www.imer.mx\/micrositios\/wp-json\/wp\/v2\/media?parent=540"}],"curies":[{"name":"wp","href":"https:\/\/api.w.org\/{rel}","templated":true}]}}