{"id":33469,"date":"2023-03-29T13:54:24","date_gmt":"2023-03-29T19:54:24","guid":{"rendered":"https:\/\/www.imer.mx\/micrositios\/?page_id=33469"},"modified":"2023-03-29T23:52:50","modified_gmt":"2023-03-30T05:52:50","slug":"emprendiemiento-social","status":"publish","type":"page","link":"https:\/\/www.imer.mx\/micrositios\/emprendiemiento-social\/","title":{"rendered":"El que quiera tienda, \u00a1que la emprenda!&#8230; Econom\u00eda solidaria y emprendiemiento social"},"content":{"rendered":"<div class=\"wpb-content-wrapper\"><p>[vc_row][vc_column css=&#8221;.vc_custom_1598089324173{margin-top: -50px !important;}&#8221;][vc_single_image image=&#8221;33471&#8243; img_size=&#8221;full&#8221; alignment=&#8221;center&#8221;][\/vc_column][\/vc_row][vc_row][vc_column][vc_custom_heading text=&#8221;El que quiera tienda, \u00a1que la emprenda!&#8230; Econom\u00eda solidaria y emprendiemiento social&#8221; font_container=&#8221;tag:h2|font_size:30|text_align:left&#8221; google_fonts=&#8221;font_family:Montserrat%3Aregular%2C700|font_style:700%20bold%20regular%3A700%3Anormal&#8221;][vc_empty_space][\/vc_column][\/vc_row][vc_row][vc_column][vc_column_text]<span style=\"font-weight: 400;\">Emprender no s\u00f3lo es una palabra de moda, es una acci\u00f3n que puede llevar al desarrollo econ\u00f3mico de una comunidad, a trav\u00e9s del empoderamiento de sus miembros. Es por eso que, en este p\u00f3dcast producido por la Universidad Abierta y a Distancia de M\u00e9xico en colaboraci\u00f3n remunerada con Grupo IMER, podr\u00e1s informarte sobre la importancia del emprendimiento social, c\u00f3mo convertirlo en una herramienta para abordar problemas sociales y mejorar la calidad de vida de una comunidad. Misheyla Ruiz y Deisy Tolentino, con la participaci\u00f3n de m\u00e1s especialistas en el tema, te ayudar\u00e1n a conocer las diferentes maneras de crear empresas cooperativas, con las que se puedan implementar programas de comercio justo y la promoci\u00f3n de la inclusi\u00f3n financiera para grupos hist\u00f3ricamente marginados.<\/span>[\/vc_column_text][\/vc_column][\/vc_row][vc_row][vc_column][vc_empty_space height=&#8221;20px&#8221;]<div class=\"hr-thin style-line\" style=\"width: 100%;border-top-width: 1px;\"><\/div>[vc_empty_space height=&#8221;20px&#8221;][\/vc_column][\/vc_row][vc_row type=&#8221;vc_default&#8221; content_placement=&#8221;middle&#8221; bg_type=&#8221;image&#8221;][vc_column css=&#8221;.vc_custom_1665190374686{padding-right: -50px !important;padding-left: -50px !important;}&#8221;][vc_column_text]<\/p>\n<div>\n<p class=\"v1MsoNormal\"><b><span style=\"font-family: Arial;\">1. <i>Un sistema hegem\u00f3nico en agon\u00eda<\/i><\/span><\/b><\/p>\n<p class=\"v1MsoNormal\"><span style=\"font-weight: 400;\">\u00bfPor qu\u00e9 el sistema hegem\u00f3nico es el malo del cuento? Este sistema por d\u00e9cadas nos ha hecho darle m\u00e1s peso al tener que al ser, lo cual ha generado crisis clim\u00e1ticas y civilizatorias. Es este episodio conversan sobre ello y sobre los alcances de darle la vuelta al capitalismo.<\/span><\/p>\n<\/div>\n<div>\n<p>&nbsp;<\/p>\n<\/div>\n<p><iframe loading=\"lazy\" style=\"border-radius: 12px;\" src=\"https:\/\/open.spotify.com\/embed\/episode\/5cOqhkflHAKggugXHtDsjl?utm_source=generator\" width=\"100%\" height=\"352\" frameborder=\"0\" allowfullscreen=\"allowfullscreen\"><\/iframe>[\/vc_column_text][\/vc_column][\/vc_row][vc_row][vc_column][vc_empty_space height=&#8221;20px&#8221;]<div class=\"hr-thin style-line\" style=\"width: 100%;border-top-width: 1px;\"><\/div>[vc_empty_space height=&#8221;20px&#8221;][\/vc_column][\/vc_row][vc_row][vc_column][vc_column_text]<b>Cr\u00e9ditos:<\/b><\/p>\n<p><span style=\"font-weight: 400;\"><em><strong>Conducci\u00f3n:<\/strong> <\/em>Misheyla Ruiz y Deisy Tolentino<\/span><\/p>\n<p><span style=\"font-weight: 400;\"><em><strong>Investigaci\u00f3n y guion:<\/strong><\/em> Misheyla Ruiz y Deisy Tolentino<\/span><\/p>\n<p><span style=\"font-weight: 400;\"><em><strong>Producci\u00f3n:<\/strong> <\/em>Enrique Gil<\/span><\/p>\n<p><span style=\"font-weight: 400;\"><em><strong>Coordinaci\u00f3n:<\/strong> <\/em>Maricruz Zamora \u2013 Grupo IMER<\/span><\/p>\n<p><span style=\"font-weight: 400;\">Adriana S\u00e1nchez &#8211; Universidad Abierta y a Distancia de M\u00e9xico<\/span>[\/vc_column_text][\/vc_column][\/vc_row][vc_row type=&#8221;vc_default&#8221; full_width=&#8221;stretch_row&#8221; bg_type=&#8221;grad&#8221; bg_grad=&#8221;background: -webkit-gradient(linear, left top, left bottom, color-stop(0%, #F09F9E), color-stop(100%, #F7FAD0));background: -moz-linear-gradient(top,#F09F9E 0%,#F7FAD0 100%);background: -webkit-linear-gradient(top,#F09F9E 0%,#F7FAD0 100%);background: -o-linear-gradient(top,#F09F9E 0%,#F7FAD0 100%);background: -ms-linear-gradient(top,#F09F9E 0%,#F7FAD0 100%);background: linear-gradient(top,#F09F9E 0%,#F7FAD0 100%);&#8221;][vc_column width=&#8221;1\/2&#8243;][vc_custom_heading text=&#8221;Misheyla Ruiz&#8221; font_container=&#8221;tag:h2|font_size:28|text_align:left|color:%23ffffff&#8221; google_fonts=&#8221;font_family:Montserrat%3Aregular%2C700|font_style:700%20bold%20regular%3A700%3Anormal&#8221;][vc_empty_space height=&#8221;30px&#8221;][vc_column_text]<span style=\"font-weight: 400;\">Oaxaque\u00f1a, de ra\u00edces mixtecas. Emprendedora cooperativista y ambientalista. Licenciada en Ciencias Empresariales por la Universidad Tecnol\u00f3gica de la Mixteca, y actualmente, Maestrante en Gesti\u00f3n de Empresas de Econom\u00eda Social, por la Universidad Ibero Puebla.<\/span><\/p>\n<p><span style=\"font-weight: 400;\">Diplomada en Emprendimiento asociativo, Emprendimiento social, Acompa\u00f1amiento e Incubaci\u00f3n de Emprendimientos Colectivos Juveniles, en Emprendimiento Colectivo, en Construcci\u00f3n de Paz e Incidencia en Pol\u00edticas P\u00fablicas y en Extensionismo Universitario.<\/span><\/p>\n<p><span style=\"font-weight: 400;\">Cuenta con una Certificaci\u00f3n en G\u00e9nero y Emprendimiento, por la Organizaci\u00f3n Internacional del Trabajo (OIT) 2020-2023.<\/span><\/p>\n<p><span style=\"font-weight: 400;\">Es Co-fundadora de ECOOS-Escuela de Econom\u00eda Social, Cooperativa educativa que facilita formaci\u00f3n y acompa\u00f1amiento a iniciativas de Econom\u00eda Social-Solidaria; especialmente dirigido a mujeres empresarias, personas artesanas y juventudes.<\/span>[\/vc_column_text][\/vc_column][vc_column width=&#8221;1\/2&#8243;][vc_single_image image=&#8221;33518&#8243; img_size=&#8221;full&#8221; style=&#8221;vc_box_circle_2&#8243; css_animation=&#8221;bounceIn&#8221;][vc_empty_space height=&#8221;28px&#8221;][\/vc_column][\/vc_row][vc_row type=&#8221;vc_default&#8221; full_width=&#8221;stretch_row&#8221; bg_type=&#8221;grad&#8221; bg_grad=&#8221;background: -webkit-gradient(linear, left top, left bottom, color-stop(0%, #F09F9E), color-stop(100%, #F7FAD0));background: -moz-linear-gradient(top,#F09F9E 0%,#F7FAD0 100%);background: -webkit-linear-gradient(top,#F09F9E 0%,#F7FAD0 100%);background: -o-linear-gradient(top,#F09F9E 0%,#F7FAD0 100%);background: -ms-linear-gradient(top,#F09F9E 0%,#F7FAD0 100%);background: linear-gradient(top,#F09F9E 0%,#F7FAD0 100%);&#8221; css=&#8221;.vc_custom_1680121076100{margin-bottom: -80px !important;}&#8221;][vc_column width=&#8221;1\/2&#8243;][vc_custom_heading text=&#8221;Deisy Tolentino&#8221; font_container=&#8221;tag:h2|font_size:28|text_align:left|color:%23ffffff&#8221; google_fonts=&#8221;font_family:Montserrat%3Aregular%2C700|font_style:700%20bold%20regular%3A700%3Anormal&#8221;][vc_empty_space height=&#8221;30px&#8221;][vc_column_text]<span style=\"font-weight: 400;\">Deisy Tolentino-Feminista oaxaque\u00f1a que sue\u00f1a con un mundo m\u00e1s justo que incluya a todas, todos y todes.<\/span><\/p>\n<p><span style=\"font-weight: 400;\">Es coordinadora de g\u00e9nero y emprendimiento en ECOOS-Escuela de Econom\u00eda Social donde acompa\u00f1a a mujeres para fortalecer sus negocios con enfoque de econom\u00eda social y solidaria.<\/span>[\/vc_column_text][\/vc_column][vc_column width=&#8221;1\/2&#8243;][vc_single_image image=&#8221;33517&#8243; img_size=&#8221;full&#8221; style=&#8221;vc_box_circle_2&#8243; css_animation=&#8221;bounceIn&#8221;][vc_empty_space height=&#8221;28px&#8221;][\/vc_column][\/vc_row]<\/p>\n<\/div>","protected":false},"excerpt":{"rendered":"<p>[vc_row][vc_column css=&#8221;.vc_custom_1598089324173{margin-top: -50px !important;}&#8221;][vc_single_image image=&#8221;33471&#8243; img_size=&#8221;full&#8221; alignment=&#8221;center&#8221;][\/vc_column][\/vc_row][vc_row][vc_column][vc_custom_heading text=&#8221;El que quiera tienda, \u00a1que la emprenda!&#8230; Econom\u00eda solidaria y emprendiemiento social&#8221; font_container=&#8221;tag:h2|font_size:30|text_align:left&#8221; google_fonts=&#8221;font_family:Montserrat%3Aregular%2C700|font_style:700%20bold%20regular%3A700%3Anormal&#8221;][vc_empty_space][\/vc_column][\/vc_row][vc_row][vc_column][vc_column_text]Emprender no s\u00f3lo es una palabra de moda, es una acci\u00f3n que puede llevar al desarrollo econ\u00f3mico de una comunidad, a trav\u00e9s del empoderamiento de sus miembros. Es por eso que, en este p\u00f3dcast producido&hellip;<\/p>\n","protected":false},"author":1,"featured_media":0,"parent":0,"menu_order":0,"comment_status":"closed","ping_status":"closed","template":"","meta":{"wp_popup_display_lightbox":0,"wp_popup_suppress":"","wp_popup_trigger":"","wp_popup_trigger_amount":0,"wp_popup_disable_on_mobile":false,"footnotes":""},"class_list":["post-33469","page","type-page","status-publish","hentry","description-off"],"_links":{"self":[{"href":"https:\/\/www.imer.mx\/micrositios\/wp-json\/wp\/v2\/pages\/33469","targetHints":{"allow":["GET"]}}],"collection":[{"href":"https:\/\/www.imer.mx\/micrositios\/wp-json\/wp\/v2\/pages"}],"about":[{"href":"https:\/\/www.imer.mx\/micrositios\/wp-json\/wp\/v2\/types\/page"}],"author":[{"embeddable":true,"href":"https:\/\/www.imer.mx\/micrositios\/wp-json\/wp\/v2\/users\/1"}],"replies":[{"embeddable":true,"href":"https:\/\/www.imer.mx\/micrositios\/wp-json\/wp\/v2\/comments?post=33469"}],"version-history":[{"count":2,"href":"https:\/\/www.imer.mx\/micrositios\/wp-json\/wp\/v2\/pages\/33469\/revisions"}],"predecessor-version":[{"id":33519,"href":"https:\/\/www.imer.mx\/micrositios\/wp-json\/wp\/v2\/pages\/33469\/revisions\/33519"}],"wp:attachment":[{"href":"https:\/\/www.imer.mx\/micrositios\/wp-json\/wp\/v2\/media?parent=33469"}],"curies":[{"name":"wp","href":"https:\/\/api.w.org\/{rel}","templated":true}]}}