{"id":29185,"date":"2020-07-06T01:41:18","date_gmt":"2020-07-06T06:41:18","guid":{"rendered":"https:\/\/www.imer.mx\/micrositios\/?page_id=29185"},"modified":"2020-07-06T03:23:45","modified_gmt":"2020-07-06T08:23:45","slug":"jose-maria-velasco","status":"publish","type":"page","link":"https:\/\/www.imer.mx\/micrositios\/jose-maria-velasco\/","title":{"rendered":"Jos\u00e9 Mar\u00eda Velasco"},"content":{"rendered":"<div class=\"wpb-content-wrapper\"><p>[vc_row][vc_column css=&#8221;.vc_custom_1592519618619{margin-top: -75px !important;}&#8221;][vc_single_image image=&#8221;29186&#8243; img_size=&#8221;full&#8221;][\/vc_column][\/vc_row][vc_row][vc_column][vc_custom_heading text=&#8221;JOS\u00c9 MAR\u00cdA VELASCO&#8221; google_fonts=&#8221;font_family:Montserrat%3Aregular%2C700|font_style:400%20regular%3A400%3Anormal&#8221;][vc_empty_space][\/vc_column][\/vc_row][vc_row][vc_column width=&#8221;1\/2&#8243;][vc_column_text]Representante m\u00e1s puro del paisajismo mexicano, uno de los m\u00e1s sobresalientes artistas pl\u00e1sticos del siglo XIX, Jos\u00e9 Mar\u00eda Velasco naci\u00f3 en Temascalcingo, Estado de M\u00e9xico, el 6 de julio de 1840, con el nombre de Jos\u00e9 Mar\u00eda Tranquilino Francisco de Jes\u00fas Velasco y G\u00f3mez-Obreg\u00f3n. Muy peque\u00f1o, se traslad\u00f3 con su familia a la Ciudad de M\u00e9xico donde realiz\u00f3 sus primeros estudios en el Colegio Lancasteriano de Santa Catarina M\u00e1rtir. Su sentido de la observaci\u00f3n y gran afici\u00f3n por el dibujo, lo convirtieron muy pronto en un destacado estudiante de grandes aptitudes. Despu\u00e9s de pasar por el Colegio de San Miguel, ingres\u00f3 en la Academia de Bellas Artes de San Carlos, gracias a una beca que obtuvo por medio de oposiciones. All\u00ed fue disc\u00edpulo de Pelegr\u00edn Clav\u00e9, Manuel Carpio y, sobre todo, del italiano Eugenio Landesio, que consigui\u00f3 transmitirle las ideas del romanticismo, pero tambi\u00e9n el rigor de la academia cl\u00e1sica.<\/p>\n<p>Con un bagaje familiar encaminado hacia la bot\u00e1nica, se convirti\u00f3 en un dibujante de t\u00e9cnica depurada, trazo preciso y delicado sentido del color. Su lanzamiento hacia la pintura profesional lleg\u00f3 cuando el pintor Santiago Rebull ocup\u00f3 el puesto de Director General de la Real Academia de Bellas Artes de San Carlos y convoc\u00f3 a un concurso cuyo premio ser\u00eda una beca. Velasco fue el ganador indiscutible por su obra \u201cEl Exconvento de San Agust\u00edn\u201d. Aquel triunfo, adem\u00e1s de solucionar sus problemas econ\u00f3micos, lo llen\u00f3 de confianza y entusiasmo, provocando que se enfocara a pintar al natural diversas versiones del Valle de M\u00e9xico y la grandeza natural del Altiplano.[\/vc_column_text][vc_single_image image=&#8221;29205&#8243; img_size=&#8221;full&#8221; add_caption=&#8221;yes&#8221; alignment=&#8221;center&#8221; onclick=&#8221;link_image&#8221;][\/vc_column][vc_column width=&#8221;1\/2&#8243;][vc_single_image image=&#8221;29199&#8243; img_size=&#8221;full&#8221; add_caption=&#8221;yes&#8221; onclick=&#8221;link_image&#8221;][vc_column_text]Fue as\u00ed como, durante la mayor parte de su vida se dedic\u00f3 a representar, de manera naturalista, pero tambi\u00e9n po\u00e9tica, los distintos aspectos del paisaje nacional. Baste mencionar obras como <em>Valle de M\u00e9xico, Vistas del valle de M\u00e9xico, Valle de M\u00e9xico desde el Tepeyac, La Alameda de M\u00e9xico,\u00a0Pir\u00e1mide del Sol en Teotihuac\u00e1n<\/em> y todos sus cuadros dedicados a los volcanes Popocat\u00e9petl e Iztaccihuatl. Hizo realidad la aspiraci\u00f3n de muchos artistas del siglo XIX al lograr que la pintura mexicana alcanzara el reconocimiento universal.<\/p>\n<p>Jos\u00e9 Mar\u00eda Velasco fue profesor e inspiraci\u00f3n numerosos pintores y el espejo en el que se miraron los muralistas Jos\u00e9 Clemente Orozco, Diego Rivera y David Alfaro Siqueiros, para despu\u00e9s romperlo y proponer otra versi\u00f3n de la pintura mexicana.<\/p>\n<p>Llamado \u201cel arquitecto del aire\u201d muri\u00f3 en su casa de la Villa de Guadalupe Hidalgo, el 26 de agosto de 1912. Fue sepultado en el pante\u00f3n del Tepeyac.<\/p>\n<p>Escucha los siguientes programas se seccionados del acervo hist\u00f3rico del IMER sobre la vida y obra de Jos\u00e9 Mar\u00eda Velasco.[\/vc_column_text][\/vc_column][\/vc_row][vc_row type=&#8221;vc_default&#8221; disable_element=&#8221;yes&#8221;][vc_column][vc_empty_space height=&#8221;100px&#8221;][\/vc_column][\/vc_row][vc_row][vc_column][vc_column_text]<div id=\"audioigniter-29193\" class=\"audioigniter-root \" data-player-type=\"full\" data-tracks-url=\"https:\/\/www.imer.mx\/micrositios\/?audioigniter_playlist_id=29193\" data-display-track-no=\"false\" data-reverse-track-order=\"false\" data-display-tracklist-covers=\"true\" data-display-active-cover=\"true\" data-display-artist-names=\"true\" data-display-buy-buttons=\"true\" data-buy-buttons-target=\"true\" data-cycle-tracks=\"false\" data-display-credits=\"false\" data-display-tracklist=\"true\" data-allow-tracklist-toggle=\"true\" data-allow-tracklist-loop=\"true\" data-limit-tracklist-height=\"true\" data-volume=\"100\" data-tracklist-height=\"185\" ><\/div>[\/vc_column_text][\/vc_column][\/vc_row][vc_row][vc_column width=&#8221;1\/2&#8243;][vc_single_image image=&#8221;29203&#8243; img_size=&#8221;full&#8221; add_caption=&#8221;yes&#8221; onclick=&#8221;link_image&#8221;][\/vc_column][vc_column width=&#8221;1\/2&#8243;][vc_single_image image=&#8221;29201&#8243; img_size=&#8221;full&#8221; add_caption=&#8221;yes&#8221; onclick=&#8221;link_image&#8221;][\/vc_column][\/vc_row][vc_row][vc_column css=&#8221;.vc_custom_1592519723758{margin-bottom: -85px !important;}&#8221;][vc_single_image image=&#8221;29197&#8243; img_size=&#8221;full&#8221;][\/vc_column][\/vc_row]<\/p>\n<\/div>","protected":false},"excerpt":{"rendered":"<p>[vc_row][vc_column css=&#8221;.vc_custom_1592519618619{margin-top: -75px !important;}&#8221;][vc_single_image image=&#8221;29186&#8243; img_size=&#8221;full&#8221;][\/vc_column][\/vc_row][vc_row][vc_column][vc_custom_heading text=&#8221;JOS\u00c9 MAR\u00cdA VELASCO&#8221; google_fonts=&#8221;font_family:Montserrat%3Aregular%2C700|font_style:400%20regular%3A400%3Anormal&#8221;][vc_empty_space][\/vc_column][\/vc_row][vc_row][vc_column width=&#8221;1\/2&#8243;][vc_column_text]Representante m\u00e1s puro del paisajismo mexicano, uno de los m\u00e1s sobresalientes artistas pl\u00e1sticos del siglo XIX, Jos\u00e9 Mar\u00eda Velasco naci\u00f3 en Temascalcingo, Estado de M\u00e9xico, el 6 de julio de 1840, con el nombre de Jos\u00e9 Mar\u00eda Tranquilino Francisco de Jes\u00fas Velasco y G\u00f3mez-Obreg\u00f3n. Muy&hellip;<\/p>\n","protected":false},"author":1,"featured_media":0,"parent":0,"menu_order":0,"comment_status":"closed","ping_status":"closed","template":"","meta":{"wp_popup_display_lightbox":0,"wp_popup_suppress":"","wp_popup_trigger":"","wp_popup_trigger_amount":0,"wp_popup_disable_on_mobile":false,"footnotes":""},"class_list":["post-29185","page","type-page","status-publish","hentry","description-off"],"_links":{"self":[{"href":"https:\/\/www.imer.mx\/micrositios\/wp-json\/wp\/v2\/pages\/29185","targetHints":{"allow":["GET"]}}],"collection":[{"href":"https:\/\/www.imer.mx\/micrositios\/wp-json\/wp\/v2\/pages"}],"about":[{"href":"https:\/\/www.imer.mx\/micrositios\/wp-json\/wp\/v2\/types\/page"}],"author":[{"embeddable":true,"href":"https:\/\/www.imer.mx\/micrositios\/wp-json\/wp\/v2\/users\/1"}],"replies":[{"embeddable":true,"href":"https:\/\/www.imer.mx\/micrositios\/wp-json\/wp\/v2\/comments?post=29185"}],"version-history":[{"count":0,"href":"https:\/\/www.imer.mx\/micrositios\/wp-json\/wp\/v2\/pages\/29185\/revisions"}],"wp:attachment":[{"href":"https:\/\/www.imer.mx\/micrositios\/wp-json\/wp\/v2\/media?parent=29185"}],"curies":[{"name":"wp","href":"https:\/\/api.w.org\/{rel}","templated":true}]}}

José María Velasco

<div class="wpb-content-wrapper"><p>[vc_row][vc_column css=&#8221;.vc_custom_1592519618619{margin-top: -75px !important;}&#8221;][vc_single_image image=&#8221;29186&#8243; img_size=&#8221;full&#8221;][/vc_column][/vc_row][vc_row][vc_column][vc_custom_heading text=&#8221;JOSÉ MARÍA VELASCO&#8221; google_fonts=&#8221;font_family:Montserrat%3Aregular%2C700|font_style:400%20regular%3A400%3Anormal&#8221;][vc_empty_space][/vc_column][/vc_row][vc_row][vc_column width=&#8221;1/2&#8243;][vc_column_text]Representante más puro del paisajismo mexicano, uno de los más sobresalientes artistas plásticos del siglo XIX, José María Velasco nació en Temascalcingo, Estado de México, el 6 de julio de 1840, con el nombre de José María Tranquilino Francisco de Jesús Velasco y Gómez-Obregón. Muy pequeño, se trasladó con su familia a la Ciudad de México donde realizó sus primeros estudios en el Colegio Lancasteriano de Santa Catarina Mártir. Su sentido de la observación y gran afición por el dibujo, lo convirtieron muy pronto en un destacado estudiante de grandes aptitudes. Después de pasar por el Colegio de San Miguel, ingresó en la Academia de Bellas Artes de San Carlos, gracias a una beca que obtuvo por medio de oposiciones. Allí fue discípulo de Pelegrín Clavé, Manuel Carpio y, sobre todo, del italiano Eugenio Landesio, que consiguió transmitirle las ideas del romanticismo, pero también el rigor de la academia clásica.</p>
<p>Con un bagaje familiar encaminado hacia la botánica, se convirtió en un dibujante de técnica depurada, trazo preciso y delicado sentido del color. Su lanzamiento hacia la pintura profesional llegó cuando el pintor Santiago Rebull ocupó el puesto de Director General de la Real Academia de Bellas Artes de San Carlos y convocó a un concurso cuyo premio sería una beca. Velasco fue el ganador indiscutible por su obra “El Exconvento de San Agustín”. Aquel triunfo, además de solucionar sus problemas económicos, lo llenó de confianza y entusiasmo, provocando que se enfocara a pintar al natural diversas versiones del Valle de México y la grandeza natural del Altiplano.[/vc_column_text][vc_single_image image=&#8221;29205&#8243; img_size=&#8221;full&#8221; add_caption=&#8221;yes&#8221; alignment=&#8221;center&#8221; onclick=&#8221;link_image&#8221;][/vc_column][vc_column width=&#8221;1/2&#8243;][vc_single_image image=&#8221;29199&#8243; img_size=&#8221;full&#8221; add_caption=&#8221;yes&#8221; onclick=&#8221;link_image&#8221;][vc_column_text]Fue así como, durante la mayor parte de su vida se dedicó a representar, de manera naturalista, pero también poética, los distintos aspectos del paisaje nacional. Baste mencionar obras como <em>Valle de México, Vistas del valle de México, Valle de México desde el Tepeyac, La Alameda de México, Pirámide del Sol en Teotihuacán</em> y todos sus cuadros dedicados a los volcanes Popocatépetl e Iztaccihuatl. Hizo realidad la aspiración de muchos artistas del siglo XIX al lograr que la pintura mexicana alcanzara el reconocimiento universal.</p>
<p>José María Velasco fue profesor e inspiración numerosos pintores y el espejo en el que se miraron los muralistas José Clemente Orozco, Diego Rivera y David Alfaro Siqueiros, para después romperlo y proponer otra versión de la pintura mexicana.</p>
<p>Llamado “el arquitecto del aire” murió en su casa de la Villa de Guadalupe Hidalgo, el 26 de agosto de 1912. Fue sepultado en el panteón del Tepeyac.</p>
<p>Escucha los siguientes programas se seccionados del acervo histórico del IMER sobre la vida y obra de José María Velasco.[/vc_column_text][/vc_column][/vc_row][vc_row type=&#8221;vc_default&#8221; disable_element=&#8221;yes&#8221;][vc_column][vc_empty_space height=&#8221;100px&#8221;][/vc_column][/vc_row][vc_row][vc_column][vc_column_text]<div id="audioigniter-29193" class="audioigniter-root " data-player-type="full" data-tracks-url="https://www.imer.mx/micrositios/?audioigniter_playlist_id=29193" data-display-track-no="false" data-reverse-track-order="false" data-display-tracklist-covers="true" data-display-active-cover="true" data-display-artist-names="true" data-display-buy-buttons="true" data-buy-buttons-target="true" data-cycle-tracks="false" data-display-credits="false" data-display-tracklist="true" data-allow-tracklist-toggle="true" data-allow-tracklist-loop="true" data-limit-tracklist-height="true" data-volume="100" data-tracklist-height="185" ></div>[/vc_column_text][/vc_column][/vc_row][vc_row][vc_column width=&#8221;1/2&#8243;][vc_single_image image=&#8221;29203&#8243; img_size=&#8221;full&#8221; add_caption=&#8221;yes&#8221; onclick=&#8221;link_image&#8221;][/vc_column][vc_column width=&#8221;1/2&#8243;][vc_single_image image=&#8221;29201&#8243; img_size=&#8221;full&#8221; add_caption=&#8221;yes&#8221; onclick=&#8221;link_image&#8221;][/vc_column][/vc_row][vc_row][vc_column css=&#8221;.vc_custom_1592519723758{margin-bottom: -85px !important;}&#8221;][vc_single_image image=&#8221;29197&#8243; img_size=&#8221;full&#8221;][/vc_column][/vc_row]</p>
</div>

<p>[vc_row][vc_column css=&#8221;.vc_custom_1592519618619{margin-top: -75px !important;}&#8221;][vc_single_image image=&#8221;29186&#8243; img_size=&#8221;full&#8221;][/vc_column][/vc_row][vc_row][vc_column][vc_custom_heading text=&#8221;JOSÉ MARÍA VELASCO&#8221; google_fonts=&#8221;font_family:Montserrat%3Aregular%2C700|font_style:400%20regular%3A400%3Anormal&#8221;][vc_empty_space][/vc_column][/vc_row][vc_row][vc_column width=&#8221;1/2&#8243;][vc_column_text]Representante más puro del paisajismo mexicano, uno de los más sobresalientes artistas plásticos del siglo XIX, José María Velasco nació en Temascalcingo, Estado de México, el 6 de julio de 1840, con el nombre de José María Tranquilino Francisco de Jesús Velasco y Gómez-Obregón. Muy&hellip;</p>
