{"id":28066,"date":"2018-12-06T13:49:57","date_gmt":"2018-12-06T19:49:57","guid":{"rendered":"https:\/\/www.imer.mx\/micrositios\/?page_id=28066"},"modified":"2018-12-27T10:56:04","modified_gmt":"2018-12-27T16:56:04","slug":"navidad-en-mexico","status":"publish","type":"page","link":"https:\/\/www.imer.mx\/micrositios\/navidad-en-mexico\/","title":{"rendered":"Navidad en M\u00e9xico"},"content":{"rendered":"<div class=\"wpb-content-wrapper\"><p>[vc_row][vc_column css=&#8221;.vc_custom_1544129156742{margin-bottom: 30px !important;}&#8221;][vc_single_image image=&#8221;28093&#8243; img_size=&#8221;full&#8221; css=&#8221;.vc_custom_1544129138391{margin-bottom: 20px !important;}&#8221;][vc_custom_heading text=&#8221;Las tradiciones y costumbres de nuestro pa\u00eds durante la \u00e9poca decembrina.&#8221; font_container=&#8221;tag:h3|text_align:center|color:%233c08a5&#8243; use_theme_fonts=&#8221;yes&#8221; css=&#8221;.vc_custom_1544129245910{margin-top: 0px !important;margin-bottom: 20px !important;}&#8221;][vc_separator][\/vc_column][\/vc_row][vc_row][vc_column width=&#8221;1\/2&#8243; css=&#8221;.vc_custom_1544127085682{margin-bottom: 30px !important;}&#8221;][vc_single_image image=&#8221;28112&#8243; img_size=&#8221;full&#8221; css=&#8221;.vc_custom_1544570838240{margin-bottom: 0px !important;}&#8221;][vc_column_text css=&#8221;.vc_custom_1544126997177{margin-bottom: 10px !important;}&#8221;]<\/p>\n<audio class=\"wp-audio-shortcode\" id=\"audio-28066-1\" preload=\"none\" style=\"width: 100%;\" controls=\"controls\"><source type=\"audio\/mpeg\" src=\"https:\/\/www.imer.mx\/wp-content\/uploads\/sites\/36\/fono_navidad_mex_02_fn08010137527.mp3?_=1\" \/><a href=\"https:\/\/www.imer.mx\/wp-content\/uploads\/sites\/36\/fono_navidad_mex_02_fn08010137527.mp3\">https:\/\/www.imer.mx\/wp-content\/uploads\/sites\/36\/fono_navidad_mex_02_fn08010137527.mp3<\/a><\/audio>\n<p>[\/vc_column_text][vc_custom_heading text=&#8221;Entren santos peregrinos: Las posadas&#8221; font_container=&#8221;tag:h4|text_align:left&#8221; use_theme_fonts=&#8221;yes&#8221; css=&#8221;.vc_custom_1544127366694{margin-top: 0px !important;}&#8221;][\/vc_column][vc_column width=&#8221;1\/2&#8243; css=&#8221;.vc_custom_1544127094842{margin-bottom: 30px !important;}&#8221;][vc_single_image image=&#8221;28111&#8243; img_size=&#8221;full&#8221; css=&#8221;.vc_custom_1544570809627{margin-bottom: 0px !important;}&#8221;][vc_column_text css=&#8221;.vc_custom_1544127025189{margin-bottom: 10px !important;}&#8221;]<\/p>\n<audio class=\"wp-audio-shortcode\" id=\"audio-28066-2\" preload=\"none\" style=\"width: 100%;\" controls=\"controls\"><source type=\"audio\/mpeg\" src=\"https:\/\/www.imer.mx\/wp-content\/uploads\/sites\/36\/fono_navidad_mex_01_fn08010137523-bis.mp3?_=2\" \/><a href=\"https:\/\/www.imer.mx\/wp-content\/uploads\/sites\/36\/fono_navidad_mex_01_fn08010137523-bis.mp3\">https:\/\/www.imer.mx\/wp-content\/uploads\/sites\/36\/fono_navidad_mex_01_fn08010137523-bis.mp3<\/a><\/audio>\n<p>[\/vc_column_text][vc_custom_heading text=&#8221;Pa&#8217; los muchachos que son muy tragones&#8221; font_container=&#8221;tag:h4|text_align:left&#8221; use_theme_fonts=&#8221;yes&#8221; css=&#8221;.vc_custom_1544127354848{margin-top: 0px !important;}&#8221;][\/vc_column][vc_column width=&#8221;1\/2&#8243; css=&#8221;.vc_custom_1544127103561{margin-bottom: 30px !important;}&#8221;][vc_single_image image=&#8221;28257&#8243; img_size=&#8221;full&#8221; css=&#8221;.vc_custom_1545265657165{margin-bottom: 0px !important;}&#8221;][vc_column_text css=&#8221;.vc_custom_1544127005849{margin-bottom: 10px !important;}&#8221;]<\/p>\n<audio class=\"wp-audio-shortcode\" id=\"audio-28066-3\" preload=\"none\" style=\"width: 100%;\" controls=\"controls\"><source type=\"audio\/mpeg\" src=\"https:\/\/www.imer.mx\/wp-content\/uploads\/sites\/36\/fono_nav_mexico_03_fn08010137528.mp3?_=3\" \/><a href=\"https:\/\/www.imer.mx\/wp-content\/uploads\/sites\/36\/fono_nav_mexico_03_fn08010137528.mp3\">https:\/\/www.imer.mx\/wp-content\/uploads\/sites\/36\/fono_nav_mexico_03_fn08010137528.mp3<\/a><\/audio>\n<p>[\/vc_column_text][vc_custom_heading text=&#8221;Triunfa el bien sobre el mal: Las pastorelas&#8221; font_container=&#8221;tag:h4|text_align:left&#8221; use_theme_fonts=&#8221;yes&#8221; css=&#8221;.vc_custom_1544127375682{margin-top: 0px !important;}&#8221;][\/vc_column][vc_column width=&#8221;1\/2&#8243; css=&#8221;.vc_custom_1544127111321{margin-bottom: 30px !important;}&#8221;][vc_single_image image=&#8221;28256&#8243; img_size=&#8221;full&#8221; css=&#8221;.vc_custom_1545265675094{margin-bottom: 0px !important;}&#8221;][vc_column_text css=&#8221;.vc_custom_1544127035067{margin-bottom: 10px !important;}&#8221;]<\/p>\n<audio class=\"wp-audio-shortcode\" id=\"audio-28066-4\" preload=\"none\" style=\"width: 100%;\" controls=\"controls\"><source type=\"audio\/mpeg\" src=\"https:\/\/www.imer.mx\/wp-content\/uploads\/sites\/36\/fono_navidad_mex_04_fn08010137529.mp3?_=4\" \/><a href=\"https:\/\/www.imer.mx\/wp-content\/uploads\/sites\/36\/fono_navidad_mex_04_fn08010137529.mp3\">https:\/\/www.imer.mx\/wp-content\/uploads\/sites\/36\/fono_navidad_mex_04_fn08010137529.mp3<\/a><\/audio>\n<p>[\/vc_column_text][vc_custom_heading text=&#8221;Esta noche es Nochebuena y ma\u00f1ana, Navidad&#8221; font_container=&#8221;tag:h4|text_align:left&#8221; use_theme_fonts=&#8221;yes&#8221; css=&#8221;.vc_custom_1544127191717{margin-top: 0px !important;}&#8221;][\/vc_column][vc_column width=&#8221;1\/2&#8243; css=&#8221;.vc_custom_1544127510498{margin-bottom: 30px !important;}&#8221;][vc_single_image image=&#8221;28269&#8243; img_size=&#8221;full&#8221; css=&#8221;.vc_custom_1545438959468{margin-bottom: 0px !important;}&#8221;][vc_column_text css=&#8221;.vc_custom_1544127429166{margin-bottom: 10px !important;}&#8221;]<\/p>\n<audio class=\"wp-audio-shortcode\" id=\"audio-28066-5\" preload=\"none\" style=\"width: 100%;\" controls=\"controls\"><source type=\"audio\/mpeg\" src=\"https:\/\/www.imer.mx\/wp-content\/uploads\/sites\/36\/fono_nav_mexico_04_fn08010137532.mp3?_=5\" \/><a href=\"https:\/\/www.imer.mx\/wp-content\/uploads\/sites\/36\/fono_nav_mexico_04_fn08010137532.mp3\">https:\/\/www.imer.mx\/wp-content\/uploads\/sites\/36\/fono_nav_mexico_04_fn08010137532.mp3<\/a><\/audio>\n<p>[\/vc_column_text][vc_custom_heading text=&#8221;Desde cada rinc\u00f3n, las manos de nuestro pueblo&#8221; font_container=&#8221;tag:h4|text_align:left&#8221; use_theme_fonts=&#8221;yes&#8221; css=&#8221;.vc_custom_1544127729136{margin-top: 0px !important;}&#8221;][\/vc_column][vc_column width=&#8221;1\/2&#8243; css=&#8221;.vc_custom_1544127518115{margin-bottom: 30px !important;}&#8221;][vc_single_image image=&#8221;28273&#8243; img_size=&#8221;full&#8221; css=&#8221;.vc_custom_1545929635426{margin-bottom: 0px !important;}&#8221;][vc_column_text css=&#8221;.vc_custom_1544127889239{margin-bottom: 10px !important;}&#8221;]<\/p>\n<audio class=\"wp-audio-shortcode\" id=\"audio-28066-6\" preload=\"none\" style=\"width: 100%;\" controls=\"controls\"><source type=\"audio\/mpeg\" src=\"https:\/\/www.imer.mx\/wp-content\/uploads\/sites\/36\/fono_nav_mexico_06_fn08010137530.mp3?_=6\" \/><a href=\"https:\/\/www.imer.mx\/wp-content\/uploads\/sites\/36\/fono_nav_mexico_06_fn08010137530.mp3\">https:\/\/www.imer.mx\/wp-content\/uploads\/sites\/36\/fono_nav_mexico_06_fn08010137530.mp3<\/a><\/audio>\n<p>[\/vc_column_text][vc_custom_heading text=&#8221;Tres, dos uno&#8230; \u00a1Feliz a\u00f1o nuevo!&#8221; font_container=&#8221;tag:h4|text_align:left&#8221; use_theme_fonts=&#8221;yes&#8221; css=&#8221;.vc_custom_1544127862508{margin-top: 0px !important;}&#8221;][\/vc_column][vc_column width=&#8221;1\/2&#8243; css=&#8221;.vc_custom_1544127525652{margin-bottom: 30px !important;}&#8221;][vc_single_image image=&#8221;28272&#8243; img_size=&#8221;full&#8221; css=&#8221;.vc_custom_1545929654518{margin-bottom: 0px !important;}&#8221;][vc_column_text css=&#8221;.vc_custom_1544127662252{margin-bottom: 10px !important;}&#8221;]<\/p>\n<audio class=\"wp-audio-shortcode\" id=\"audio-28066-7\" preload=\"none\" style=\"width: 100%;\" controls=\"controls\"><source type=\"audio\/mpeg\" src=\"https:\/\/www.imer.mx\/wp-content\/uploads\/sites\/36\/fono_nav_mexico_05_fn08010137531.mp3?_=7\" \/><a href=\"https:\/\/www.imer.mx\/wp-content\/uploads\/sites\/36\/fono_nav_mexico_05_fn08010137531.mp3\">https:\/\/www.imer.mx\/wp-content\/uploads\/sites\/36\/fono_nav_mexico_05_fn08010137531.mp3<\/a><\/audio>\n<p>[\/vc_column_text][vc_custom_heading text=&#8221;Bajo la estrella de Bel\u00e9n: D\u00eda de Reyes&#8221; font_container=&#8221;tag:h4|text_align:left&#8221; use_theme_fonts=&#8221;yes&#8221; css=&#8221;.vc_custom_1544127699874{margin-top: 0px !important;}&#8221;][\/vc_column][vc_column width=&#8221;1\/2&#8243; css=&#8221;.vc_custom_1544127533325{margin-bottom: 30px !important;}&#8221;][\/vc_column][\/vc_row][vc_row][vc_column][vc_separator][vc_column_text]<strong>Ficha t\u00e9cnica:<\/strong> Navidad en M\u00e9xico \/ Producci\u00f3n: Jes\u00fas Gonz\u00e1lez Urb\u00e1n \/ Musicalizaci\u00f3n: Claudia Ortigoza \/ Gui\u00f3n: Silvia Quezada \/ Voces: Sergio Bustos y Miriam Rodr\u00edguez Aza \/ M\u00e9xico, D.F. \/ Instituto Mexicano de la Radio \/ 1998 \/ Cinta de carrete abierto de 1200 pies (30 y 15 minutos) \/ Stock: 7 programas.[\/vc_column_text][\/vc_column][\/vc_row]<\/p>\n<\/div>","protected":false},"excerpt":{"rendered":"<p>[vc_row][vc_column css=&#8221;.vc_custom_1544129156742{margin-bottom: 30px !important;}&#8221;][vc_single_image image=&#8221;28093&#8243; img_size=&#8221;full&#8221; css=&#8221;.vc_custom_1544129138391{margin-bottom: 20px !important;}&#8221;][vc_custom_heading text=&#8221;Las tradiciones y costumbres de nuestro pa\u00eds durante la \u00e9poca decembrina.&#8221; font_container=&#8221;tag:h3|text_align:center|color:%233c08a5&#8243; use_theme_fonts=&#8221;yes&#8221; css=&#8221;.vc_custom_1544129245910{margin-top: 0px !important;margin-bottom: 20px !important;}&#8221;][vc_separator][\/vc_column][\/vc_row][vc_row][vc_column width=&#8221;1\/2&#8243; css=&#8221;.vc_custom_1544127085682{margin-bottom: 30px !important;}&#8221;][vc_single_image image=&#8221;28112&#8243; img_size=&#8221;full&#8221; css=&#8221;.vc_custom_1544570838240{margin-bottom: 0px !important;}&#8221;][vc_column_text css=&#8221;.vc_custom_1544126997177{margin-bottom: 10px !important;}&#8221;] [\/vc_column_text][vc_custom_heading text=&#8221;Entren santos peregrinos: Las posadas&#8221; font_container=&#8221;tag:h4|text_align:left&#8221; use_theme_fonts=&#8221;yes&#8221; css=&#8221;.vc_custom_1544127366694{margin-top: 0px !important;}&#8221;][\/vc_column][vc_column width=&#8221;1\/2&#8243; css=&#8221;.vc_custom_1544127094842{margin-bottom: 30px !important;}&#8221;][vc_single_image image=&#8221;28111&#8243;&hellip;<\/p>\n","protected":false},"author":1,"featured_media":0,"parent":0,"menu_order":0,"comment_status":"closed","ping_status":"closed","template":"","meta":{"wp_popup_display_lightbox":0,"wp_popup_suppress":"","wp_popup_trigger":"","wp_popup_trigger_amount":0,"wp_popup_disable_on_mobile":false,"footnotes":""},"class_list":["post-28066","page","type-page","status-publish","hentry","description-off"],"_links":{"self":[{"href":"https:\/\/www.imer.mx\/micrositios\/wp-json\/wp\/v2\/pages\/28066","targetHints":{"allow":["GET"]}}],"collection":[{"href":"https:\/\/www.imer.mx\/micrositios\/wp-json\/wp\/v2\/pages"}],"about":[{"href":"https:\/\/www.imer.mx\/micrositios\/wp-json\/wp\/v2\/types\/page"}],"author":[{"embeddable":true,"href":"https:\/\/www.imer.mx\/micrositios\/wp-json\/wp\/v2\/users\/1"}],"replies":[{"embeddable":true,"href":"https:\/\/www.imer.mx\/micrositios\/wp-json\/wp\/v2\/comments?post=28066"}],"version-history":[{"count":0,"href":"https:\/\/www.imer.mx\/micrositios\/wp-json\/wp\/v2\/pages\/28066\/revisions"}],"wp:attachment":[{"href":"https:\/\/www.imer.mx\/micrositios\/wp-json\/wp\/v2\/media?parent=28066"}],"curies":[{"name":"wp","href":"https:\/\/api.w.org\/{rel}","templated":true}]}}