{"id":27358,"date":"2018-10-03T14:14:57","date_gmt":"2018-10-03T19:14:57","guid":{"rendered":"https:\/\/www.imer.mx\/micrositios\/?page_id=27358"},"modified":"2018-10-03T18:00:20","modified_gmt":"2018-10-03T23:00:20","slug":"dia-internacional-por-la-eliminacion-de-la-discriminacion-racial","status":"publish","type":"page","link":"https:\/\/www.imer.mx\/micrositios\/dia-internacional-por-la-eliminacion-de-la-discriminacion-racial\/","title":{"rendered":"D\u00eda Internacional por la eliminaci\u00f3n de la discriminaci\u00f3n racial"},"content":{"rendered":"<div class=\"wpb-content-wrapper\"><p>[vc_row type=&#8221;vc_default&#8221; full_width=&#8221;stretch_row&#8221; content_placement=&#8221;middle&#8221; parallax=&#8221;content-moving&#8221; parallax_image=&#8221;1815&#8243; css=&#8221;.vc_custom_1538607617595{margin-top: -50px !important;padding-top: 150px !important;padding-bottom: 150px !important;background: rgba(153,153,153,0.75) url(https:\/\/www.imer.mx\/micrositios\/wp-content\/uploads\/sites\/49\/Header_Discriminacio\u0301n-racial.jpg?id=27401);background-position: center;background-repeat: no-repeat !important;background-size: cover !important;*background-color: rgb(153,153,153) !important;}&#8221; bwd_show_when_date=&#8221;__\/__\/____ __:__&#8221; bwd_show_when_date_end=&#8221;__\/__\/____ __:__&#8221;][vc_column width=&#8221;2\/3&#8243;][vc_custom_heading text=&#8221;&#8221; font_container=&#8221;tag:h1|font_size:46|text_align:left|color:%23ffffff|line_height:1&#8243; google_fonts=&#8221;font_family:Montserrat%3Aregular%2C700|font_style:400%20regular%3A400%3Anormal&#8221;][vc_custom_heading text=&#8221;&#8221; font_container=&#8221;tag:h3|text_align:left|color:%23ffffff|line_height:1&#8243; google_fonts=&#8221;font_family:Montserrat%3Aregular%2C700|font_style:400%20regular%3A400%3Anormal&#8221;][\/vc_column][vc_column width=&#8221;1\/3&#8243;][\/vc_column][\/vc_row][vc_row type=&#8221;vc_default&#8221; full_width=&#8221;stretch_row&#8221; equal_height=&#8221;yes&#8221; content_placement=&#8221;top&#8221; css=&#8221;.vc_custom_1538594616881{margin-bottom: -50px !important;padding-top: 50px !important;padding-bottom: 50px !important;background-color: #eceff1 !important;}&#8221; el_id=&#8221;dia-internacional-por-la-eliminacion-de-la-discriminacion-racial&#8221; bwd_show_when_date=&#8221;__\/__\/____ __:__&#8221; bwd_show_when_date_end=&#8221;__\/__\/____ __:__&#8221;][vc_column][vc_custom_heading text=&#8221;D\u00eda Internacional por la eliminaci\u00f3n de la discriminaci\u00f3n racial&#8221; font_container=&#8221;tag:h2|font_size:38|text_align:left|color:%23009688|line_height:1&#8243; google_fonts=&#8221;font_family:Montserrat%3Aregular%2C700|font_style:400%20regular%3A400%3Anormal&#8221;][\/vc_column][vc_column width=&#8221;1\/2&#8243;][vc_single_image image=&#8221;25373&#8243; img_size=&#8221;full&#8221;][\/vc_column][vc_column width=&#8221;1\/2&#8243;][vc_column_text]<\/p>\n<audio class=\"wp-audio-shortcode\" id=\"audio-27358-1\" preload=\"none\" style=\"width: 100%;\" controls=\"controls\"><source type=\"audio\/mpeg\" src=\"https:\/\/www.imer.mx\/micrositios\/wp-content\/uploads\/sites\/49\/Campan\u0303a_Di\u0301a_Internacional_Eliminacio\u0301n_Discriminacio\u0301n_Racial.mp3?_=1\" \/><a href=\"https:\/\/www.imer.mx\/micrositios\/wp-content\/uploads\/sites\/49\/Campan\u0303a_Di\u0301a_Internacional_Eliminacio\u0301n_Discriminacio\u0301n_Racial.mp3\">https:\/\/www.imer.mx\/micrositios\/wp-content\/uploads\/sites\/49\/Campan\u0303a_Di\u0301a_Internacional_Eliminacio\u0301n_Discriminacio\u0301n_Racial.mp3<\/a><\/audio>\n<p>[\/vc_column_text][vc_column_text]<\/p>\n<p class=\"p1\"><span class=\"s1\">Aunque nos cueste trabajo aceptarlo, en M\u00e9xico existe racismo\u2026 y es una pr\u00e1ctica m\u00e1s com\u00fan de lo que imaginamos.<\/span><\/p>\n<p class=\"p1\"><span class=\"s1\">Seg\u00fan datos de la Encuesta Nacional de Discriminaci\u00f3n en M\u00e9xico: 4 de cada 10 personas consideran que hay un trato diferencial por el color de piel; y m\u00e1s del 50% cree que a las personas se les insulta en la calle por su color de piel.<\/span><\/p>\n<p class=\"p1\"><span class=\"s1\">Acabemos con el racismo y otras formas de intolerancia, fomentemos conductas y acciones de inclusi\u00f3n y respeto hacia todas las personas.<\/span><\/p>\n<p>[\/vc_column_text][\/vc_column][\/vc_row]<\/p>\n<\/div>","protected":false},"excerpt":{"rendered":"<p>[vc_row type=&#8221;vc_default&#8221; full_width=&#8221;stretch_row&#8221; content_placement=&#8221;middle&#8221; parallax=&#8221;content-moving&#8221; parallax_image=&#8221;1815&#8243; css=&#8221;.vc_custom_1538607617595{margin-top: -50px !important;padding-top: 150px !important;padding-bottom: 150px !important;background: rgba(153,153,153,0.75) url(https:\/\/www.imer.mx\/micrositios\/wp-content\/uploads\/sites\/49\/Header_Discriminacio\u0301n-racial.jpg?id=27401);background-position: center;background-repeat: no-repeat !important;background-size: cover !important;*background-color: rgb(153,153,153) !important;}&#8221; bwd_show_when_date=&#8221;__\/__\/____ __:__&#8221; bwd_show_when_date_end=&#8221;__\/__\/____ __:__&#8221;][vc_column width=&#8221;2\/3&#8243;][vc_custom_heading text=&#8221;&#8221; font_container=&#8221;tag:h1|font_size:46|text_align:left|color:%23ffffff|line_height:1&#8243; google_fonts=&#8221;font_family:Montserrat%3Aregular%2C700|font_style:400%20regular%3A400%3Anormal&#8221;][vc_custom_heading text=&#8221;&#8221; font_container=&#8221;tag:h3|text_align:left|color:%23ffffff|line_height:1&#8243; google_fonts=&#8221;font_family:Montserrat%3Aregular%2C700|font_style:400%20regular%3A400%3Anormal&#8221;][\/vc_column][vc_column width=&#8221;1\/3&#8243;][\/vc_column][\/vc_row][vc_row type=&#8221;vc_default&#8221; full_width=&#8221;stretch_row&#8221; equal_height=&#8221;yes&#8221; content_placement=&#8221;top&#8221; css=&#8221;.vc_custom_1538594616881{margin-bottom: -50px !important;padding-top: 50px !important;padding-bottom: 50px !important;background-color: #eceff1 !important;}&#8221; el_id=&#8221;dia-internacional-por-la-eliminacion-de-la-discriminacion-racial&#8221; bwd_show_when_date=&#8221;__\/__\/____ __:__&#8221; bwd_show_when_date_end=&#8221;__\/__\/____ __:__&#8221;][vc_column][vc_custom_heading text=&#8221;D\u00eda Internacional por&hellip;<\/p>\n","protected":false},"author":141,"featured_media":0,"parent":0,"menu_order":0,"comment_status":"closed","ping_status":"closed","template":"","meta":{"wp_popup_display_lightbox":0,"wp_popup_suppress":"","wp_popup_trigger":"","wp_popup_trigger_amount":0,"wp_popup_disable_on_mobile":false,"footnotes":""},"class_list":["post-27358","page","type-page","status-publish","hentry","description-off"],"_links":{"self":[{"href":"https:\/\/www.imer.mx\/micrositios\/wp-json\/wp\/v2\/pages\/27358","targetHints":{"allow":["GET"]}}],"collection":[{"href":"https:\/\/www.imer.mx\/micrositios\/wp-json\/wp\/v2\/pages"}],"about":[{"href":"https:\/\/www.imer.mx\/micrositios\/wp-json\/wp\/v2\/types\/page"}],"author":[{"embeddable":true,"href":"https:\/\/www.imer.mx\/micrositios\/wp-json\/wp\/v2\/users\/141"}],"replies":[{"embeddable":true,"href":"https:\/\/www.imer.mx\/micrositios\/wp-json\/wp\/v2\/comments?post=27358"}],"version-history":[{"count":0,"href":"https:\/\/www.imer.mx\/micrositios\/wp-json\/wp\/v2\/pages\/27358\/revisions"}],"wp:attachment":[{"href":"https:\/\/www.imer.mx\/micrositios\/wp-json\/wp\/v2\/media?parent=27358"}],"curies":[{"name":"wp","href":"https:\/\/api.w.org\/{rel}","templated":true}]}}

Día Internacional por la eliminación de la discriminación racial

<div class="wpb-content-wrapper"><p>[vc_row type=&#8221;vc_default&#8221; full_width=&#8221;stretch_row&#8221; content_placement=&#8221;middle&#8221; parallax=&#8221;content-moving&#8221; parallax_image=&#8221;1815&#8243; css=&#8221;.vc_custom_1538607617595{margin-top: -50px !important;padding-top: 150px !important;padding-bottom: 150px !important;background: rgba(153,153,153,0.75) url(https://www.imer.mx/micrositios/wp-content/uploads/sites/49/Header_Discriminación-racial.jpg?id=27401);background-position: center;background-repeat: no-repeat !important;background-size: cover !important;*background-color: rgb(153,153,153) !important;}&#8221; bwd_show_when_date=&#8221;__/__/____ __:__&#8221; bwd_show_when_date_end=&#8221;__/__/____ __:__&#8221;][vc_column width=&#8221;2/3&#8243;][vc_custom_heading text=&#8221;&#8221; font_container=&#8221;tag:h1|font_size:46|text_align:left|color:%23ffffff|line_height:1&#8243; google_fonts=&#8221;font_family:Montserrat%3Aregular%2C700|font_style:400%20regular%3A400%3Anormal&#8221;][vc_custom_heading text=&#8221;&#8221; font_container=&#8221;tag:h3|text_align:left|color:%23ffffff|line_height:1&#8243; google_fonts=&#8221;font_family:Montserrat%3Aregular%2C700|font_style:400%20regular%3A400%3Anormal&#8221;][/vc_column][vc_column width=&#8221;1/3&#8243;][/vc_column][/vc_row][vc_row type=&#8221;vc_default&#8221; full_width=&#8221;stretch_row&#8221; equal_height=&#8221;yes&#8221; content_placement=&#8221;top&#8221; css=&#8221;.vc_custom_1538594616881{margin-bottom: -50px !important;padding-top: 50px !important;padding-bottom: 50px !important;background-color: #eceff1 !important;}&#8221; el_id=&#8221;dia-internacional-por-la-eliminacion-de-la-discriminacion-racial&#8221; bwd_show_when_date=&#8221;__/__/____ __:__&#8221; bwd_show_when_date_end=&#8221;__/__/____ __:__&#8221;][vc_column][vc_custom_heading text=&#8221;Día Internacional por la eliminación de la discriminación racial&#8221; font_container=&#8221;tag:h2|font_size:38|text_align:left|color:%23009688|line_height:1&#8243; google_fonts=&#8221;font_family:Montserrat%3Aregular%2C700|font_style:400%20regular%3A400%3Anormal&#8221;][/vc_column][vc_column width=&#8221;1/2&#8243;][vc_single_image image=&#8221;25373&#8243; img_size=&#8221;full&#8221;][/vc_column][vc_column width=&#8221;1/2&#8243;][vc_column_text]</p>
<audio class="wp-audio-shortcode" id="audio-27358-1" preload="none" style="width: 100%;" controls="controls"><source type="audio/mpeg" src="https://www.imer.mx/micrositios/wp-content/uploads/sites/49/Campaña_Día_Internacional_Eliminación_Discriminación_Racial.mp3?_=1" /><a href="https://www.imer.mx/micrositios/wp-content/uploads/sites/49/Campaña_Día_Internacional_Eliminación_Discriminación_Racial.mp3">https://www.imer.mx/micrositios/wp-content/uploads/sites/49/Campaña_Día_Internacional_Eliminación_Discriminación_Racial.mp3</a></audio>
<p>[/vc_column_text][vc_column_text]</p>
<p class="p1"><span class="s1">Aunque nos cueste trabajo aceptarlo, en México existe racismo… y es una práctica más común de lo que imaginamos.</span></p>
<p class="p1"><span class="s1">Según datos de la Encuesta Nacional de Discriminación en México: 4 de cada 10 personas consideran que hay un trato diferencial por el color de piel; y más del 50% cree que a las personas se les insulta en la calle por su color de piel.</span></p>
<p class="p1"><span class="s1">Acabemos con el racismo y otras formas de intolerancia, fomentemos conductas y acciones de inclusión y respeto hacia todas las personas.</span></p>
<p>[/vc_column_text][/vc_column][/vc_row]</p>
</div>

<p>[vc_row type=&#8221;vc_default&#8221; full_width=&#8221;stretch_row&#8221; content_placement=&#8221;middle&#8221; parallax=&#8221;content-moving&#8221; parallax_image=&#8221;1815&#8243; css=&#8221;.vc_custom_1538607617595{margin-top: -50px !important;padding-top: 150px !important;padding-bottom: 150px !important;background: rgba(153,153,153,0.75) url(https://www.imer.mx/micrositios/wp-content/uploads/sites/49/Header_Discriminación-racial.jpg?id=27401);background-position: center;background-repeat: no-repeat !important;background-size: cover !important;*background-color: rgb(153,153,153) !important;}&#8221; bwd_show_when_date=&#8221;__/__/____ __:__&#8221; bwd_show_when_date_end=&#8221;__/__/____ __:__&#8221;][vc_column width=&#8221;2/3&#8243;][vc_custom_heading text=&#8221;&#8221; font_container=&#8221;tag:h1|font_size:46|text_align:left|color:%23ffffff|line_height:1&#8243; google_fonts=&#8221;font_family:Montserrat%3Aregular%2C700|font_style:400%20regular%3A400%3Anormal&#8221;][vc_custom_heading text=&#8221;&#8221; font_container=&#8221;tag:h3|text_align:left|color:%23ffffff|line_height:1&#8243; google_fonts=&#8221;font_family:Montserrat%3Aregular%2C700|font_style:400%20regular%3A400%3Anormal&#8221;][/vc_column][vc_column width=&#8221;1/3&#8243;][/vc_column][/vc_row][vc_row type=&#8221;vc_default&#8221; full_width=&#8221;stretch_row&#8221; equal_height=&#8221;yes&#8221; content_placement=&#8221;top&#8221; css=&#8221;.vc_custom_1538594616881{margin-bottom: -50px !important;padding-top: 50px !important;padding-bottom: 50px !important;background-color: #eceff1 !important;}&#8221; el_id=&#8221;dia-internacional-por-la-eliminacion-de-la-discriminacion-racial&#8221; bwd_show_when_date=&#8221;__/__/____ __:__&#8221; bwd_show_when_date_end=&#8221;__/__/____ __:__&#8221;][vc_column][vc_custom_heading text=&#8221;Día Internacional por&hellip;</p>
