{"id":124,"date":"2026-02-06T17:09:44","date_gmt":"2026-02-06T23:09:44","guid":{"rendered":"https:\/\/www.imer.mx\/luciernagas1350\/?page_id=124"},"modified":"2026-03-03T11:04:03","modified_gmt":"2026-03-03T17:04:03","slug":"programacion","status":"publish","type":"page","link":"https:\/\/www.imer.mx\/luciernagas1350\/programacion\/","title":{"rendered":"Programaci\u00f3n"},"content":{"rendered":"<div class=\"wpb-content-wrapper\"><p>[vc_row type=&#8221;vc_default&#8221;][vc_column][vc_tour interval=&#8221;0&#8243; style=&#8221;tab-style-three&#8221;][vc_tab title=&#8221;Lunes&#8221; tab_id=&#8221;48d4af63-deac-1&#8243;]<div class=\"standard-arrow list-divider bullet-top\"><ul>\n<li>\n<h5>Cancionera<\/h5>\n<p><span style=\"color: #808080;\"><strong>00:02 &#8211; 01:00, 03:00 &#8211; 04:00, 06:14 &#8211; 09:00, 11:00 &#8211; 12:00, 16:00 &#8211; 17:00 y 19:00 &#8211; 20:00<\/strong><\/span><\/p>\n<p style=\"font-weight: 400;\">Recorrido colectivo por canciones que acompa\u00f1an luchas e historias desde un enfoque de g\u00e9nero sensible e incluyente.<\/p>\n<\/li>\n<li>\n<h5>Nos Toca<\/h5>\n<p><span style=\"color: #808080;\"><strong>09:00 &#8211; 11:00, repeticiones 17:00 &#8211; 19:00 y d\u00eda siguiente 01:00 &#8211; 03:00<\/strong><\/span><\/p>\n<p style=\"font-weight: 400;\">Revista radiof\u00f3nica conducida por Minerva Valenzuela que re\u00fane colectivas, activistas y especialistas para reflexionar sobre igualdad y derechos.<\/p>\n<\/li>\n<li>\n<h5>Envejecientes<\/h5>\n<p><span style=\"color: #808080;\"><strong>13:00 &#8211; 13:30, repeticiones 21:00 &#8211; 21:30 y 05:00 &#8211; 05:30<\/strong><\/span><\/p>\n<p style=\"font-weight: 400;\">Espacio de di\u00e1logo que aborda los envejecimientos y las vejeces desde una perspectiva de g\u00e9nero y generacional. Envejecer no es una tragedia individual, es un proceso humano, social y pol\u00edtico que nos atraviesa a todas y todos. Luci\u00e9rnagas Colaborativas.<\/p>\n<\/li>\n<li>\n<h5>Irradia (CIEG)<\/h5>\n<p><span style=\"color: #808080;\"><strong>13:30 &#8211; 14:00, repeticiones 21:30 &#8211; 22:00 y 05:30 &#8211; 06:00<\/strong><\/span><\/p>\n<p style=\"font-weight: 400;\">Reflexi\u00f3n desde el cine, libros, moda y tecnolog\u00eda sobre estereotipos y desigualdades, y c\u00f3mo influyen en nuestra forma de pensar. Producci\u00f3n del Centro de Investigaciones y Estudios de G\u00e9nero de la UNAM. Luci\u00e9rnagas Colaborativas.<\/p>\n<\/li>\n<li>\n<h5>Mucho +Q2<\/h5>\n<p><span style=\"color: #808080;\"><strong>14:00 &#8211; 16:00, repetici\u00f3n 22:00 &#8211; 24:00<\/strong><\/span><\/p>\n<p style=\"font-weight: 400;\">Revista radiof\u00f3nica conducida por Rita Abreu que cuestiona ideas tradicionales sobre amor y relaciones desde miradas feministas.<\/p>\n<\/li>\n<li>\n<h5>Identivarias (musas de metal)<\/h5>\n<p><span style=\"color: #808080;\"><strong>20:00 &#8211; 21:00, repeticiones 12:00 &#8211; 13:00 y 04:00 &#8211; 05:00<\/strong><\/span><\/p>\n<p style=\"font-weight: 400;\">Espacio donde personas de la comunidad LGBTIQ+ comparten experiencias sobre salud, cultura y derechos desde la vida diaria. Producci\u00f3n de Musas de Metal A.C. Violeta Radio en Luci\u00e9rnagas 13-50.<\/p>\n<\/li>\n<\/ul>\n<\/div>[\/vc_tab][vc_tab title=&#8221;Martes&#8221; tab_id=&#8221;a90a3d4c-9c34-10&#8243;]<div class=\"standard-arrow list-divider bullet-top\"><ul>\n<li>\n<h5>Cancionera<\/h5>\n<p><span style=\"color: #808080;\"><strong>00:02 &#8211; 01:00, 03:00 &#8211; 04:00, 06:14 &#8211; 09:00, 11:00 &#8211; 12:00, 16:00 &#8211; 17:00 y 19:00 &#8211; 20:00<\/strong><\/span><\/p>\n<p style=\"font-weight: 400;\">Recorrido colectivo por canciones que acompa\u00f1an luchas e historias desde un enfoque de g\u00e9nero sensible e incluyente.<\/p>\n<\/li>\n<li>\n<h5>Nos Toca<\/h5>\n<p><span style=\"color: #808080;\"><strong>09:00 &#8211; 11:00, repeticiones 17:00 &#8211; 19:00 y d\u00eda siguiente 01:00 &#8211; 03:00<\/strong><\/span><\/p>\n<p style=\"font-weight: 400;\">Revista radiof\u00f3nica conducida por Minerva Valenzuela que re\u00fane colectivas, activistas y especialistas para reflexionar sobre igualdad y derechos.<\/p>\n<\/li>\n<li>\n<h5>Son Politik\u00f3n<\/h5>\n<p><span style=\"color: #808080;\"><strong>12:00 &#8211; 13:00, repeticiones 20:00 &#8211; 21:00 y 04:00 &#8211; 05:00<\/strong><\/span><\/p>\n<p style=\"font-weight: 400;\">Serie que explica la pol\u00edtica desde la vida diaria y promueve la participaci\u00f3n ciudadana con lenguaje claro. Luci\u00e9rnagas Colaborativas.<\/p>\n<\/li>\n<li>\n<h5>El Mazap\u00e1n (C\u00edrculo abierto de hombres)<\/h5>\n<p><span style=\"color: #808080;\"><strong>13:00 &#8211; 13:30, repeticiones 21:00 &#8211; 21:30 y 05:00 &#8211; 05:30<\/strong><\/span><\/p>\n<p style=\"font-weight: 400;\">Di\u00e1logo entre hombres sobre emociones, violencia y formas de relacionarse. Cuestiona ideas tradicionales sobre \u201cser hombre\u201d y propone relaciones basadas en respeto y cuidado. Producido con el C\u00edrculo abierto de hombres. Luci\u00e9rnagas Colaborativas.<\/p>\n<\/li>\n<li>\n<h5>Desarmando la historia (INEHRM)<\/h5>\n<p><span style=\"color: #808080;\"><strong>13:30 &#8211; 14:00, repeticiones 21:30 &#8211; 22:00 y 05:30 &#8211; 06:00<\/strong><\/span><\/p>\n<p style=\"font-weight: 400;\">Serie del Instituto Nacional de Estudios Hist\u00f3ricos de las Revoluciones de M\u00e9xico (INEHRM) que revisa hechos hist\u00f3ricos de M\u00e9xico y cuestiona versiones tradicionales para comprender c\u00f3mo se construye la memoria colectiva.<\/p>\n<\/li>\n<li>\n<h5>Mucho +Q2<\/h5>\n<p><span style=\"color: #808080;\"><strong>14:00 &#8211; 16:00, repetici\u00f3n 22:00 &#8211; 24:00<\/strong><\/span><\/p>\n<p style=\"font-weight: 400;\">Revista radiof\u00f3nica conducida por Rita Abreu que cuestiona ideas tradicionales sobre amor y relaciones desde miradas feministas.<\/p>\n<\/li>\n<\/ul>\n<\/div>[\/vc_tab][vc_tab title=&#8221;Mi\u00e9rcoles&#8221; tab_id=&#8221;1770678404346-2-2&#8243;]<div class=\"standard-arrow list-divider bullet-top\"><ul>\n<li>\n<h5>Cancionera<\/h5>\n<p><span style=\"color: #808080;\"><strong>00:02 &#8211; 01:00, 03:00 &#8211; 04:00, 06:14 &#8211; 09:00, 11:00 &#8211; 12:00, 16:00 &#8211; 17:00 y 19:00 &#8211; 20:00<\/strong><\/span><\/p>\n<p style=\"font-weight: 400;\">Recorrido colectivo por canciones que acompa\u00f1an luchas e historias desde un enfoque de g\u00e9nero sensible e incluyente.<\/p>\n<\/li>\n<li>\n<h5>Nos Toca<\/h5>\n<p><span style=\"color: #808080;\"><strong>09:00 &#8211; 11:00, repeticiones 17:00 &#8211; 19:00 y d\u00eda siguiente 01:00 &#8211; 03:00<\/strong><\/span><\/p>\n<p style=\"font-weight: 400;\">Revista radiof\u00f3nica conducida por Minerva Valenzuela que re\u00fane colectivas, activistas y especialistas para reflexionar sobre igualdad y derechos.<\/p>\n<\/li>\n<li>\n<h5>Frecuencia incluyente<\/h5>\n<p><span style=\"color: #808080;\"><strong>12:00 &#8211; 13:00, repeticiones 20:00 &#8211; 21:00 y 04:00 &#8211; 05:00<\/strong><\/span><\/p>\n<p style=\"font-weight: 400;\">Programa que explica con ejemplos sencillos qu\u00e9 significa hablar de inclusi\u00f3n. Conversa con personas especialistas y activistas sobre discapacidad, orientaci\u00f3n sexual y desigualdades.<\/p>\n<\/li>\n<li>\n<h5>Violeta y oro (Radio UNAM CIGU)<\/h5>\n<p><span style=\"color: #808080;\"><strong>13:00 &#8211; 13:30, repeticiones 21:00 &#8211; 21:30 y 05:00 &#8211; 05:30<\/strong><\/span><\/p>\n<p style=\"font-weight: 400;\">Serie sobre cultura e igualdad entre mujeres y hombres, y distintas formas de vivir la identidad y el afecto. Proyecto radiof\u00f3nico de la Coordinaci\u00f3n para la Igualdad de G\u00e9nero de la UNAM. Luci\u00e9rnagas Colaborativas.<\/p>\n<\/li>\n<li>\n<h5>Mujer Raiz (INALI)<\/h5>\n<p><span style=\"color: #808080;\"><strong>13:30 &#8211; 14:00, repeticiones 21:30 &#8211; 22:00 y 05:30 &#8211; 06:00<\/strong><\/span><\/p>\n<p style=\"font-weight: 400;\">Espacio que cuestiona ideas tradicionales sobre amor y relaciones, promoviendo formas m\u00e1s libres y respetuosas de vincularnos. Serie producida por el Instituto Nacional de Lenguas Ind\u00edgenas. Luci\u00e9rnagas Colaborativas.<\/p>\n<\/li>\n<li>\n<h5>Mucho +Q2<\/h5>\n<p><span style=\"color: #808080;\"><strong>14:00 &#8211; 16:00, repetici\u00f3n 22:00 &#8211; 24:00<\/strong><\/span><\/p>\n<p style=\"font-weight: 400;\">Revista radiof\u00f3nica conducida por Rita Abreu que cuestiona ideas tradicionales sobre amor y relaciones desde miradas feministas.<\/p>\n<\/li>\n<\/ul>\n<\/div>[\/vc_tab][vc_tab title=&#8221;Jueves&#8221; tab_id=&#8221;1770678794517-3-7&#8243;]<div class=\"standard-arrow list-divider bullet-top\"><ul>\n<li>\n<h5>Cancionera<\/h5>\n<p><span style=\"color: #808080;\"><strong>00:02 &#8211; 01:00, 03:00 &#8211; 04:00, 06:14 &#8211; 09:00, 11:00 &#8211; 12:00, 16:00 &#8211; 17:00 y 19:00 &#8211; 20:00<\/strong><\/span><\/p>\n<p style=\"font-weight: 400;\">Recorrido colectivo por canciones que acompa\u00f1an luchas e historias desde un enfoque de g\u00e9nero sensible e incluyente.<\/p>\n<\/li>\n<li>\n<h5>Nos Toca<\/h5>\n<p><span style=\"color: #808080;\"><strong>09:00 &#8211; 11:00, repeticiones 17:00 &#8211; 19:00 y d\u00eda siguiente 01:00 &#8211; 03:00<\/strong><\/span><\/p>\n<p style=\"font-weight: 400;\">Revista radiof\u00f3nica conducida por Minerva Valenzuela que re\u00fane colectivas, activistas y especialistas para reflexionar sobre igualdad y derechos.<\/p>\n<\/li>\n<li>\n<h5>De rebeld\u00edas y resistencias ambientales feministas<\/h5>\n<p><span style=\"color: #808080;\"><strong>12:00 &#8211; 13:00, repeticiones 20:00 &#8211; 21:00 y 04:00 &#8211; 05:00<\/strong><\/span><\/p>\n<p style=\"font-weight: 400;\">Historias de mujeres que defienden su territorio y comunidad frente a violencia y despojo. Presenta experiencias de organizaci\u00f3n y cuidado del entorno natural y cultural.<\/p>\n<\/li>\n<li>\n<h5>Transjacfeminista (Mutantes del sur)<\/h5>\n<p><span style=\"color: #808080;\"><strong>13:00 &#8211; 13:30, repeticiones 21:00 &#8211; 21:30 y 05:00 &#8211; 05:30<\/strong><\/span><\/p>\n<p style=\"font-weight: 400;\">Historias de colectivas transfeministas del sur que articulan activismo, tecnolog\u00eda y m\u00fasica electr\u00f3nica desde el trabajo colectivo. Luci\u00e9rnagas Colaborativas.<\/p>\n<\/li>\n<li>\n<h5>Voces en parvada (Altavoz)<\/h5>\n<p><span style=\"color: #808080;\"><strong>13:30 &#8211; 13:45, repeticiones 21:30 &#8211; 21:45 y 05:30 &#8211; 05:45<\/strong><\/span><\/p>\n<p style=\"font-weight: 400;\">Serie documental y podcast de Altavoz Radio, da voz a colectivos de madres buscadoras de desaparecidos y mujeres que construyen otros presentes a trav\u00e9s del arte y resistencia. Luci\u00e9rnagas Colaborativas.<\/p>\n<\/li>\n<li>\n<h5>La met\u00e1fora en el div\u00e1n (Altavoz)<\/h5>\n<p><span style=\"color: #808080;\"><strong>13:45 &#8211; 14:00, repetici\u00f3n 21:45 &#8211; 22:00<\/strong><\/span><\/p>\n<p style=\"font-weight: 400;\">Reflexiones breves que articulan psicoan\u00e1lisis y pensamiento feminista para hablar de deseo, emociones y vida cotidiana. Luci\u00e9rnagas Colaborativas.<\/p>\n<\/li>\n<li>\n<h5>Mucho +Q2<\/h5>\n<p><span style=\"color: #808080;\"><strong>14:00 &#8211; 16:00, repetici\u00f3n 22:00 &#8211; 24:00<\/strong><\/span><\/p>\n<p style=\"font-weight: 400;\">Revista radiof\u00f3nica conducida por Rita Abreu que cuestiona ideas tradicionales sobre amor y relaciones desde miradas feministas.<\/p>\n<\/li>\n<\/ul>\n<\/div>[\/vc_tab][vc_tab title=&#8221;Viernes&#8221; tab_id=&#8221;1770679131354-4-8&#8243;]<div class=\"standard-arrow list-divider bullet-top\"><ul>\n<li>\n<h5>Cancionera<\/h5>\n<p><span style=\"color: #808080;\"><strong>00:02 &#8211; 01:00, 03:00 &#8211; 04:00, 06:14 &#8211; 09:00, 11:00 &#8211; 12:00, 16:00 &#8211; 17:00 y 19:00 &#8211; 20:00<\/strong><\/span><\/p>\n<p style=\"font-weight: 400;\">Recorrido colectivo por canciones que acompa\u00f1an luchas e historias desde un enfoque de g\u00e9nero sensible e incluyente.<\/p>\n<\/li>\n<li>\n<h5>Nos Toca<\/h5>\n<p><span style=\"color: #808080;\"><strong>09:00 &#8211; 11:00, repeticiones 17:00 &#8211; 19:00 y d\u00eda siguiente 01:00 &#8211; 03:00<\/strong><\/span><\/p>\n<p style=\"font-weight: 400;\">Revista radiof\u00f3nica conducida por Minerva Valenzuela que re\u00fane colectivas, activistas y especialistas para reflexionar sobre igualdad y derechos.<\/p>\n<\/li>\n<li>\n<h5>Rompiendo el silencio (ADIVAC)<\/h5>\n<p><span style=\"color: #808080;\"><strong>12:00 &#8211; 13:00, repeticiones 20:00 &#8211; 21:00 y 04:00 &#8211; 05:00<\/strong><\/span><\/p>\n<p style=\"font-weight: 400;\">Serie informativa sobre violencia sexual con orientaci\u00f3n especializada y testimonios tratados con respeto. Producci\u00f3n de ADIVAC A.C. Violeta Radio en Luci\u00e9rnagas 13-50.<\/p>\n<\/li>\n<li>\n<h5>Macho menos (C\u00f3digo 21)<\/h5>\n<p><span style=\"color: #808080;\"><strong>13:00 &#8211; 14:00, repeticiones 21:00 &#8211; 22:00 y 05:00 &#8211; 06:00<\/strong><\/span><\/p>\n<p style=\"font-weight: 400;\">Serie que reflexiona sobre machismo, emociones y relaciones, proponiendo v\u00ednculos m\u00e1s equitativos y conscientes. Producci\u00f3n de C\u00f3digo 21. Luci\u00e9rnagas Colaborativas.<\/p>\n<\/li>\n<li>\n<h5>Mucho +Q2<\/h5>\n<p><span style=\"color: #808080;\"><strong>14:00 &#8211; 16:00, repetici\u00f3n 22:00 &#8211; 24:00<\/strong><\/span><\/p>\n<p style=\"font-weight: 400;\">Revista radiof\u00f3nica conducida por Rita Abreu que cuestiona ideas tradicionales sobre amor y relaciones desde miradas feministas.<\/p>\n<\/li>\n<\/ul>\n<\/div>[\/vc_tab][vc_tab title=&#8221;S\u00e1bado&#8221; tab_id=&#8221;1770679346051-5-1&#8243;]<div class=\"standard-arrow list-divider bullet-top\"><ul>\n<li>\n<h5>Cancionera<\/h5>\n<p><span style=\"color: #808080;\"><strong>00:02 &#8211; 01:00, 03:00 &#8211; 05:00, 06:14 &#8211; 09:00, 11:00 &#8211; 12:00, 16:00 &#8211; 17:00 y 19:00 &#8211; 21:00<\/strong><\/span><\/p>\n<p style=\"font-weight: 400;\">Recorrido colectivo por canciones que acompa\u00f1an luchas e historias desde un enfoque de g\u00e9nero sensible e incluyente.<\/p>\n<\/li>\n<li>\n<h5>Nos toca (repetici\u00f3n de martes y jueves)<\/h5>\n<p><span style=\"color: #808080;\"><strong>01:00 \u2013 03:00, 09:00 &#8211; 11:00 y 17:00 &#8211; 19:00<\/strong><\/span><\/p>\n<p style=\"font-weight: 400;\">Revista radiof\u00f3nica conducida por Minerva Valenzuela que re\u00fane colectivas, activistas y especialistas para reflexionar sobre igualdad y derechos.<\/p>\n<\/li>\n<li>\n<h5>El Mazap\u00e1n (C\u00edrculo abierto de hombres) &#8211; repetici\u00f3n<\/h5>\n<p><span style=\"color: #808080;\"><strong>05:00 &#8211; 05:30<\/strong><\/span><\/p>\n<p style=\"font-weight: 400;\">Conversaciones entre hombres que cuestionan emociones, violencia, cuidado y mandatos de g\u00e9nero sin poses ni m\u00e1scaras. Testimonios y di\u00e1logo que abren procesos de reflexi\u00f3n para desaprender pr\u00e1cticas da\u00f1inas y construir relaciones m\u00e1s conscientes. Incomoda, acompa\u00f1a y transforma. Producido con el C\u00edrculo abierto de hombres. Luci\u00e9rnagas Colaborativas.<\/p>\n<\/li>\n<li>\n<h5>Desarmando la historia (INEHRM) &#8211; repetici\u00f3n<\/h5>\n<p><span style=\"color: #808080;\"><strong>05:30 &#8211; 06:00<\/strong><\/span><\/p>\n<p style=\"font-weight: 400;\">Serie del Instituto Nacional de Estudios Hist\u00f3ricos de las Revoluciones de M\u00e9xico (INEHRM) que revisa el pasado para cuestionar relatos oficiales y proponer nuevas lecturas. Con contextos, voces especializadas y hechos poco conocidos, analiza c\u00f3mo se construyen las narrativas hist\u00f3ricas y los intereses que las atraviesan, invitando a repensar la memoria colectiva desde una mirada cr\u00edtica y situada. Luci\u00e9rnagas Colaborativas.<\/p>\n<\/li>\n<li>\n<h5>Envejecientes &#8211; repetici\u00f3n<\/h5>\n<p><span style=\"color: #808080;\"><strong>05:30 &#8211; 06:00<\/strong><\/span><\/p>\n<p style=\"font-weight: 400;\">Espacio de di\u00e1logo que aborda los envejecimientos y las vejeces desde una perspectiva de g\u00e9nero y generacional. Envejecer no es una tragedia individual, es un proceso humano, social y pol\u00edtico que nos atraviesa a todas y todos. Luci\u00e9rnagas Colaborativas.<\/p>\n<\/li>\n<li>\n<h5>Irradia (CIEG) &#8211; repetici\u00f3n<\/h5>\n<p><span style=\"color: #808080;\"><strong>12:30 &#8211; 13:00<\/strong><\/span><\/p>\n<p style=\"font-weight: 400;\">Cine, libros, moda y tecnolog\u00eda sirven para cuestionar estereotipos y relaciones de poder. Lo cotidiano se conecta con g\u00e9nero y desigualdad mediante una reflexi\u00f3n clara y cercana, sin tecnicismos, para entender c\u00f3mo lo que consumimos tambi\u00e9n moldea nuestra forma de vivir. Proyecto radiof\u00f3nico del Centro de Investigaciones y Estudios de G\u00e9nero de la UNAM. Luci\u00e9rnagas Colaborativas.<\/p>\n<\/li>\n<li>\n<h5>La Limpia (C\u00f3digo 21)<\/h5>\n<p><span style=\"color: #808080;\"><strong>13:00 &#8211; 14:00<\/strong><\/span><\/p>\n<p style=\"font-weight: 400;\">Conducido por Arantza Garc\u00eda y Paula Maul\u00e9n. Conversaciones sobre experiencias, dolores y tab\u00faes que atraviesan a mujeres y personas de la diversidad. Producci\u00f3n de C\u00f3digo 21. Luci\u00e9rnagas Colaborativas.<\/p>\n<\/li>\n<li>\n<h5>Mucho +Q2 &#8211; repetici\u00f3n<\/h5>\n<p><span style=\"color: #808080;\"><strong>14:00 &#8211; 16:00 y 22:00 &#8211; 24:00<\/strong><\/span><\/p>\n<p style=\"font-weight: 400;\">Revista radiof\u00f3nica conducida por Rita Abreu que cuestiona ideas tradicionales sobre amor y relaciones desde miradas feministas.<\/p>\n<\/li>\n<li>\n<h5>Mujer Raiz (INALI) &#8211; repetici\u00f3n<\/h5>\n<p><span style=\"color: #808080;\"><strong>21:30 &#8211; 22:00<\/strong><\/span><\/p>\n<p style=\"font-weight: 400;\">Miradas feministas y masculinidades alternativas cuestionan las ideas tradicionales sobre amor, pareja y v\u00ednculos. Abre la posibilidad de pensar relaciones m\u00e1s libres, conscientes y respetuosas, fuera de moldes r\u00edgidos y acuerdos impuestos. Serie producia por el Instituto Nacional de Lenguas Ind\u00edgenas, INALI. Luci\u00e9rnagas Colaborativas.<\/p>\n<\/li>\n<\/ul>\n<\/div>[\/vc_tab][vc_tab title=&#8221;Domingo&#8221; tab_id=&#8221;1770680703892-6-10&#8243;]<div class=\"standard-arrow list-divider bullet-top\"><ul>\n<li>\n<h5>Cancionera<\/h5>\n<p><span style=\"color: #808080;\"><strong>00:02 &#8211; 01:00, 03:00 &#8211; 05:00, 06:14 &#8211; 09:00, 11:00 &#8211; 12:00, 16:00 &#8211; 17:00 y 19:00 &#8211; 21:00<\/strong><\/span><\/p>\n<p style=\"font-weight: 400;\">Recorrido colectivo por canciones que acompa\u00f1an luchas e historias desde un enfoque de g\u00e9nero sensible e incluyente.<\/p>\n<\/li>\n<li>\n<h5>Nos toca (repetici\u00f3n de lunes, mi\u00e9rcoles y viernes)<\/h5>\n<p><span style=\"color: #808080;\"><strong>01:00 \u2013 03:00, 09:00 &#8211; 11:00 y 17:00 &#8211; 19:00<\/strong><\/span><\/p>\n<p style=\"font-weight: 400;\">Revista radiof\u00f3nica conducida por Minerva Valenzuela que re\u00fane colectivas, activistas y especialistas para reflexionar sobre igualdad y derechos.<\/p>\n<\/li>\n<li>\n<h5>La Limpia (C\u00f3digo 21) &#8211; repetici\u00f3n<\/h5>\n<p><span style=\"color: #808080;\"><strong>05:00 &#8211; 06:00<\/strong><\/span><\/p>\n<p style=\"font-weight: 400;\">Pr\u00f3ximamente mas informaci\u00f3n. Luci\u00e9rnagas Colaborativas.<\/p>\n<\/li>\n<li>\n<h5>Transjacfeminista (Mutantes del sur) &#8211; repetici\u00f3n<\/h5>\n<p><span style=\"color: #808080;\"><strong>12:00 &#8211; 12:30<\/strong><\/span><\/p>\n<p style=\"font-weight: 400;\">Relatos de colectivas transfeministas del sur global donde activismo, tecnolog\u00eda y m\u00fasica electr\u00f3nica se entrelazan. Documenta formas de organizaci\u00f3n, cuidado y resistencia desde la creatividad y lo colectivo, mostrando otra manera de hacer acci\u00f3n pol\u00edtica. Serie producida por la colectiva Mutantes del Sur. Luci\u00e9rnagas Colaborativas.<\/p>\n<\/li>\n<li>\n<h5>Voces en parvada (Altavoz) &#8211; repetici\u00f3n<\/h5>\n<p><span style=\"color: #808080;\"><strong>12:30 &#8211; 12:45<\/strong><\/span><\/p>\n<p style=\"font-weight: 400;\">Serie documental y podcast de Altavoz Radio, da voz a colectivos de madres buscadoras de desaparecidos y mujeres que construyen otros presentes a trav\u00e9s del arte y resistencia. Luci\u00e9rnagas Colaborativas.<\/p>\n<\/li>\n<li>\n<h5>La met\u00e1fora en el div\u00e1n (Altavoz) &#8211; repetici\u00f3n<\/h5>\n<p><span style=\"color: #808080;\"><strong>12:45 &#8211; 13:00<\/strong><\/span><\/p>\n<p style=\"font-weight: 400;\">Reflexiones breves que cruzan psicoan\u00e1lisis y feminismo para pensar deseo, emociones, lenguaje y vida cotidiana. A trav\u00e9s de met\u00e1foras e im\u00e1genes, acompa\u00f1a preguntas internas sin respuestas r\u00e1pidas, dejando resonancias que contin\u00faan despu\u00e9s de escuchar. Luci\u00e9rnagas Colaborativas.<\/p>\n<\/li>\n<li>\n<h5>El Mazap\u00e1n (C\u00edrculo abierto de hombres) &#8211; repetici\u00f3n<\/h5>\n<p><span style=\"color: #808080;\"><strong>13:00 &#8211; 13:30<\/strong><\/span><\/p>\n<p style=\"font-weight: 400;\">Conversaciones entre hombres que cuestionan emociones, violencia, cuidado y mandatos de g\u00e9nero sin poses ni m\u00e1scaras. Testimonios y di\u00e1logo que abren procesos de reflexi\u00f3n para desaprender pr\u00e1cticas da\u00f1inas y construir relaciones m\u00e1s conscientes. Incomoda, acompa\u00f1a y transforma. Producido con el C\u00edrculo abierto de hombres. Luci\u00e9rnagas Colaborativas.<\/p>\n<\/li>\n<li>\n<h5>Desarmando la historia (INEHRM) &#8211; repetici\u00f3n<\/h5>\n<p><span style=\"color: #808080;\"><strong>13:30 &#8211; 14:00<\/strong><\/span><\/p>\n<p style=\"font-weight: 400;\">Serie del Instituto Nacional de Estudios Hist\u00f3ricos de las Revoluciones de M\u00e9xico (INEHRM) que revisa el pasado para cuestionar relatos oficiales y proponer nuevas lecturas. Con contextos, voces especializadas y hechos poco conocidos, analiza c\u00f3mo se construyen las narrativas hist\u00f3ricas y los intereses que las atraviesan, invitando a repensar la memoria colectiva desde una mirada cr\u00edtica y situada. Luci\u00e9rnagas Colaborativas.<\/p>\n<\/li>\n<li>\n<h5>Mucho +Q2 &#8211; repetici\u00f3n<\/h5>\n<p><span style=\"color: #808080;\"><strong>14:00 &#8211; 16:00 y 22:00 &#8211; 24:00<\/strong><\/span><\/p>\n<p style=\"font-weight: 400;\">Revista radiof\u00f3nica conducida por Rita Abreu que cuestiona ideas tradicionales sobre amor y relaciones desde miradas feministas.<\/p>\n<\/li>\n<li>\n<h5>La hora nacional<\/h5>\n<p><span style=\"color: #808080;\"><strong>21:00 &#8211; 21:30<\/strong><\/span><\/p>\n<p style=\"font-weight: 400;\">Programa de radio producido por la Secretar\u00eda de Gobernaci\u00f3n, el cual enlaza estaciones de radio y televisi\u00f3n para compartir cultura, m\u00fasica e informaci\u00f3n.<\/p>\n<\/li>\n<li>\n<h5>Luces de la ciudad<\/h5>\n<p><span style=\"color: #808080;\"><strong>21:30 &#8211; 22:00<\/strong><\/span><\/p>\n<p style=\"font-weight: 400;\">Programa radiof\u00f3nico cultural del Gobierno de la Ciudad de M\u00e9xico, en seguimiento a La Hora Nacional. El programa difunde eventos, teatro y musicales en la capital mexicana.<\/p>\n<\/li>\n<\/ul>\n<\/div>[\/vc_tab][\/vc_tour][\/vc_column][\/vc_row]<\/p>\n<\/div>","protected":false},"excerpt":{"rendered":"<p>[vc_row type=&#8221;vc_default&#8221;][vc_column][vc_tour interval=&#8221;0&#8243; style=&#8221;tab-style-three&#8221;][vc_tab title=&#8221;Lunes&#8221; tab_id=&#8221;48d4af63-deac-1&#8243;][\/vc_tab][vc_tab title=&#8221;Martes&#8221; tab_id=&#8221;a90a3d4c-9c34-10&#8243;][\/vc_tab][vc_tab title=&#8221;Mi\u00e9rcoles&#8221; tab_id=&#8221;1770678404346-2-2&#8243;][\/vc_tab][vc_tab title=&#8221;Jueves&#8221; tab_id=&#8221;1770678794517-3-7&#8243;][\/vc_tab][vc_tab title=&#8221;Viernes&#8221; tab_id=&#8221;1770679131354-4-8&#8243;][\/vc_tab][vc_tab title=&#8221;S\u00e1bado&#8221; tab_id=&#8221;1770679346051-5-1&#8243;][\/vc_tab][vc_tab title=&#8221;Domingo&#8221; tab_id=&#8221;1770680703892-6-10&#8243;][\/vc_tab][\/vc_tour][\/vc_column][\/vc_row]<\/p>\n","protected":false},"author":1,"featured_media":0,"parent":0,"menu_order":0,"comment_status":"closed","ping_status":"closed","template":"","meta":{"wp_popup_display_lightbox":0,"wp_popup_suppress":"","wp_popup_trigger":"","wp_popup_trigger_amount":0,"wp_popup_disable_on_mobile":false,"footnotes":""},"class_list":["post-124","page","type-page","status-publish","hentry","description-off"],"_links":{"self":[{"href":"https:\/\/www.imer.mx\/luciernagas1350\/wp-json\/wp\/v2\/pages\/124","targetHints":{"allow":["GET"]}}],"collection":[{"href":"https:\/\/www.imer.mx\/luciernagas1350\/wp-json\/wp\/v2\/pages"}],"about":[{"href":"https:\/\/www.imer.mx\/luciernagas1350\/wp-json\/wp\/v2\/types\/page"}],"author":[{"embeddable":true,"href":"https:\/\/www.imer.mx\/luciernagas1350\/wp-json\/wp\/v2\/users\/1"}],"replies":[{"embeddable":true,"href":"https:\/\/www.imer.mx\/luciernagas1350\/wp-json\/wp\/v2\/comments?post=124"}],"version-history":[{"count":2,"href":"https:\/\/www.imer.mx\/luciernagas1350\/wp-json\/wp\/v2\/pages\/124\/revisions"}],"predecessor-version":[{"id":250,"href":"https:\/\/www.imer.mx\/luciernagas1350\/wp-json\/wp\/v2\/pages\/124\/revisions\/250"}],"wp:attachment":[{"href":"https:\/\/www.imer.mx\/luciernagas1350\/wp-json\/wp\/v2\/media?parent=124"}],"curies":[{"name":"wp","href":"https:\/\/api.w.org\/{rel}","templated":true}]}}