{"id":1477,"date":"2014-03-13T14:34:17","date_gmt":"2014-03-13T14:34:17","guid":{"rendered":"http:\/\/lapoderosa.imer.gob.mx\/?page_id=1477"},"modified":"2019-06-26T18:28:48","modified_gmt":"2019-06-26T18:28:48","slug":"imer-noticias","status":"publish","type":"page","link":"https:\/\/www.imer.mx\/lapoderosa\/programas\/imer-noticias\/","title":{"rendered":"IMER Noticias"},"content":{"rendered":"<p><span style=\"line-height: 1.5em;\"><a class=\"dt-pswp-item\" href=\"https:\/\/www.imer.mx\/lapoderosa\/wp-content\/uploads\/sites\/30\/bot_emisoras_noticias_2019.jpg\" data-dt-img-description=\"\"><img loading=\"lazy\" decoding=\"async\" class=\"size-medium wp-image-3026 alignleft\" src=\"https:\/\/www.imer.mx\/lapoderosa\/wp-content\/uploads\/sites\/30\/bot_emisoras_noticias_2019-300x126.jpg\" alt=\"\" width=\"300\" height=\"126\" srcset=\"https:\/\/www.imer.mx\/lapoderosa\/wp-content\/uploads\/sites\/30\/bot_emisoras_noticias_2019-300x126.jpg 300w, https:\/\/www.imer.mx\/lapoderosa\/wp-content\/uploads\/sites\/30\/bot_emisoras_noticias_2019.jpg 358w\" sizes=\"auto, (max-width: 300px) 100vw, 300px\" \/><\/a><\/span><\/p>\n<p><span style=\"line-height: 1.5em;\">Ent\u00e9rate de lo acontecido en M\u00e9xico y el Mundo con las noticias que brindan los espacios informativos del Instituto Mexicano de la Radio.<\/span><\/p>\n<ul>\n<li>IMER Noticias Primera Emisi\u00f3n, con Luisa Iglesias: de Lunes a Viernes de 07:00 a 10:00 horas, tiempo del centro de M\u00e9xico.<\/li>\n<li>IMER Noticias Segunda Emisi\u00f3n, con Patricia Betaza: de lunes a viernes de 14:00 a 15:00 horas, tiempo del centro de M\u00e9xico.<\/li>\n<li>R\u00e9plicas, con Ricardo Raphael de lunes a viernes de 19:00 a 20:00 horas tiempo del centro de M\u00e9xico.<\/li>\n<li>IMER Noticias Fin de Semana, con Carlos Urdiales: s\u00e1bado y domingo de 08:00 a 09:00 hrs. y de 19:00 a 20:00 hrs., tiempo del centro de M\u00e9xico<\/li>\n<li>Impacto Deportivo, con Irma Cuevas, Alfonso L\u00f3pez y Jorge Villordo de lunes a viernes de 19:30 a 20:30 horas, tiempo del centro de M\u00e9xico<\/li>\n<\/ul>\n","protected":false},"excerpt":{"rendered":"<p>Ent\u00e9rate de lo acontecido en M\u00e9xico y el Mundo con las noticias que brindan los espacios informativos del Instituto Mexicano de la Radio. IMER Noticias Primera Emisi\u00f3n, con Luisa Iglesias: de Lunes a Viernes de 07:00 a 10:00 horas, tiempo del centro de M\u00e9xico. IMER Noticias Segunda Emisi\u00f3n, con Patricia Betaza: de lunes a viernes&hellip;<\/p>\n","protected":false},"author":1,"featured_media":3026,"parent":59,"menu_order":0,"comment_status":"open","ping_status":"closed","template":"","meta":{"wp_popup_display_lightbox":0,"wp_popup_suppress":"","wp_popup_trigger":"","wp_popup_trigger_amount":0,"wp_popup_disable_on_mobile":false,"footnotes":""},"class_list":["post-1477","page","type-page","status-publish","has-post-thumbnail","hentry","description-off"],"_links":{"self":[{"href":"https:\/\/www.imer.mx\/lapoderosa\/wp-json\/wp\/v2\/pages\/1477","targetHints":{"allow":["GET"]}}],"collection":[{"href":"https:\/\/www.imer.mx\/lapoderosa\/wp-json\/wp\/v2\/pages"}],"about":[{"href":"https:\/\/www.imer.mx\/lapoderosa\/wp-json\/wp\/v2\/types\/page"}],"author":[{"embeddable":true,"href":"https:\/\/www.imer.mx\/lapoderosa\/wp-json\/wp\/v2\/users\/1"}],"replies":[{"embeddable":true,"href":"https:\/\/www.imer.mx\/lapoderosa\/wp-json\/wp\/v2\/comments?post=1477"}],"version-history":[{"count":0,"href":"https:\/\/www.imer.mx\/lapoderosa\/wp-json\/wp\/v2\/pages\/1477\/revisions"}],"up":[{"embeddable":true,"href":"https:\/\/www.imer.mx\/lapoderosa\/wp-json\/wp\/v2\/pages\/59"}],"wp:featuredmedia":[{"embeddable":true,"href":"https:\/\/www.imer.mx\/lapoderosa\/wp-json\/wp\/v2\/media\/3026"}],"wp:attachment":[{"href":"https:\/\/www.imer.mx\/lapoderosa\/wp-json\/wp\/v2\/media?parent=1477"}],"curies":[{"name":"wp","href":"https:\/\/api.w.org\/{rel}","templated":true}]}}

<p><span style="line-height: 1.5em;"><a class="dt-pswp-item" href="https://www.imer.mx/lapoderosa/wp-content/uploads/sites/30/bot_emisoras_noticias_2019.jpg" data-dt-img-description=""><img loading="lazy" decoding="async" class="size-medium wp-image-3026 alignleft" src="https://www.imer.mx/lapoderosa/wp-content/uploads/sites/30/bot_emisoras_noticias_2019-300x126.jpg" alt="" width="300" height="126" srcset="https://www.imer.mx/lapoderosa/wp-content/uploads/sites/30/bot_emisoras_noticias_2019-300x126.jpg 300w, https://www.imer.mx/lapoderosa/wp-content/uploads/sites/30/bot_emisoras_noticias_2019.jpg 358w" sizes="auto, (max-width: 300px) 100vw, 300px" /></a></span></p>
<p><span style="line-height: 1.5em;">Entérate de lo acontecido en México y el Mundo con las noticias que brindan los espacios informativos del Instituto Mexicano de la Radio.</span></p>
<ul>
<li>IMER Noticias Primera Emisión, con Luisa Iglesias: de Lunes a Viernes de 07:00 a 10:00 horas, tiempo del centro de México.</li>
<li>IMER Noticias Segunda Emisión, con Patricia Betaza: de lunes a viernes de 14:00 a 15:00 horas, tiempo del centro de México.</li>
<li>Réplicas, con Ricardo Raphael de lunes a viernes de 19:00 a 20:00 horas tiempo del centro de México.</li>
<li>IMER Noticias Fin de Semana, con Carlos Urdiales: sábado y domingo de 08:00 a 09:00 hrs. y de 19:00 a 20:00 hrs., tiempo del centro de México</li>
<li>Impacto Deportivo, con Irma Cuevas, Alfonso López y Jorge Villordo de lunes a viernes de 19:30 a 20:30 horas, tiempo del centro de México</li>
</ul>

<p>Entérate de lo acontecido en México y el Mundo con las noticias que brindan los espacios informativos del Instituto Mexicano de la Radio. IMER Noticias Primera Emisión, con Luisa Iglesias: de Lunes a Viernes de 07:00 a 10:00 horas, tiempo del centro de México. IMER Noticias Segunda Emisión, con Patricia Betaza: de lunes a viernes&hellip;</p>
