{"id":1442,"date":"2014-03-13T14:15:12","date_gmt":"2014-03-13T20:15:12","guid":{"rendered":"http:\/\/lapoderosa.imer.gob.mx\/?page_id=1442"},"modified":"2022-11-30T20:01:01","modified_gmt":"2022-11-30T20:01:01","slug":"al-que-madruga-dios-lo-ayuda","status":"publish","type":"page","link":"https:\/\/www.imer.mx\/lapoderosa\/programas\/al-que-madruga-dios-lo-ayuda\/","title":{"rendered":"Al que madruga Dios lo ayuda"},"content":{"rendered":"<p><span style=\"line-height: 1.5em\"><img loading=\"lazy\" decoding=\"async\" class=\"alignleft size-medium wp-image-606\" src=\"https:\/\/www.imer.mx\/lapoderosa\/wp-content\/uploads\/sites\/30\/aL-QUE-MADRUGA-DIOS-LO-AYUDA-2-300x199.jpg\" alt=\"aL QUE MADRUGA DIOS LO AYUDA 2\" width=\"300\" height=\"199\" srcset=\"https:\/\/www.imer.mx\/lapoderosa\/wp-content\/uploads\/sites\/30\/aL-QUE-MADRUGA-DIOS-LO-AYUDA-2-300x199.jpg 300w, https:\/\/www.imer.mx\/lapoderosa\/wp-content\/uploads\/sites\/30\/aL-QUE-MADRUGA-DIOS-LO-AYUDA-2.jpg 640w\" sizes=\"auto, (max-width: 300px) 100vw, 300px\" \/>Tempranito y en ayunas, es cuando el p\u00fablico escucha todo lo que ofrece este programa. M\u00fasica, bolsa de trabajo, clima y localizaci\u00f3n de paisanos migrantes. <\/span><\/p>\n<p><span style=\"line-height: 1.5em\">Diariamente de 06:10 a 07:00 horas.<\/span><\/p>\n","protected":false},"excerpt":{"rendered":"<p>Tempranito y en ayunas, es cuando el p\u00fablico escucha todo lo que ofrece este programa. M\u00fasica, bolsa de trabajo, clima y localizaci\u00f3n de paisanos migrantes. Diariamente de 06:10 a 07:00 horas.<\/p>\n","protected":false},"author":1,"featured_media":1401,"parent":59,"menu_order":0,"comment_status":"open","ping_status":"open","template":"","meta":{"wp_popup_display_lightbox":0,"wp_popup_suppress":"","wp_popup_trigger":"","wp_popup_trigger_amount":0,"wp_popup_disable_on_mobile":false,"footnotes":""},"class_list":["post-1442","page","type-page","status-publish","has-post-thumbnail","hentry","description-off"],"_links":{"self":[{"href":"https:\/\/www.imer.mx\/lapoderosa\/wp-json\/wp\/v2\/pages\/1442","targetHints":{"allow":["GET"]}}],"collection":[{"href":"https:\/\/www.imer.mx\/lapoderosa\/wp-json\/wp\/v2\/pages"}],"about":[{"href":"https:\/\/www.imer.mx\/lapoderosa\/wp-json\/wp\/v2\/types\/page"}],"author":[{"embeddable":true,"href":"https:\/\/www.imer.mx\/lapoderosa\/wp-json\/wp\/v2\/users\/1"}],"replies":[{"embeddable":true,"href":"https:\/\/www.imer.mx\/lapoderosa\/wp-json\/wp\/v2\/comments?post=1442"}],"version-history":[{"count":0,"href":"https:\/\/www.imer.mx\/lapoderosa\/wp-json\/wp\/v2\/pages\/1442\/revisions"}],"up":[{"embeddable":true,"href":"https:\/\/www.imer.mx\/lapoderosa\/wp-json\/wp\/v2\/pages\/59"}],"wp:featuredmedia":[{"embeddable":true,"href":"https:\/\/www.imer.mx\/lapoderosa\/wp-json\/wp\/v2\/media\/1401"}],"wp:attachment":[{"href":"https:\/\/www.imer.mx\/lapoderosa\/wp-json\/wp\/v2\/media?parent=1442"}],"curies":[{"name":"wp","href":"https:\/\/api.w.org\/{rel}","templated":true}]}}