{"id":780,"date":"2016-04-06T15:20:48","date_gmt":"2016-04-06T20:20:48","guid":{"rendered":"http:\/\/www.imer.mx\/lafq\/?page_id=780"},"modified":"2016-04-06T15:21:38","modified_gmt":"2016-04-06T20:21:38","slug":"78-aniversario","status":"publish","type":"page","link":"https:\/\/www.imer.mx\/lafq\/galerias\/78-aniversario\/","title":{"rendered":"78 Aniversario"},"content":{"rendered":"\n\t\t\t<style type='text\/css'>\n\t\t\t\t#gallery-1 {\n\t\t\t\t\tmargin: auto;\n\t\t\t\t}\n\t\t\t\t#gallery-1 .gallery-item {\n\t\t\t\t\tfloat: left;\n\t\t\t\t\tmargin-top: 10px;\n\t\t\t\t\ttext-align: center;\n\t\t\t\t\twidth: 25%;\n\t\t\t\t}\n\t\t\t\t#gallery-1 img {\n\t\t\t\t\tborder: 2px solid #cfcfcf;\n\t\t\t\t}\n\t\t\t\t#gallery-1 .gallery-caption {\n\t\t\t\t\tmargin-left: 0;\n\t\t\t\t}\n\t\t\t\t\/* see gallery_shortcode() in wp-includes\/media.php *\/\n\t\t\t<\/style>\n\t\t<div id='gallery-1' class='dt-gallery-container gallery galleryid-780 gallery-columns-4 gallery-size-thumbnail'><dl class='gallery-item'>\n\t\t\t\t<dt class='gallery-icon portrait'>\n\t\t\t\t\t<a class=\"rollover rollover-zoom dt-pswp-item\" title=\"fq_gal_78aniv_01\" data-dt-img-description=\"\" data-large_image_width=\"480\" data-large_image_height=\"640\"href='https:\/\/www.imer.mx\/lafq\/wp-content\/uploads\/sites\/26\/fq_gal_78aniv_01.jpg'><img loading=\"lazy\" decoding=\"async\" width=\"150\" height=\"150\" src=\"https:\/\/www.imer.mx\/lafq\/wp-content\/uploads\/sites\/26\/fq_gal_78aniv_01-150x150.jpg\" class=\"attachment-thumbnail size-thumbnail\" alt=\"\" aria-describedby=\"gallery-1-766\" \/><\/a>\n\t\t\t\t<\/dt>\n\t\t\t\t\t<dd class='wp-caption-text gallery-caption' id='gallery-1-766'>\n\t\t\t\t\tLetrero de Bienvenida en el Museo de la Lucha Obrera.\n\t\t\t\t\t<\/dd><\/dl><dl class='gallery-item'>\n\t\t\t\t<dt class='gallery-icon landscape'>\n\t\t\t\t\t<a class=\"rollover rollover-zoom dt-pswp-item\" title=\"fq_gal_78aniv_02\" data-dt-img-description=\"\" data-large_image_width=\"853\" data-large_image_height=\"480\"href='https:\/\/www.imer.mx\/lafq\/wp-content\/uploads\/sites\/26\/fq_gal_78aniv_02.jpg'><img loading=\"lazy\" decoding=\"async\" width=\"150\" height=\"150\" src=\"https:\/\/www.imer.mx\/lafq\/wp-content\/uploads\/sites\/26\/fq_gal_78aniv_02-150x150.jpg\" class=\"attachment-thumbnail size-thumbnail\" alt=\"\" aria-describedby=\"gallery-1-767\" \/><\/a>\n\t\t\t\t<\/dt>\n\t\t\t\t\t<dd class='wp-caption-text gallery-caption' id='gallery-1-767'>\n\t\t\t\t\tEntrevista a Hector El Toro Rodriguez, Gran Beisbolista Cananense.\n\t\t\t\t\t<\/dd><\/dl><dl class='gallery-item'>\n\t\t\t\t<dt class='gallery-icon landscape'>\n\t\t\t\t\t<a class=\"rollover rollover-zoom dt-pswp-item\" title=\"fq_gal_78aniv_03\" data-dt-img-description=\"\" data-large_image_width=\"640\" data-large_image_height=\"480\"href='https:\/\/www.imer.mx\/lafq\/wp-content\/uploads\/sites\/26\/fq_gal_78aniv_03.jpg'><img loading=\"lazy\" decoding=\"async\" width=\"150\" height=\"150\" src=\"https:\/\/www.imer.mx\/lafq\/wp-content\/uploads\/sites\/26\/fq_gal_78aniv_03-150x150.jpg\" class=\"attachment-thumbnail size-thumbnail\" alt=\"\" aria-describedby=\"gallery-1-768\" \/><\/a>\n\t\t\t\t<\/dt>\n\t\t\t\t\t<dd class='wp-caption-text gallery-caption' id='gallery-1-768'>\n\t\t\t\t\tProf. Julio Sosa Ballesteros, Martha Bello, Lic. Antonio C\u00e1zares, Quimico FB Hector Tagles, Sr. Ricardo Acedo Samaniego, Secretario Gral. del STIRT.\n\t\t\t\t\t<\/dd><\/dl><dl class='gallery-item'>\n\t\t\t\t<dt class='gallery-icon landscape'>\n\t\t\t\t\t<a class=\"rollover rollover-zoom dt-pswp-item\" title=\"fq_gal_78aniv_04\" data-dt-img-description=\"\" data-large_image_width=\"853\" data-large_image_height=\"480\"href='https:\/\/www.imer.mx\/lafq\/wp-content\/uploads\/sites\/26\/fq_gal_78aniv_04.jpg'><img loading=\"lazy\" decoding=\"async\" width=\"150\" height=\"150\" src=\"https:\/\/www.imer.mx\/lafq\/wp-content\/uploads\/sites\/26\/fq_gal_78aniv_04-150x150.jpg\" class=\"attachment-thumbnail size-thumbnail\" alt=\"\" aria-describedby=\"gallery-1-769\" \/><\/a>\n\t\t\t\t<\/dt>\n\t\t\t\t\t<dd class='wp-caption-text gallery-caption' id='gallery-1-769'>\n\t\t\t\t\tEl conferencista Francisco Eloy Bustamante Tapia.\n\t\t\t\t\t<\/dd><\/dl><br style=\"clear: both\" \/><dl class='gallery-item'>\n\t\t\t\t<dt class='gallery-icon landscape'>\n\t\t\t\t\t<a class=\"rollover rollover-zoom dt-pswp-item\" title=\"fq_gal_78aniv_05\" data-dt-img-description=\"\" data-large_image_width=\"853\" data-large_image_height=\"480\"href='https:\/\/www.imer.mx\/lafq\/wp-content\/uploads\/sites\/26\/fq_gal_78aniv_05.jpg'><img loading=\"lazy\" decoding=\"async\" width=\"150\" height=\"150\" src=\"https:\/\/www.imer.mx\/lafq\/wp-content\/uploads\/sites\/26\/fq_gal_78aniv_05-150x150.jpg\" class=\"attachment-thumbnail size-thumbnail\" alt=\"\" aria-describedby=\"gallery-1-770\" \/><\/a>\n\t\t\t\t<\/dt>\n\t\t\t\t\t<dd class='wp-caption-text gallery-caption' id='gallery-1-770'>\n\t\t\t\t\tAsistentes a la Conferencia de 78 aniversario.\n\t\t\t\t\t<\/dd><\/dl><dl class='gallery-item'>\n\t\t\t\t<dt class='gallery-icon landscape'>\n\t\t\t\t\t<a class=\"rollover rollover-zoom dt-pswp-item\" title=\"fq_gal_78aniv_06\" data-dt-img-description=\"\" data-large_image_width=\"853\" data-large_image_height=\"480\"href='https:\/\/www.imer.mx\/lafq\/wp-content\/uploads\/sites\/26\/fq_gal_78aniv_06.jpg'><img loading=\"lazy\" decoding=\"async\" width=\"150\" height=\"150\" src=\"https:\/\/www.imer.mx\/lafq\/wp-content\/uploads\/sites\/26\/fq_gal_78aniv_06-150x150.jpg\" class=\"attachment-thumbnail size-thumbnail\" alt=\"\" aria-describedby=\"gallery-1-771\" \/><\/a>\n\t\t\t\t<\/dt>\n\t\t\t\t\t<dd class='wp-caption-text gallery-caption' id='gallery-1-771'>\n\t\t\t\t\tLocutor Isauro Jerez, Lic. Antonio C\u00e1zares, Sra. Mar\u00eda Elena G\u00f3mez, primer locutora de La FQ.\n\t\t\t\t\t<\/dd><\/dl><dl class='gallery-item'>\n\t\t\t\t<dt class='gallery-icon landscape'>\n\t\t\t\t\t<a class=\"rollover rollover-zoom dt-pswp-item\" title=\"fq_gal_78aniv_07\" data-dt-img-description=\"\" data-large_image_width=\"853\" data-large_image_height=\"480\"href='https:\/\/www.imer.mx\/lafq\/wp-content\/uploads\/sites\/26\/fq_gal_78aniv_07.jpg'><img loading=\"lazy\" decoding=\"async\" width=\"150\" height=\"150\" src=\"https:\/\/www.imer.mx\/lafq\/wp-content\/uploads\/sites\/26\/fq_gal_78aniv_07-150x150.jpg\" class=\"attachment-thumbnail size-thumbnail\" alt=\"\" aria-describedby=\"gallery-1-772\" \/><\/a>\n\t\t\t\t<\/dt>\n\t\t\t\t\t<dd class='wp-caption-text gallery-caption' id='gallery-1-772'>\n\t\t\t\t\tLocutor Isauro Jerez, locutor Isidro Figueroa, Lic. Antonio C\u00e1zares.\n\t\t\t\t\t<\/dd><\/dl><dl class='gallery-item'>\n\t\t\t\t<dt class='gallery-icon landscape'>\n\t\t\t\t\t<a class=\"rollover rollover-zoom dt-pswp-item\" title=\"fq_gal_78aniv_08\" data-dt-img-description=\"\" data-large_image_width=\"853\" data-large_image_height=\"480\"href='https:\/\/www.imer.mx\/lafq\/wp-content\/uploads\/sites\/26\/fq_gal_78aniv_08.jpg'><img loading=\"lazy\" decoding=\"async\" width=\"150\" height=\"150\" src=\"https:\/\/www.imer.mx\/lafq\/wp-content\/uploads\/sites\/26\/fq_gal_78aniv_08-150x150.jpg\" class=\"attachment-thumbnail size-thumbnail\" alt=\"\" aria-describedby=\"gallery-1-773\" \/><\/a>\n\t\t\t\t<\/dt>\n\t\t\t\t\t<dd class='wp-caption-text gallery-caption' id='gallery-1-773'>\n\t\t\t\t\tLocutor Isauro Jerez, Locutor Isidro Figueroa, Lic. Antonio C\u00e1zares, Sr. Ricardo Acedo (S. Gral. STIRT).\n\t\t\t\t\t<\/dd><\/dl><br style=\"clear: both\" \/><dl class='gallery-item'>\n\t\t\t\t<dt class='gallery-icon portrait'>\n\t\t\t\t\t<a class=\"rollover rollover-zoom dt-pswp-item\" title=\"fq_gal_78aniv_10\" data-dt-img-description=\"\" data-large_image_width=\"480\" data-large_image_height=\"640\"href='https:\/\/www.imer.mx\/lafq\/wp-content\/uploads\/sites\/26\/fq_gal_78aniv_10.jpg'><img loading=\"lazy\" decoding=\"async\" width=\"150\" height=\"150\" src=\"https:\/\/www.imer.mx\/lafq\/wp-content\/uploads\/sites\/26\/fq_gal_78aniv_10-150x150.jpg\" class=\"attachment-thumbnail size-thumbnail\" alt=\"\" aria-describedby=\"gallery-1-774\" \/><\/a>\n\t\t\t\t<\/dt>\n\t\t\t\t\t<dd class='wp-caption-text gallery-caption' id='gallery-1-774'>\n\t\t\t\t\tLic. Antonio C\u00e1zares y el locutor Mario Tapia.\n\t\t\t\t\t<\/dd><\/dl><dl class='gallery-item'>\n\t\t\t\t<dt class='gallery-icon portrait'>\n\t\t\t\t\t<a class=\"rollover rollover-zoom dt-pswp-item\" title=\"fq_gal_78aniv_11\" data-dt-img-description=\"\" data-large_image_width=\"480\" data-large_image_height=\"640\"href='https:\/\/www.imer.mx\/lafq\/wp-content\/uploads\/sites\/26\/fq_gal_78aniv_11.jpg'><img loading=\"lazy\" decoding=\"async\" width=\"150\" height=\"150\" src=\"https:\/\/www.imer.mx\/lafq\/wp-content\/uploads\/sites\/26\/fq_gal_78aniv_11-150x150.jpg\" class=\"attachment-thumbnail size-thumbnail\" alt=\"\" aria-describedby=\"gallery-1-775\" \/><\/a>\n\t\t\t\t<\/dt>\n\t\t\t\t\t<dd class='wp-caption-text gallery-caption' id='gallery-1-775'>\n\t\t\t\t\tLic. Antonio C\u00e1zares, Fco Eloy Bustamante (Conferencista y escritor Cananense).\n\t\t\t\t\t<\/dd><\/dl><dl class='gallery-item'>\n\t\t\t\t<dt class='gallery-icon landscape'>\n\t\t\t\t\t<a class=\"rollover rollover-zoom dt-pswp-item\" title=\"fq_gal_78aniv_12\" data-dt-img-description=\"\" data-large_image_width=\"853\" data-large_image_height=\"480\"href='https:\/\/www.imer.mx\/lafq\/wp-content\/uploads\/sites\/26\/fq_gal_78aniv_12.jpg'><img loading=\"lazy\" decoding=\"async\" width=\"150\" height=\"150\" src=\"https:\/\/www.imer.mx\/lafq\/wp-content\/uploads\/sites\/26\/fq_gal_78aniv_12-150x150.jpg\" class=\"attachment-thumbnail size-thumbnail\" alt=\"\" aria-describedby=\"gallery-1-776\" \/><\/a>\n\t\t\t\t<\/dt>\n\t\t\t\t\t<dd class='wp-caption-text gallery-caption' id='gallery-1-776'>\n\t\t\t\t\tAsistentes a la Conferencia de 78 Aniversario.\n\t\t\t\t\t<\/dd><\/dl><dl class='gallery-item'>\n\t\t\t\t<dt class='gallery-icon landscape'>\n\t\t\t\t\t<a class=\"rollover rollover-zoom dt-pswp-item\" title=\"fq_gal_78aniv_13\" data-dt-img-description=\"\" data-large_image_width=\"640\" data-large_image_height=\"480\"href='https:\/\/www.imer.mx\/lafq\/wp-content\/uploads\/sites\/26\/fq_gal_78aniv_13.jpg'><img loading=\"lazy\" decoding=\"async\" width=\"150\" height=\"150\" src=\"https:\/\/www.imer.mx\/lafq\/wp-content\/uploads\/sites\/26\/fq_gal_78aniv_13-150x150.jpg\" class=\"attachment-thumbnail size-thumbnail\" alt=\"\" aria-describedby=\"gallery-1-777\" \/><\/a>\n\t\t\t\t<\/dt>\n\t\t\t\t\t<dd class='wp-caption-text gallery-caption' id='gallery-1-777'>\n\t\t\t\t\tLic. Antonio C\u00e1zares, Fco. Eloy Bustamante (Conferencista y Escritor Cananense), Maria Elena G\u00f3mez (Primer locutora de La FQ).\n\t\t\t\t\t<\/dd><\/dl><br style=\"clear: both\" \/>\n\t\t\t<\/div>\n\n","protected":false},"excerpt":{"rendered":"<p>Letrero de Bienvenida en el Museo de la Lucha Obrera. Entrevista a Hector El Toro Rodriguez, Gran Beisbolista Cananense. Prof. Julio Sosa Ballesteros, Martha Bello, Lic. Antonio C\u00e1zares, Quimico FB Hector Tagles, Sr. Ricardo Acedo Samaniego, Secretario Gral. del STIRT. El conferencista Francisco Eloy Bustamante Tapia. Asistentes a la Conferencia de 78 aniversario. Locutor Isauro&hellip;<\/p>\n","protected":false},"author":1,"featured_media":766,"parent":690,"menu_order":1,"comment_status":"closed","ping_status":"closed","template":"","meta":{"wp_popup_display_lightbox":0,"wp_popup_suppress":"","wp_popup_trigger":"","wp_popup_trigger_amount":0,"wp_popup_disable_on_mobile":false,"footnotes":""},"class_list":["post-780","page","type-page","status-publish","has-post-thumbnail","hentry","description-off"],"_links":{"self":[{"href":"https:\/\/www.imer.mx\/lafq\/wp-json\/wp\/v2\/pages\/780","targetHints":{"allow":["GET"]}}],"collection":[{"href":"https:\/\/www.imer.mx\/lafq\/wp-json\/wp\/v2\/pages"}],"about":[{"href":"https:\/\/www.imer.mx\/lafq\/wp-json\/wp\/v2\/types\/page"}],"author":[{"embeddable":true,"href":"https:\/\/www.imer.mx\/lafq\/wp-json\/wp\/v2\/users\/1"}],"replies":[{"embeddable":true,"href":"https:\/\/www.imer.mx\/lafq\/wp-json\/wp\/v2\/comments?post=780"}],"version-history":[{"count":0,"href":"https:\/\/www.imer.mx\/lafq\/wp-json\/wp\/v2\/pages\/780\/revisions"}],"up":[{"embeddable":true,"href":"https:\/\/www.imer.mx\/lafq\/wp-json\/wp\/v2\/pages\/690"}],"wp:featuredmedia":[{"embeddable":true,"href":"https:\/\/www.imer.mx\/lafq\/wp-json\/wp\/v2\/media\/766"}],"wp:attachment":[{"href":"https:\/\/www.imer.mx\/lafq\/wp-json\/wp\/v2\/media?parent=780"}],"curies":[{"name":"wp","href":"https:\/\/api.w.org\/{rel}","templated":true}]}}

<style type='text/css'>
				#gallery-1 {
					margin: auto;
				}
				#gallery-1 .gallery-item {
					float: left;
					margin-top: 10px;
					text-align: center;
					width: 25%;
				}
				#gallery-1 img {
					border: 2px solid #cfcfcf;
				}
				#gallery-1 .gallery-caption {
					margin-left: 0;
				}
				/* see gallery_shortcode() in wp-includes/media.php */
			</style>
		<div id='gallery-1' class='dt-gallery-container gallery galleryid-780 gallery-columns-4 gallery-size-thumbnail'><dl class='gallery-item'>
				<dt class='gallery-icon portrait'>
					<a class="rollover rollover-zoom dt-pswp-item" title="fq_gal_78aniv_01" data-dt-img-description="" data-large_image_width="480" data-large_image_height="640"href='https://www.imer.mx/lafq/wp-content/uploads/sites/26/fq_gal_78aniv_01.jpg'><img loading="lazy" decoding="async" width="150" height="150" src="https://www.imer.mx/lafq/wp-content/uploads/sites/26/fq_gal_78aniv_01-150x150.jpg" class="attachment-thumbnail size-thumbnail" alt="" aria-describedby="gallery-1-766" /></a>
				</dt>
					<dd class='wp-caption-text gallery-caption' id='gallery-1-766'>
					Letrero de Bienvenida en el Museo de la Lucha Obrera.
					</dd></dl><dl class='gallery-item'>
				<dt class='gallery-icon landscape'>
					<a class="rollover rollover-zoom dt-pswp-item" title="fq_gal_78aniv_02" data-dt-img-description="" data-large_image_width="853" data-large_image_height="480"href='https://www.imer.mx/lafq/wp-content/uploads/sites/26/fq_gal_78aniv_02.jpg'><img loading="lazy" decoding="async" width="150" height="150" src="https://www.imer.mx/lafq/wp-content/uploads/sites/26/fq_gal_78aniv_02-150x150.jpg" class="attachment-thumbnail size-thumbnail" alt="" aria-describedby="gallery-1-767" /></a>
				</dt>
					<dd class='wp-caption-text gallery-caption' id='gallery-1-767'>
					Entrevista a Hector El Toro Rodriguez, Gran Beisbolista Cananense.
					</dd></dl><dl class='gallery-item'>
				<dt class='gallery-icon landscape'>
					<a class="rollover rollover-zoom dt-pswp-item" title="fq_gal_78aniv_03" data-dt-img-description="" data-large_image_width="640" data-large_image_height="480"href='https://www.imer.mx/lafq/wp-content/uploads/sites/26/fq_gal_78aniv_03.jpg'><img loading="lazy" decoding="async" width="150" height="150" src="https://www.imer.mx/lafq/wp-content/uploads/sites/26/fq_gal_78aniv_03-150x150.jpg" class="attachment-thumbnail size-thumbnail" alt="" aria-describedby="gallery-1-768" /></a>
				</dt>
					<dd class='wp-caption-text gallery-caption' id='gallery-1-768'>
					Prof. Julio Sosa Ballesteros, Martha Bello, Lic. Antonio Cázares, Quimico FB Hector Tagles, Sr. Ricardo Acedo Samaniego, Secretario Gral. del STIRT.
					</dd></dl><dl class='gallery-item'>
				<dt class='gallery-icon landscape'>
					<a class="rollover rollover-zoom dt-pswp-item" title="fq_gal_78aniv_04" data-dt-img-description="" data-large_image_width="853" data-large_image_height="480"href='https://www.imer.mx/lafq/wp-content/uploads/sites/26/fq_gal_78aniv_04.jpg'><img loading="lazy" decoding="async" width="150" height="150" src="https://www.imer.mx/lafq/wp-content/uploads/sites/26/fq_gal_78aniv_04-150x150.jpg" class="attachment-thumbnail size-thumbnail" alt="" aria-describedby="gallery-1-769" /></a>
				</dt>
					<dd class='wp-caption-text gallery-caption' id='gallery-1-769'>
					El conferencista Francisco Eloy Bustamante Tapia.
					</dd></dl><br style="clear: both" /><dl class='gallery-item'>
				<dt class='gallery-icon landscape'>
					<a class="rollover rollover-zoom dt-pswp-item" title="fq_gal_78aniv_05" data-dt-img-description="" data-large_image_width="853" data-large_image_height="480"href='https://www.imer.mx/lafq/wp-content/uploads/sites/26/fq_gal_78aniv_05.jpg'><img loading="lazy" decoding="async" width="150" height="150" src="https://www.imer.mx/lafq/wp-content/uploads/sites/26/fq_gal_78aniv_05-150x150.jpg" class="attachment-thumbnail size-thumbnail" alt="" aria-describedby="gallery-1-770" /></a>
				</dt>
					<dd class='wp-caption-text gallery-caption' id='gallery-1-770'>
					Asistentes a la Conferencia de 78 aniversario.
					</dd></dl><dl class='gallery-item'>
				<dt class='gallery-icon landscape'>
					<a class="rollover rollover-zoom dt-pswp-item" title="fq_gal_78aniv_06" data-dt-img-description="" data-large_image_width="853" data-large_image_height="480"href='https://www.imer.mx/lafq/wp-content/uploads/sites/26/fq_gal_78aniv_06.jpg'><img loading="lazy" decoding="async" width="150" height="150" src="https://www.imer.mx/lafq/wp-content/uploads/sites/26/fq_gal_78aniv_06-150x150.jpg" class="attachment-thumbnail size-thumbnail" alt="" aria-describedby="gallery-1-771" /></a>
				</dt>
					<dd class='wp-caption-text gallery-caption' id='gallery-1-771'>
					Locutor Isauro Jerez, Lic. Antonio Cázares, Sra. María Elena Gómez, primer locutora de La FQ.
					</dd></dl><dl class='gallery-item'>
				<dt class='gallery-icon landscape'>
					<a class="rollover rollover-zoom dt-pswp-item" title="fq_gal_78aniv_07" data-dt-img-description="" data-large_image_width="853" data-large_image_height="480"href='https://www.imer.mx/lafq/wp-content/uploads/sites/26/fq_gal_78aniv_07.jpg'><img loading="lazy" decoding="async" width="150" height="150" src="https://www.imer.mx/lafq/wp-content/uploads/sites/26/fq_gal_78aniv_07-150x150.jpg" class="attachment-thumbnail size-thumbnail" alt="" aria-describedby="gallery-1-772" /></a>
				</dt>
					<dd class='wp-caption-text gallery-caption' id='gallery-1-772'>
					Locutor Isauro Jerez, locutor Isidro Figueroa, Lic. Antonio Cázares.
					</dd></dl><dl class='gallery-item'>
				<dt class='gallery-icon landscape'>
					<a class="rollover rollover-zoom dt-pswp-item" title="fq_gal_78aniv_08" data-dt-img-description="" data-large_image_width="853" data-large_image_height="480"href='https://www.imer.mx/lafq/wp-content/uploads/sites/26/fq_gal_78aniv_08.jpg'><img loading="lazy" decoding="async" width="150" height="150" src="https://www.imer.mx/lafq/wp-content/uploads/sites/26/fq_gal_78aniv_08-150x150.jpg" class="attachment-thumbnail size-thumbnail" alt="" aria-describedby="gallery-1-773" /></a>
				</dt>
					<dd class='wp-caption-text gallery-caption' id='gallery-1-773'>
					Locutor Isauro Jerez, Locutor Isidro Figueroa, Lic. Antonio Cázares, Sr. Ricardo Acedo (S. Gral. STIRT).
					</dd></dl><br style="clear: both" /><dl class='gallery-item'>
				<dt class='gallery-icon portrait'>
					<a class="rollover rollover-zoom dt-pswp-item" title="fq_gal_78aniv_10" data-dt-img-description="" data-large_image_width="480" data-large_image_height="640"href='https://www.imer.mx/lafq/wp-content/uploads/sites/26/fq_gal_78aniv_10.jpg'><img loading="lazy" decoding="async" width="150" height="150" src="https://www.imer.mx/lafq/wp-content/uploads/sites/26/fq_gal_78aniv_10-150x150.jpg" class="attachment-thumbnail size-thumbnail" alt="" aria-describedby="gallery-1-774" /></a>
				</dt>
					<dd class='wp-caption-text gallery-caption' id='gallery-1-774'>
					Lic. Antonio Cázares y el locutor Mario Tapia.
					</dd></dl><dl class='gallery-item'>
				<dt class='gallery-icon portrait'>
					<a class="rollover rollover-zoom dt-pswp-item" title="fq_gal_78aniv_11" data-dt-img-description="" data-large_image_width="480" data-large_image_height="640"href='https://www.imer.mx/lafq/wp-content/uploads/sites/26/fq_gal_78aniv_11.jpg'><img loading="lazy" decoding="async" width="150" height="150" src="https://www.imer.mx/lafq/wp-content/uploads/sites/26/fq_gal_78aniv_11-150x150.jpg" class="attachment-thumbnail size-thumbnail" alt="" aria-describedby="gallery-1-775" /></a>
				</dt>
					<dd class='wp-caption-text gallery-caption' id='gallery-1-775'>
					Lic. Antonio Cázares, Fco Eloy Bustamante (Conferencista y escritor Cananense).
					</dd></dl><dl class='gallery-item'>
				<dt class='gallery-icon landscape'>
					<a class="rollover rollover-zoom dt-pswp-item" title="fq_gal_78aniv_12" data-dt-img-description="" data-large_image_width="853" data-large_image_height="480"href='https://www.imer.mx/lafq/wp-content/uploads/sites/26/fq_gal_78aniv_12.jpg'><img loading="lazy" decoding="async" width="150" height="150" src="https://www.imer.mx/lafq/wp-content/uploads/sites/26/fq_gal_78aniv_12-150x150.jpg" class="attachment-thumbnail size-thumbnail" alt="" aria-describedby="gallery-1-776" /></a>
				</dt>
					<dd class='wp-caption-text gallery-caption' id='gallery-1-776'>
					Asistentes a la Conferencia de 78 Aniversario.
					</dd></dl><dl class='gallery-item'>
				<dt class='gallery-icon landscape'>
					<a class="rollover rollover-zoom dt-pswp-item" title="fq_gal_78aniv_13" data-dt-img-description="" data-large_image_width="640" data-large_image_height="480"href='https://www.imer.mx/lafq/wp-content/uploads/sites/26/fq_gal_78aniv_13.jpg'><img loading="lazy" decoding="async" width="150" height="150" src="https://www.imer.mx/lafq/wp-content/uploads/sites/26/fq_gal_78aniv_13-150x150.jpg" class="attachment-thumbnail size-thumbnail" alt="" aria-describedby="gallery-1-777" /></a>
				</dt>
					<dd class='wp-caption-text gallery-caption' id='gallery-1-777'>
					Lic. Antonio Cázares, Fco. Eloy Bustamante (Conferencista y Escritor Cananense), Maria Elena Gómez (Primer locutora de La FQ).
					</dd></dl><br style="clear: both" />
			</div>

<p>Letrero de Bienvenida en el Museo de la Lucha Obrera. Entrevista a Hector El Toro Rodriguez, Gran Beisbolista Cananense. Prof. Julio Sosa Ballesteros, Martha Bello, Lic. Antonio Cázares, Quimico FB Hector Tagles, Sr. Ricardo Acedo Samaniego, Secretario Gral. del STIRT. El conferencista Francisco Eloy Bustamante Tapia. Asistentes a la Conferencia de 78 aniversario. Locutor Isauro&hellip;</p>
