{"id":518,"date":"2012-10-09T18:41:11","date_gmt":"2012-10-09T18:41:11","guid":{"rendered":"http:\/\/fusion.imer.gob.mx\/wordpress\/?page_id=518"},"modified":"2024-10-19T07:23:38","modified_gmt":"2024-10-19T14:23:38","slug":"directorio","status":"publish","type":"page","link":"https:\/\/www.imer.mx\/fusion\/directorio\/","title":{"rendered":"Directorio"},"content":{"rendered":"<div class=\"wpb-content-wrapper\" id=\"wpb-content-root\"><p>[vc_row type=&#8221;vc_default&#8221; full_width=&#8221;stretch_row&#8221; parallax=&#8221;content-moving-fade&#8221; parallax_image=&#8221;4700&#8243; parallax_speed_bg=&#8221;2.5&#8243; css=&#8221;.vc_custom_1571157909262{margin-top: -50px !important;border-top-width: -50px !important;padding-top: -50px !important;}&#8221;][vc_column][vc_empty_space height=&#8221;125px&#8221;]<div class=\"dt-fancy-separator h2-size style-disabled\"><div class=\"dt-fancy-title\" style=\"color: #ffffff;\"><span class=\"separator-holder separator-left\"><\/span>Fusi\u00f3n 102.5 FM<span class=\"separator-holder separator-right\"><\/span><\/div><\/div>[vc_empty_space height=&#8221;5px&#8221;]<div class=\"hr-thin style-double\" style=\"width: 15%;border-color: #f7d84c;border-top-width: 3px;\"><\/div>[vc_empty_space height=&#8221;125px&#8221;][\/vc_column][\/vc_row][vc_row][vc_column]<div class=\"dt-fancy-separator h4-size\" style=\"width: 100%;\"><div class=\"dt-fancy-title\" style=\"color: #3bc3d8;\"><span class=\"separator-holder separator-left\"><\/span>Gerencia<span class=\"separator-holder separator-right\"><\/span><\/div><\/div>[vc_empty_space height=&#8221;15px&#8221;][vc_column_text]<\/p>\n<h5 style=\"text-align: center\">Alejandra Garc\u00eda M\u00e9ndez<br \/>\n<a href=\"mailto:alejandra.garcia@imer.com.mx\">alejandra.garcia@imer.com.mx<\/a><br \/>\nTel\u00e9fono: 664 681 3392<\/h5>\n<p>[\/vc_column_text][vc_empty_space height=&#8221;15px&#8221;][\/vc_column][\/vc_row][vc_row][vc_column]<div class=\"dt-fancy-separator h4-size\" style=\"width: 100%;\"><div class=\"dt-fancy-title\" style=\"color: #3bc3d8;\"><span class=\"separator-holder separator-left\"><\/span>Locutoras y locutores<span class=\"separator-holder separator-right\"><\/span><\/div><\/div>[vc_empty_space height=&#8221;15px&#8221;][vc_column_text]<\/p>\n<h5 align=\"center\">Gerardo Pati\u00f1o Zepeda<\/h5>\n<h5 align=\"center\">Yesenia Larios Galindo<\/h5>\n<h5 align=\"center\">Isabel Pescador Ram\u00edrez<\/h5>\n<h5 align=\"center\">Fernando Fern\u00e1ndez Moreno<\/h5>\n<h5 align=\"center\">Juan Manuel Carapia Cumplido<\/h5>\n<h5 align=\"center\">Renato Guadalupe Vega Lugo<\/h5>\n<h5 align=\"center\">Sabina Mart\u00ednez Gardu\u00f1o<\/h5>\n<h5 align=\"center\"><\/h5>\n<h5 align=\"center\"><\/h5>\n<h5 align=\"center\"><\/h5>\n<h5 align=\"center\"><\/h5>\n<p>&nbsp;<\/p>\n<h5 style=\"text-align: center\">Tel\u00e9fono en cabina: 664 681 3394<\/h5>\n<p>[\/vc_column_text][vc_empty_space height=&#8221;15px&#8221;][\/vc_column][\/vc_row][vc_row][vc_column]<div class=\"dt-fancy-separator h4-size\" style=\"width: 100%;\"><div class=\"dt-fancy-title\" style=\"color: #3bc3d8;\"><span class=\"separator-holder separator-left\"><\/span>Programaci\u00f3n<span class=\"separator-holder separator-right\"><\/span><\/div><\/div>[vc_empty_space height=&#8221;15px&#8221;][vc_column_text]<\/p>\n<h5 style=\"text-align: center\"><span lang=\"EN-GB\" xml:lang=\"EN-GB\">Lizbeth Salazar Bueno &#8211;\u00a0<\/span>Miguel \u00c1ngel Villa Gallardo<\/h5>\n<h5 style=\"text-align: center\">fusion@imer.com.mx<br \/>\nTel\u00e9fono: <span lang=\"EN-GB\" xml:lang=\"EN-GB\">664 681 3392<\/span><\/h5>\n<p>[\/vc_column_text][vc_empty_space height=&#8221;15px&#8221;][\/vc_column][\/vc_row][vc_row][vc_column]<div class=\"dt-fancy-separator h4-size\" style=\"width: 100%;\"><div class=\"dt-fancy-title\" style=\"color: #3bc3d8;\"><span class=\"separator-holder separator-left\"><\/span>Continuidad<span class=\"separator-holder separator-right\"><\/span><\/div><\/div>[vc_empty_space height=&#8221;15px&#8221;][vc_column_text]<\/p>\n<h5 style=\"text-align: center\">Margarita Pacheco S\u00e1nchez<br \/>\n<a href=\"continuidad.xhuan@imer.com.mx\">continuidad.xhuan@imer.com.mx<\/a><br \/>\nTel\u00e9fono: <span lang=\"EN-GB\" xml:lang=\"EN-GB\">664 681 3392<\/span><\/h5>\n<p>[\/vc_column_text][vc_empty_space height=&#8221;15px&#8221;][\/vc_column][\/vc_row][vc_row][vc_column]<div class=\"dt-fancy-separator h4-size\" style=\"width: 100%;\"><div class=\"dt-fancy-title\" style=\"color: #3bc3d8;\"><span class=\"separator-holder separator-left\"><\/span>Colaboradores<span class=\"separator-holder separator-right\"><\/span><\/div><\/div>[vc_empty_space height=&#8221;15px&#8221;][vc_column_text]<\/p>\n<h5 align=\"center\">Oscar Romo<\/h5>\n<h5 align=\"center\">Isa\u00edas Placencia<\/h5>\n<h5 align=\"center\">Adolfo Morales<\/h5>\n<h5 align=\"center\">Gabriela S\u00e1nchez<\/h5>\n<h5 align=\"center\">Lissana Sinatra<\/h5>\n<h5 align=\"center\">Jaime Ch\u00e1idez<\/h5>\n<h5 align=\"center\">Makeda Dread<\/h5>\n<h5 align=\"center\">Angelina Guti\u00e9rrez<\/h5>\n<h5 align=\"center\"><\/h5>\n<p>[\/vc_column_text][vc_empty_space height=&#8221;15px&#8221;][\/vc_column][\/vc_row][vc_row][vc_column]<div class=\"dt-fancy-separator h4-size\" style=\"width: 100%;\"><div class=\"dt-fancy-title\" style=\"color: #3bc3d8;\"><span class=\"separator-holder separator-left\"><\/span>Producci\u00f3n<span class=\"separator-holder separator-right\"><\/span><\/div><\/div>[vc_empty_space height=&#8221;15px&#8221;][vc_column_text]<\/p>\n<h5 style=\"text-align: center\">\u00a0Sara\u00ed Vega<br \/>\nProductora<br \/>\n664 681 3392<\/h5>\n<p>[\/vc_column_text][vc_empty_space height=&#8221;15px&#8221;][\/vc_column][\/vc_row][vc_row][vc_column]<div class=\"dt-fancy-separator h4-size\" style=\"width: 100%;\"><div class=\"dt-fancy-title\" style=\"color: #3bc3d8;\"><span class=\"separator-holder separator-left\"><\/span>Grabaci\u00f3n<span class=\"separator-holder separator-right\"><\/span><\/div><\/div>[vc_empty_space height=&#8221;15px&#8221;][vc_column_text]<\/p>\n<h5 style=\"text-align: center\" align=\"center\">Luis Eduardo Gonz\u00e1lez Ruiz<br \/>\nTel\u00e9fono: 664 681 3392<\/h5>\n<h5 style=\"text-align: center\" align=\"center\">Carlos Aguirre Barajas<br \/>\nTel\u00e9fono: 664 681 3392<\/h5>\n<p>[\/vc_column_text][vc_empty_space height=&#8221;15px&#8221;][\/vc_column][\/vc_row][vc_row][vc_column]<div class=\"dt-fancy-separator h4-size\" style=\"width: 100%;\"><div class=\"dt-fancy-title\" style=\"color: #3bc3d8;\"><span class=\"separator-holder separator-left\"><\/span>Supervisor T\u00e9cnico<span class=\"separator-holder separator-right\"><\/span><\/div><\/div>[vc_empty_space height=&#8221;15px&#8221;][vc_column_text]<\/p>\n<h5 align=\"center\">Ing. Juan Jos\u00e9 Velazco Ambriz<br \/>\nTel\u00e9fono: 664 681 3392<\/h5>\n<p>[\/vc_column_text][vc_empty_space height=&#8221;15px&#8221;][\/vc_column][\/vc_row][vc_row][vc_column]<div class=\"dt-fancy-separator h4-size\" style=\"width: 100%;\"><div class=\"dt-fancy-title\" style=\"color: #3bc3d8;\"><span class=\"separator-holder separator-left\"><\/span>Secretaria<span class=\"separator-holder separator-right\"><\/span><\/div><\/div>[vc_empty_space height=&#8221;15px&#8221;][vc_column_text]<\/p>\n<h5 align=\"center\">Alejandra Mac\u00edas<\/h5>\n<h5 align=\"center\"><a href=\"alejandra.macias@imer.com.mx\">alejandra.macias@imer.com.mx<\/a><br \/>\nTel\u00e9fono: 664 681 3392<\/h5>\n<p>[\/vc_column_text][vc_empty_space height=&#8221;15px&#8221;][\/vc_column][\/vc_row][vc_row][vc_column]<div class=\"dt-fancy-separator h4-size\" style=\"width: 100%;\"><div class=\"dt-fancy-title\" style=\"color: #3bc3d8;\"><span class=\"separator-holder separator-left\"><\/span>Intendencia<span class=\"separator-holder separator-right\"><\/span><\/div><\/div>[vc_empty_space height=&#8221;15px&#8221;][vc_column_text]<\/p>\n<h5 align=\"center\">Sujey Cast\u00e1n Cruz<\/h5>\n<p>[\/vc_column_text][vc_empty_space height=&#8221;15px&#8221;][\/vc_column][\/vc_row][vc_row][vc_column][vc_empty_space height=&#8221;50px&#8221;][\/vc_column][\/vc_row][vc_row type=&#8221;vc_default&#8221; full_width=&#8221;stretch_row&#8221; parallax=&#8221;content-moving-fade&#8221; parallax_image=&#8221;4694&#8243; parallax_speed_bg=&#8221;2.5&#8243;][vc_column][vc_empty_space height=&#8221;250px&#8221;][\/vc_column][\/vc_row]<\/p>\n<\/div>","protected":false},"excerpt":{"rendered":"<p>[vc_row type=&#8221;vc_default&#8221; full_width=&#8221;stretch_row&#8221; parallax=&#8221;content-moving-fade&#8221; parallax_image=&#8221;4700&#8243; parallax_speed_bg=&#8221;2.5&#8243; css=&#8221;.vc_custom_1571157909262{margin-top: -50px !important;border-top-width: -50px !important;padding-top: -50px !important;}&#8221;][vc_column][vc_empty_space height=&#8221;125px&#8221;][vc_empty_space height=&#8221;5px&#8221;][vc_empty_space height=&#8221;125px&#8221;][\/vc_column][\/vc_row][vc_row][vc_column][vc_empty_space height=&#8221;15px&#8221;][vc_column_text] Alejandra Garc\u00eda M\u00e9ndez alejandra.garcia@imer.com.mx Tel\u00e9fono: 664 681 3392 [\/vc_column_text][vc_empty_space height=&#8221;15px&#8221;][\/vc_column][\/vc_row][vc_row][vc_column][vc_empty_space height=&#8221;15px&#8221;][vc_column_text] Gerardo Pati\u00f1o Zepeda Yesenia Larios Galindo Isabel Pescador Ram\u00edrez Fernando Fern\u00e1ndez Moreno Juan Manuel Carapia Cumplido Renato Guadalupe Vega Lugo Sabina Mart\u00ednez Gardu\u00f1o &nbsp; Tel\u00e9fono en cabina:&hellip;<\/p>\n","protected":false},"author":1,"featured_media":0,"parent":0,"menu_order":0,"comment_status":"closed","ping_status":"closed","template":"","meta":{"wp_popup_display_lightbox":0,"wp_popup_suppress":"","wp_popup_trigger":"","wp_popup_trigger_amount":0,"wp_popup_disable_on_mobile":false,"footnotes":""},"class_list":["post-518","page","type-page","status-publish","hentry","description-off"],"_links":{"self":[{"href":"https:\/\/www.imer.mx\/fusion\/wp-json\/wp\/v2\/pages\/518","targetHints":{"allow":["GET"]}}],"collection":[{"href":"https:\/\/www.imer.mx\/fusion\/wp-json\/wp\/v2\/pages"}],"about":[{"href":"https:\/\/www.imer.mx\/fusion\/wp-json\/wp\/v2\/types\/page"}],"author":[{"embeddable":true,"href":"https:\/\/www.imer.mx\/fusion\/wp-json\/wp\/v2\/users\/1"}],"replies":[{"embeddable":true,"href":"https:\/\/www.imer.mx\/fusion\/wp-json\/wp\/v2\/comments?post=518"}],"version-history":[{"count":0,"href":"https:\/\/www.imer.mx\/fusion\/wp-json\/wp\/v2\/pages\/518\/revisions"}],"wp:attachment":[{"href":"https:\/\/www.imer.mx\/fusion\/wp-json\/wp\/v2\/media?parent=518"}],"curies":[{"name":"wp","href":"https:\/\/api.w.org\/{rel}","templated":true}]}}

<div class="wpb-content-wrapper" id="wpb-content-root"><p>[vc_row type=&#8221;vc_default&#8221; full_width=&#8221;stretch_row&#8221; parallax=&#8221;content-moving-fade&#8221; parallax_image=&#8221;4700&#8243; parallax_speed_bg=&#8221;2.5&#8243; css=&#8221;.vc_custom_1571157909262{margin-top: -50px !important;border-top-width: -50px !important;padding-top: -50px !important;}&#8221;][vc_column][vc_empty_space height=&#8221;125px&#8221;]<div class="dt-fancy-separator h2-size style-disabled"><div class="dt-fancy-title" style="color: #ffffff;"><span class="separator-holder separator-left"></span>Fusión 102.5 FM<span class="separator-holder separator-right"></span></div></div>[vc_empty_space height=&#8221;5px&#8221;]<div class="hr-thin style-double" style="width: 15%;border-color: #f7d84c;border-top-width: 3px;"></div>[vc_empty_space height=&#8221;125px&#8221;][/vc_column][/vc_row][vc_row][vc_column]<div class="dt-fancy-separator h4-size" style="width: 100%;"><div class="dt-fancy-title" style="color: #3bc3d8;"><span class="separator-holder separator-left"></span>Gerencia<span class="separator-holder separator-right"></span></div></div>[vc_empty_space height=&#8221;15px&#8221;][vc_column_text]</p>
<h5 style="text-align: center">Alejandra García Méndez<br />
<a href="mailto:alejandra.garcia@imer.com.mx">alejandra.garcia@imer.com.mx</a><br />
Teléfono: 664 681 3392</h5>
<p>[/vc_column_text][vc_empty_space height=&#8221;15px&#8221;][/vc_column][/vc_row][vc_row][vc_column]<div class="dt-fancy-separator h4-size" style="width: 100%;"><div class="dt-fancy-title" style="color: #3bc3d8;"><span class="separator-holder separator-left"></span>Locutoras y locutores<span class="separator-holder separator-right"></span></div></div>[vc_empty_space height=&#8221;15px&#8221;][vc_column_text]</p>
<h5 align="center">Gerardo Patiño Zepeda</h5>
<h5 align="center">Yesenia Larios Galindo</h5>
<h5 align="center">Isabel Pescador Ramírez</h5>
<h5 align="center">Fernando Fernández Moreno</h5>
<h5 align="center">Juan Manuel Carapia Cumplido</h5>
<h5 align="center">Renato Guadalupe Vega Lugo</h5>
<h5 align="center">Sabina Martínez Garduño</h5>
<h5 align="center"></h5>
<h5 align="center"></h5>
<h5 align="center"></h5>
<h5 align="center"></h5>
<p>&nbsp;</p>
<h5 style="text-align: center">Teléfono en cabina: 664 681 3394</h5>
<p>[/vc_column_text][vc_empty_space height=&#8221;15px&#8221;][/vc_column][/vc_row][vc_row][vc_column]<div class="dt-fancy-separator h4-size" style="width: 100%;"><div class="dt-fancy-title" style="color: #3bc3d8;"><span class="separator-holder separator-left"></span>Programación<span class="separator-holder separator-right"></span></div></div>[vc_empty_space height=&#8221;15px&#8221;][vc_column_text]</p>
<h5 style="text-align: center"><span lang="EN-GB" xml:lang="EN-GB">Lizbeth Salazar Bueno &#8211; </span>Miguel Ángel Villa Gallardo</h5>
<h5 style="text-align: center">fusion@imer.com.mx<br />
Teléfono: <span lang="EN-GB" xml:lang="EN-GB">664 681 3392</span></h5>
<p>[/vc_column_text][vc_empty_space height=&#8221;15px&#8221;][/vc_column][/vc_row][vc_row][vc_column]<div class="dt-fancy-separator h4-size" style="width: 100%;"><div class="dt-fancy-title" style="color: #3bc3d8;"><span class="separator-holder separator-left"></span>Continuidad<span class="separator-holder separator-right"></span></div></div>[vc_empty_space height=&#8221;15px&#8221;][vc_column_text]</p>
<h5 style="text-align: center">Margarita Pacheco Sánchez<br />
<a href="continuidad.xhuan@imer.com.mx">continuidad.xhuan@imer.com.mx</a><br />
Teléfono: <span lang="EN-GB" xml:lang="EN-GB">664 681 3392</span></h5>
<p>[/vc_column_text][vc_empty_space height=&#8221;15px&#8221;][/vc_column][/vc_row][vc_row][vc_column]<div class="dt-fancy-separator h4-size" style="width: 100%;"><div class="dt-fancy-title" style="color: #3bc3d8;"><span class="separator-holder separator-left"></span>Colaboradores<span class="separator-holder separator-right"></span></div></div>[vc_empty_space height=&#8221;15px&#8221;][vc_column_text]</p>
<h5 align="center">Oscar Romo</h5>
<h5 align="center">Isaías Placencia</h5>
<h5 align="center">Adolfo Morales</h5>
<h5 align="center">Gabriela Sánchez</h5>
<h5 align="center">Lissana Sinatra</h5>
<h5 align="center">Jaime Cháidez</h5>
<h5 align="center">Makeda Dread</h5>
<h5 align="center">Angelina Gutiérrez</h5>
<h5 align="center"></h5>
<p>[/vc_column_text][vc_empty_space height=&#8221;15px&#8221;][/vc_column][/vc_row][vc_row][vc_column]<div class="dt-fancy-separator h4-size" style="width: 100%;"><div class="dt-fancy-title" style="color: #3bc3d8;"><span class="separator-holder separator-left"></span>Producción<span class="separator-holder separator-right"></span></div></div>[vc_empty_space height=&#8221;15px&#8221;][vc_column_text]</p>
<h5 style="text-align: center"> Saraí Vega<br />
Productora<br />
664 681 3392</h5>
<p>[/vc_column_text][vc_empty_space height=&#8221;15px&#8221;][/vc_column][/vc_row][vc_row][vc_column]<div class="dt-fancy-separator h4-size" style="width: 100%;"><div class="dt-fancy-title" style="color: #3bc3d8;"><span class="separator-holder separator-left"></span>Grabación<span class="separator-holder separator-right"></span></div></div>[vc_empty_space height=&#8221;15px&#8221;][vc_column_text]</p>
<h5 style="text-align: center" align="center">Luis Eduardo González Ruiz<br />
Teléfono: 664 681 3392</h5>
<h5 style="text-align: center" align="center">Carlos Aguirre Barajas<br />
Teléfono: 664 681 3392</h5>
<p>[/vc_column_text][vc_empty_space height=&#8221;15px&#8221;][/vc_column][/vc_row][vc_row][vc_column]<div class="dt-fancy-separator h4-size" style="width: 100%;"><div class="dt-fancy-title" style="color: #3bc3d8;"><span class="separator-holder separator-left"></span>Supervisor Técnico<span class="separator-holder separator-right"></span></div></div>[vc_empty_space height=&#8221;15px&#8221;][vc_column_text]</p>
<h5 align="center">Ing. Juan José Velazco Ambriz<br />
Teléfono: 664 681 3392</h5>
<p>[/vc_column_text][vc_empty_space height=&#8221;15px&#8221;][/vc_column][/vc_row][vc_row][vc_column]<div class="dt-fancy-separator h4-size" style="width: 100%;"><div class="dt-fancy-title" style="color: #3bc3d8;"><span class="separator-holder separator-left"></span>Secretaria<span class="separator-holder separator-right"></span></div></div>[vc_empty_space height=&#8221;15px&#8221;][vc_column_text]</p>
<h5 align="center">Alejandra Macías</h5>
<h5 align="center"><a href="alejandra.macias@imer.com.mx">alejandra.macias@imer.com.mx</a><br />
Teléfono: 664 681 3392</h5>
<p>[/vc_column_text][vc_empty_space height=&#8221;15px&#8221;][/vc_column][/vc_row][vc_row][vc_column]<div class="dt-fancy-separator h4-size" style="width: 100%;"><div class="dt-fancy-title" style="color: #3bc3d8;"><span class="separator-holder separator-left"></span>Intendencia<span class="separator-holder separator-right"></span></div></div>[vc_empty_space height=&#8221;15px&#8221;][vc_column_text]</p>
<h5 align="center">Sujey Castán Cruz</h5>
<p>[/vc_column_text][vc_empty_space height=&#8221;15px&#8221;][/vc_column][/vc_row][vc_row][vc_column][vc_empty_space height=&#8221;50px&#8221;][/vc_column][/vc_row][vc_row type=&#8221;vc_default&#8221; full_width=&#8221;stretch_row&#8221; parallax=&#8221;content-moving-fade&#8221; parallax_image=&#8221;4694&#8243; parallax_speed_bg=&#8221;2.5&#8243;][vc_column][vc_empty_space height=&#8221;250px&#8221;][/vc_column][/vc_row]</p>
</div>

<p>[vc_row type=&#8221;vc_default&#8221; full_width=&#8221;stretch_row&#8221; parallax=&#8221;content-moving-fade&#8221; parallax_image=&#8221;4700&#8243; parallax_speed_bg=&#8221;2.5&#8243; css=&#8221;.vc_custom_1571157909262{margin-top: -50px !important;border-top-width: -50px !important;padding-top: -50px !important;}&#8221;][vc_column][vc_empty_space height=&#8221;125px&#8221;][vc_empty_space height=&#8221;5px&#8221;][vc_empty_space height=&#8221;125px&#8221;][/vc_column][/vc_row][vc_row][vc_column][vc_empty_space height=&#8221;15px&#8221;][vc_column_text] Alejandra García Méndez alejandra.garcia@imer.com.mx Teléfono: 664 681 3392 [/vc_column_text][vc_empty_space height=&#8221;15px&#8221;][/vc_column][/vc_row][vc_row][vc_column][vc_empty_space height=&#8221;15px&#8221;][vc_column_text] Gerardo Patiño Zepeda Yesenia Larios Galindo Isabel Pescador Ramírez Fernando Fernández Moreno Juan Manuel Carapia Cumplido Renato Guadalupe Vega Lugo Sabina Martínez Garduño &nbsp; Teléfono en cabina:&hellip;</p>
