{"id":25034,"date":"2026-08-10T17:35:02","date_gmt":"2026-08-10T23:35:02","guid":{"rendered":"https:\/\/www.imer.mx\/flir\/?page_id=25034"},"modified":"2026-08-13T17:57:41","modified_gmt":"2026-08-13T23:57:41","slug":"estudio-b","status":"publish","type":"page","link":"https:\/\/www.imer.mx\/flir\/estudio-b\/","title":{"rendered":"Estudio B"},"content":{"rendered":"<div class=\"wpb-content-wrapper\" id=\"wpb-content-root\"><p>[vc_row type=&#8221;vc_default&#8221; css=&#8221;.vc_custom_1786488201215{margin-top: -70px !important;}&#8221;][vc_column][vc_single_image image=&#8221;25091&#8243; img_size=&#8221;full&#8221; alignment=&#8221;center&#8221; css=&#8221;&#8221;][\/vc_column][\/vc_row][vc_row type=&#8221;vc_default&#8221;][vc_column][vc_custom_heading source=&#8221;post_title&#8221; google_fonts=&#8221;font_family:Archivo%20Narrow%3Aregular%2Citalic%2C700%2C700italic|font_style:700%20bold%20regular%3A700%3Anormal&#8221; css=&#8221;&#8221;][vc_separator style=&#8221;dotted&#8221; border_width=&#8221;4&#8243; css=&#8221;&#8221;][vc_empty_space height=&#8221;16px&#8221;][\/vc_column][\/vc_row][vc_row][vc_column][vc_tour interval=&#8221;0&#8243; title_size=&#8221;h4&#8243; style=&#8221;tab-style-two&#8221;][vc_tab title=&#8221;Jueves 20&#8243; tab_id=&#8221;bad15058-4bc8-8&#8243;]<div class=\"standard-arrow list-divider bullet-top\"><ul>\n<li><span style=\"color: #000000;\"><strong>Taller de N\u00e1huatl<\/strong><\/span><br \/>\n<span style=\"color: #7a7a7a;\"><strong>11:00 hrs.<br \/>\n<\/strong><\/span>Taller de iniciaci\u00f3n a la gram\u00e1tica, vocabulario y cosmovisi\u00f3n de la lengua N\u00e1huatl. <strong>Imparte:<\/strong> Etn\u00f3loga An\u00e1huac Gonz\u00e1lez Gonz\u00e1lez<\/li>\n<li><span style=\"color: #000000;\"><strong>Taller de Spoken Word y Open Mic<\/strong><\/span><br \/>\n<span style=\"color: #7a7a7a;\"><strong>13:00 hrs.<br \/>\n<\/strong><\/span>Introducci\u00f3n al <em>Spoken Word<\/em>, explorando la poes\u00eda oral mediante el uso de la voz, el ritmo y el cuerpo como herramientas de expresi\u00f3n art\u00edstica. <strong>Imparte:<\/strong> SLAMIN Poetry Slam M\u00e9xico \/ Commik MG<\/li>\n<li><span style=\"color: #000000;\"><strong>Taller de audiolibro<\/strong><\/span><br \/>\n<span style=\"color: #7a7a7a;\"><strong>15:00 hrs.<br \/>\n<\/strong><\/span>Sesi\u00f3n pr\u00e1ctica que te invita a desarrollar las habilidades que necesita la interpretaci\u00f3n de un audiolibro. <strong>Imparte:<\/strong> Antonio Raluy<\/li>\n<li><span style=\"color: #000000;\"><strong>Taller de improficci\u00f3n<\/strong><\/span><br \/>\n<span style=\"color: #7a7a7a;\"><strong>17:00 hrs.<\/strong><\/span><br \/>\nTaller pr\u00e1ctico para desarrollar la escucha, creatividad e imaginaci\u00f3n mediante juegos y ejercicios de improvisaci\u00f3n que ayudan a crear personajes, escenas y di\u00e1logos, perdiendo el miedo al error. <strong>Imparten:<\/strong> Viri Res\u00e9ndiz y Gabriela N\u00e1ndez.<\/li>\n<\/ul>\n<\/div>[vc_column_text]<em>Programaci\u00f3n sujeta a cambios.<\/em>[\/vc_column_text][\/vc_tab][vc_tab title=&#8221;Viernes 21&#8243; tab_id=&#8221;668839c6-4a1d-6&#8243;]<div class=\"standard-arrow list-divider bullet-top\"><ul>\n<li><span style=\"color: #000000;\"><strong>Taller de encuadernaci\u00f3n<\/strong><\/span><br \/>\n<span style=\"color: #7a7a7a;\"><strong>10:00 hrs.<br \/>\n<\/strong><\/span>Taller pr\u00e1ctico de confecci\u00f3n de cuadernos artesanales y t\u00e9cnicas de encuadernaci\u00f3n en r\u00fastica. <strong>Imparte:<\/strong> Vertha Mancera.<span style=\"color: #7a7a7a;\"><strong><br \/>\n<\/strong><\/span><\/li>\n<li><span style=\"color: #000000;\"><strong>Taller: C\u00f3mo crear una comunidad lectora<\/strong><\/span><br \/>\n<span style=\"color: #7a7a7a;\"><strong>13:00 hrs.<br \/>\n<\/strong><\/span>Sesi\u00f3n pr\u00e1ctica orientada a brindar herramientas de autogesti\u00f3n para crear y sostener clubes de lectura locales.<span style=\"color: #7a7a7a;\"><strong><br \/>\n<\/strong><\/span><\/li>\n<li><span style=\"color: #000000;\"><strong>Taller: C\u00f3mo crear personajes femeninos inolvidables<\/strong><\/span><br \/>\n<span style=\"color: #7a7a7a;\"><strong><span style=\"color: #7a7a7a;\">15:00 hrs.<\/span><br \/>\n<\/strong><\/span>Taller intensivo de desarrollo de personajes enfocado en la caracterizaci\u00f3n e investigaci\u00f3n de arquetipos femeninos en la ficci\u00f3n. <strong>Imparte:<\/strong> Gilma Luque.<\/li>\n<li><span style=\"color: #000000;\"><strong>Taller de periodismo literario: mil formas de ver la realidad.<\/strong><\/span><br \/>\n<span style=\"color: #7a7a7a;\"><strong>17:00 hrs.<\/strong><\/span><br \/>\nTaller para explorar herramientas de investigaci\u00f3n y narraci\u00f3n period\u00edstica, desde la veracidad y el enfoque hasta el trabajo con fuentes, para contar historias reales con profundidad e impacto humano. <strong>Imparte:<\/strong> Miguel Alejandro Rivera.<\/li>\n<\/ul>\n<\/div>[vc_column_text]<em>Programaci\u00f3n sujeta a cambios.<\/em>[\/vc_column_text][\/vc_tab][\/vc_tour][\/vc_column][\/vc_row]<\/p>\n<\/div>","protected":false},"excerpt":{"rendered":"<p>[vc_row type=&#8221;vc_default&#8221; css=&#8221;.vc_custom_1786488201215{margin-top: -70px !important;}&#8221;][vc_column][vc_single_image image=&#8221;25091&#8243; img_size=&#8221;full&#8221; alignment=&#8221;center&#8221; css=&#8221;&#8221;][\/vc_column][\/vc_row][vc_row type=&#8221;vc_default&#8221;][vc_column][vc_custom_heading source=&#8221;post_title&#8221; google_fonts=&#8221;font_family:Archivo%20Narrow%3Aregular%2Citalic%2C700%2C700italic|font_style:700%20bold%20regular%3A700%3Anormal&#8221; css=&#8221;&#8221;][vc_separator style=&#8221;dotted&#8221; border_width=&#8221;4&#8243; css=&#8221;&#8221;][vc_empty_space height=&#8221;16px&#8221;][\/vc_column][\/vc_row][vc_row][vc_column][vc_tour interval=&#8221;0&#8243; title_size=&#8221;h4&#8243; style=&#8221;tab-style-two&#8221;][vc_tab title=&#8221;Jueves 20&#8243; tab_id=&#8221;bad15058-4bc8-8&#8243;][vc_column_text]Programaci\u00f3n sujeta a cambios.[\/vc_column_text][\/vc_tab][vc_tab title=&#8221;Viernes 21&#8243; tab_id=&#8221;668839c6-4a1d-6&#8243;][vc_column_text]Programaci\u00f3n sujeta a cambios.[\/vc_column_text][\/vc_tab][\/vc_tour][\/vc_column][\/vc_row]<\/p>\n","protected":false},"author":1,"featured_media":0,"parent":0,"menu_order":0,"comment_status":"closed","ping_status":"closed","template":"","meta":{"wp_popup_display_lightbox":0,"wp_popup_suppress":"","wp_popup_trigger":"","wp_popup_trigger_amount":0,"wp_popup_disable_on_mobile":false,"footnotes":""},"class_list":["post-25034","page","type-page","status-publish","hentry","description-off"],"_links":{"self":[{"href":"https:\/\/www.imer.mx\/flir\/wp-json\/wp\/v2\/pages\/25034","targetHints":{"allow":["GET"]}}],"collection":[{"href":"https:\/\/www.imer.mx\/flir\/wp-json\/wp\/v2\/pages"}],"about":[{"href":"https:\/\/www.imer.mx\/flir\/wp-json\/wp\/v2\/types\/page"}],"author":[{"embeddable":true,"href":"https:\/\/www.imer.mx\/flir\/wp-json\/wp\/v2\/users\/1"}],"replies":[{"embeddable":true,"href":"https:\/\/www.imer.mx\/flir\/wp-json\/wp\/v2\/comments?post=25034"}],"version-history":[{"count":0,"href":"https:\/\/www.imer.mx\/flir\/wp-json\/wp\/v2\/pages\/25034\/revisions"}],"wp:attachment":[{"href":"https:\/\/www.imer.mx\/flir\/wp-json\/wp\/v2\/media?parent=25034"}],"curies":[{"name":"wp","href":"https:\/\/api.w.org\/{rel}","templated":true}]}}

<div class="wpb-content-wrapper" id="wpb-content-root"><p>[vc_row type=&#8221;vc_default&#8221; css=&#8221;.vc_custom_1786488201215{margin-top: -70px !important;}&#8221;][vc_column][vc_single_image image=&#8221;25091&#8243; img_size=&#8221;full&#8221; alignment=&#8221;center&#8221; css=&#8221;&#8221;][/vc_column][/vc_row][vc_row type=&#8221;vc_default&#8221;][vc_column][vc_custom_heading source=&#8221;post_title&#8221; google_fonts=&#8221;font_family:Archivo%20Narrow%3Aregular%2Citalic%2C700%2C700italic|font_style:700%20bold%20regular%3A700%3Anormal&#8221; css=&#8221;&#8221;][vc_separator style=&#8221;dotted&#8221; border_width=&#8221;4&#8243; css=&#8221;&#8221;][vc_empty_space height=&#8221;16px&#8221;][/vc_column][/vc_row][vc_row][vc_column][vc_tour interval=&#8221;0&#8243; title_size=&#8221;h4&#8243; style=&#8221;tab-style-two&#8221;][vc_tab title=&#8221;Jueves 20&#8243; tab_id=&#8221;bad15058-4bc8-8&#8243;]<div class="standard-arrow list-divider bullet-top"><ul>
<li><span style="color: #000000;"><strong>Taller de Náhuatl</strong></span><br />
<span style="color: #7a7a7a;"><strong>11:00 hrs.<br />
</strong></span>Taller de iniciación a la gramática, vocabulario y cosmovisión de la lengua Náhuatl. <strong>Imparte:</strong> Etnóloga Anáhuac González González</li>
<li><span style="color: #000000;"><strong>Taller de Spoken Word y Open Mic</strong></span><br />
<span style="color: #7a7a7a;"><strong>13:00 hrs.<br />
</strong></span>Introducción al <em>Spoken Word</em>, explorando la poesía oral mediante el uso de la voz, el ritmo y el cuerpo como herramientas de expresión artística. <strong>Imparte:</strong> SLAMIN Poetry Slam México / Commik MG</li>
<li><span style="color: #000000;"><strong>Taller de audiolibro</strong></span><br />
<span style="color: #7a7a7a;"><strong>15:00 hrs.<br />
</strong></span>Sesión práctica que te invita a desarrollar las habilidades que necesita la interpretación de un audiolibro. <strong>Imparte:</strong> Antonio Raluy</li>
<li><span style="color: #000000;"><strong>Taller de improficción</strong></span><br />
<span style="color: #7a7a7a;"><strong>17:00 hrs.</strong></span><br />
Taller práctico para desarrollar la escucha, creatividad e imaginación mediante juegos y ejercicios de improvisación que ayudan a crear personajes, escenas y diálogos, perdiendo el miedo al error. <strong>Imparten:</strong> Viri Reséndiz y Gabriela Nández.</li>
</ul>
</div>[vc_column_text]<em>Programación sujeta a cambios.</em>[/vc_column_text][/vc_tab][vc_tab title=&#8221;Viernes 21&#8243; tab_id=&#8221;668839c6-4a1d-6&#8243;]<div class="standard-arrow list-divider bullet-top"><ul>
<li><span style="color: #000000;"><strong>Taller de encuadernación</strong></span><br />
<span style="color: #7a7a7a;"><strong>10:00 hrs.<br />
</strong></span>Taller práctico de confección de cuadernos artesanales y técnicas de encuadernación en rústica. <strong>Imparte:</strong> Vertha Mancera.<span style="color: #7a7a7a;"><strong><br />
</strong></span></li>
<li><span style="color: #000000;"><strong>Taller: Cómo crear una comunidad lectora</strong></span><br />
<span style="color: #7a7a7a;"><strong>13:00 hrs.<br />
</strong></span>Sesión práctica orientada a brindar herramientas de autogestión para crear y sostener clubes de lectura locales.<span style="color: #7a7a7a;"><strong><br />
</strong></span></li>
<li><span style="color: #000000;"><strong>Taller: Cómo crear personajes femeninos inolvidables</strong></span><br />
<span style="color: #7a7a7a;"><strong><span style="color: #7a7a7a;">15:00 hrs.</span><br />
</strong></span>Taller intensivo de desarrollo de personajes enfocado en la caracterización e investigación de arquetipos femeninos en la ficción. <strong>Imparte:</strong> Gilma Luque.</li>
<li><span style="color: #000000;"><strong>Taller de periodismo literario: mil formas de ver la realidad.</strong></span><br />
<span style="color: #7a7a7a;"><strong>17:00 hrs.</strong></span><br />
Taller para explorar herramientas de investigación y narración periodística, desde la veracidad y el enfoque hasta el trabajo con fuentes, para contar historias reales con profundidad e impacto humano. <strong>Imparte:</strong> Miguel Alejandro Rivera.</li>
</ul>
</div>[vc_column_text]<em>Programación sujeta a cambios.</em>[/vc_column_text][/vc_tab][/vc_tour][/vc_column][/vc_row]</p>
</div>

<p>[vc_row type=&#8221;vc_default&#8221; css=&#8221;.vc_custom_1786488201215{margin-top: -70px !important;}&#8221;][vc_column][vc_single_image image=&#8221;25091&#8243; img_size=&#8221;full&#8221; alignment=&#8221;center&#8221; css=&#8221;&#8221;][/vc_column][/vc_row][vc_row type=&#8221;vc_default&#8221;][vc_column][vc_custom_heading source=&#8221;post_title&#8221; google_fonts=&#8221;font_family:Archivo%20Narrow%3Aregular%2Citalic%2C700%2C700italic|font_style:700%20bold%20regular%3A700%3Anormal&#8221; css=&#8221;&#8221;][vc_separator style=&#8221;dotted&#8221; border_width=&#8221;4&#8243; css=&#8221;&#8221;][vc_empty_space height=&#8221;16px&#8221;][/vc_column][/vc_row][vc_row][vc_column][vc_tour interval=&#8221;0&#8243; title_size=&#8221;h4&#8243; style=&#8221;tab-style-two&#8221;][vc_tab title=&#8221;Jueves 20&#8243; tab_id=&#8221;bad15058-4bc8-8&#8243;][vc_column_text]Programación sujeta a cambios.[/vc_column_text][/vc_tab][vc_tab title=&#8221;Viernes 21&#8243; tab_id=&#8221;668839c6-4a1d-6&#8243;][vc_column_text]Programación sujeta a cambios.[/vc_column_text][/vc_tab][/vc_tour][/vc_column][/vc_row]</p>
