{"id":24988,"date":"2026-08-07T11:35:22","date_gmt":"2026-08-07T17:35:22","guid":{"rendered":"https:\/\/www.imer.mx\/flir\/?page_id=24988"},"modified":"2026-08-18T16:15:46","modified_gmt":"2026-08-18T22:15:46","slug":"estudio-a","status":"publish","type":"page","link":"https:\/\/www.imer.mx\/flir\/estudio-a\/","title":{"rendered":"Estudio A"},"content":{"rendered":"<div class=\"wpb-content-wrapper\" id=\"wpb-content-root\"><p>[vc_row type=&#8221;vc_default&#8221; css=&#8221;.vc_custom_1786479586935{margin-top: -70px !important;}&#8221;][vc_column][vc_single_image image=&#8221;25085&#8243; img_size=&#8221;full&#8221; alignment=&#8221;center&#8221; css=&#8221;&#8221;][\/vc_column][\/vc_row][vc_row type=&#8221;vc_default&#8221;][vc_column][vc_custom_heading source=&#8221;post_title&#8221; google_fonts=&#8221;font_family:Archivo%20Narrow%3Aregular%2Citalic%2C700%2C700italic|font_style:700%20bold%20regular%3A700%3Anormal&#8221;][vc_separator style=&#8221;dotted&#8221; border_width=&#8221;4&#8243; css=&#8221;&#8221;][vc_empty_space height=&#8221;16px&#8221;][\/vc_column][\/vc_row][vc_row][vc_column][vc_tour interval=&#8221;0&#8243; title_size=&#8221;h4&#8243; style=&#8221;tab-style-two&#8221;][vc_tab title=&#8221;Jueves 20&#8243; tab_id=&#8221;bad15058-4bc8-8&#8243;]<div class=\"standard-arrow list-divider bullet-top\"><ul>\n<li><span style=\"color: #000000;\"><strong>INAUGURACI\u00d3N<\/strong><\/span><br \/>\n<span style=\"color: #7a7a7a;\"><strong>10:00 hrs.<br \/>\n<\/strong><\/span><strong>Aqu\u00ed entre dos:<\/strong> Transmisi\u00f3n e inauguraci\u00f3n oficial conducida por el equipo del Sistema Nacional de Noticiarios.<\/li>\n<li><span style=\"color: #000000;\"><strong>Kaliveh Music Band<\/strong><\/span><br \/>\n<span style=\"color: #7a7a7a;\"><strong>11:00 hrs.<br \/>\n<\/strong><\/span>Concierto que celebra el di\u00e1logo entre culturas a trav\u00e9s de la m\u00fasica. Kaliveh re\u00fane tradiciones sonoras de distintos continentes para promover la empat\u00eda, la diversidad y el encuentro.<span style=\"color: #7a7a7a;\"><strong><br \/>\n<\/strong><\/span><\/li>\n<li><span style=\"color: #000000;\"><strong>Contra el apag\u00f3n. Voces de Gaza durante el genocidio<\/strong><\/span><br \/>\n<span style=\"color: #7a7a7a;\"><strong><span style=\"color: #7a7a7a;\">12:00 hrs.<\/span><br \/>\n<\/strong><\/span>Presentaci\u00f3n del libro, compilaci\u00f3n de textos de escritoras y escritores de Gaza, traducidos del \u00e1rabe al espa\u00f1ol, que testimonian la experiencia palestina durante 2023. <strong>Presentan:<\/strong> \u00d3scar de Pablo y Shadi Rohana.<span style=\"color: #7a7a7a;\"><strong><br \/>\n<\/strong><\/span><\/li>\n<li><span style=\"color: #000000;\"><strong>Conversatorio: Global Sumud Flotilla<\/strong><\/span><br \/>\n<span style=\"color: #7a7a7a;\"><strong>13:00 hrs.<\/strong><\/span><br \/>\nDi\u00e1logo con activistas e integrantes de la Global Sumud Flotilla, iniciativa civil e internacional no violenta orientada a romper el bloqueo naval sobre la Franja de Gaza para trasladar ayuda humanitaria y suministros m\u00e9dicos. <strong>Participantes:<\/strong> Violeta N\u00fa\u00f1ez y Arlin Medrano, <strong>Conduce:<\/strong> Berenice Rodr\u00edguez<\/li>\n<li><span style=\"color: #000000;\"><strong>Cancio\u00f1ero con Fores Basura<\/strong><\/span><br \/>\n<span style=\"color: #7a7a7a;\"><strong>14:00 Hrs.<\/strong><\/span><br \/>\nEspect\u00e1culo musical que combina humor, reflexi\u00f3n e interacci\u00f3n con el p\u00fablico mediante canciones sobre la vida cotidiana, interpretadas con instrumentos fabricados con materiales reciclados.<\/li>\n<li><span style=\"color: #000000;\"><strong>Radioteatro \u00bfY ahora qu\u00e9?<\/strong><\/span><br \/>\n<span style=\"color: #7a7a7a;\"><strong>15:00 Hrs.<\/strong><\/span><br \/>\nInterpretaci\u00f3n y producci\u00f3n en vivo de dos episodios de la serie de radioteatros <em>\u00bfY ahora qu\u00e9?<\/em>. Una coproducci\u00f3n del IMER y Altavoz Radio.<\/li>\n<li><span style=\"color: #000000;\"><strong>Book list &#8211; Reactor<\/strong><\/span><br \/>\n<span style=\"color: #7a7a7a;\"><strong>16:00 Hrs.<\/strong><\/span><br \/>\n<span style=\"font-weight: 400;\">Programa especial dedicado a presentar libros de periodismo musical<\/span>. <strong>Participantes:<\/strong> Ricardo Quiroga y Ezequiel Dom\u00ednguez, <strong>Conduce:<\/strong> Eduardo Rabasa.<\/li>\n<li><span style=\"color: #000000;\"><strong>Por los senderos del Blues, cr\u00f3nicas musicales de Ra\u00fal de la Rosa<\/strong><\/span><br \/>\n<span style=\"color: #7a7a7a;\"><strong>17:00 Hrs.<\/strong><\/span><br \/>\nConversatorio entre Ra\u00fal de la Rosa y Estefan\u00eda Romero en torno al libro de cr\u00f3nicas musicales <em>Por los senderos del blues<\/em>. <strong>M\u00fasica:<\/strong> Octavio Herrero y su cuarteto.<\/li>\n<\/ul>\n<\/div>[vc_column_text css=&#8221;&#8221;]<em>Programaci\u00f3n sujeta a cambios.<\/em>[\/vc_column_text][\/vc_tab][vc_tab title=&#8221;Viernes 21&#8243; tab_id=&#8221;668839c6-4a1d-6&#8243;]<div class=\"standard-arrow list-divider bullet-top\"><ul>\n<li><span style=\"color: #000000;\"><strong>Mario Iv\u00e1n Mart\u00ednez en La Pandilla en vivo<\/strong><\/span><br \/>\n<span style=\"color: #7a7a7a;\"><strong>10:00 hrs.<br \/>\n<\/strong><\/span><strong>Mario Iv\u00e1n Mart\u00ednez<\/strong> acercar\u00e1 a ni\u00f1as y ni\u00f1os a la infancia de Leonardo da Vinci mediante una lectura dramatizada. M\u00fasica, juegos y canciones con <strong>Brenda Cervantes<\/strong> y el coro infantil <strong>Balam Paal<\/strong> completar\u00e1n este encuentro familiar.<span style=\"color: #7a7a7a;\"><strong><br \/>\n<\/strong><\/span><\/li>\n<li><span style=\"color: #000000;\"><strong>Presentaci\u00f3n del libro <em>Ser Nube<\/em> de Andr\u00e9s Cisnegro y Karina Pichardo Y\u00e1\u00f1ez<\/strong><\/span><br \/>\n<span style=\"color: #7a7a7a;\"><strong>11:00 hrs.<br \/>\n<\/strong><\/span>Presentaci\u00f3n de un libro de poes\u00eda ilustrado para las infancias, acompa\u00f1ada de m\u00fasica <span style=\"font-weight: 400;\">m\u00fasica Nandi Xan y la exposici\u00f3n de 8 piezas de la obra pict\u00f3rica original que ilustra el libro \u00a1hechas con agua de lluvia! <strong>Participan:<\/strong> Andr\u00e9s Cisneros y Nandi Xan<\/span>.<span style=\"color: #7a7a7a;\"><strong><br \/>\n<\/strong><\/span><\/li>\n<li><span style=\"color: #000000;\"><strong>Funky Narraci\u00f3n<\/strong><\/span><br \/>\n<span style=\"color: #7a7a7a;\"><strong><span style=\"color: #7a7a7a;\">11:30 hrs.<\/span><br \/>\n<\/strong><\/span>Espect\u00e1culo familiar que fusiona narraci\u00f3n oral, rap y hip-hop para acercar a ni\u00f1as, ni\u00f1os y familias al gusto por la lectura y la creatividad. <strong>Participantes:<\/strong> MC Van-T (narrador\/MC), Pantuflas (percusi\u00f3n), DJ Under (DJ).<span style=\"color: #7a7a7a;\"><strong><br \/>\n<\/strong><\/span><\/li>\n<li><span style=\"color: #000000;\"><strong>Trueque de libros<\/strong><\/span><br \/>\n<span style=\"color: #7a7a7a;\"><strong>12:30 hrs.<\/strong><\/span><br \/>\nEspacio para intercambiar libros, estampas, stickers, fanzines, fotograf\u00edas y otros art\u00edculos coleccionables, promoviendo el intercambio y la convivencia entre asistentes. <strong>Conducen:<\/strong> Nancy Vargas y Karen Rojas.<\/li>\n<li><span style=\"color: #000000;\"><strong>Vibra Much\u00e1 &#8211; Reggae para ni\u00f1os &#8211;<\/strong><\/span><br \/>\n<span style=\"color: #7a7a7a;\"><strong>14:00 Hrs.<\/strong><\/span><br \/>\nConcierto infantil con ritmos de reggae y fusiones musicales que promueve valores como la paz, el respeto, la salud y la convivencia a trav\u00e9s de la m\u00fasica. <b>Participantes: <\/b><span style=\"font-weight: 400;\">Chinto (guitarra), Ezequiel (teclado), Polock (bater\u00eda).<\/span><\/li>\n<li><span style=\"color: #000000;\"><strong>Techxturas Sonoras<\/strong><\/span><br \/>\n<span style=\"color: #7a7a7a;\"><strong>15:00 Hrs.<\/strong><\/span><br \/>\nRecital transmedia, m\u00fasica electr\u00f3nica experimental y luces, creando un encuentro entre la literatura cl\u00e1sica mexicana y el arte sonoro contempor\u00e1neo.<\/li>\n<li><span style=\"color: #000000;\"><strong>Rocktopus<br \/>\n<\/strong><\/span><span style=\"color: #7a7a7a;\"><strong>15:40 Hrs.<\/strong><\/span><br \/>\nBanda que viene del futuro para recordarnos la importancia de la m\u00fasica del pasado. Un viaje intergal\u00e1ctico emocional por sonidos que luchan por la paz y la libertad en el mundo.<\/li>\n<li><span style=\"color: #000000;\"><strong>Circuito Internacional de Slam Poetry<\/strong><\/span><br \/>\n<strong><span style=\"color: #7a7a7a;\">16:30 Hrs.<\/span><\/strong><br \/>\nTorneo internacional de declamaci\u00f3n po\u00e9tica <em>(spoken word)<\/em> con la participaci\u00f3n de exponentes iberoamericanos evaluados en directo por el p\u00fablico.<\/li>\n<li><span style=\"color: #000000;\"><strong>Concierto de Cierre: Victoria Malawi<\/strong><\/span><br \/>\n<span style=\"color: #7a7a7a;\"><strong>18:00 Hrs.<\/strong><\/span><br \/>\nConcierto estelar de clausura del Estudio A a cargo de la banda mexicana de reggae independiente Victoria Malawi, repasando los temas de sus producciones <em>Trasciende<\/em> y <em>XV A\u00f1os en Vivo<\/em>.<\/li>\n<\/ul>\n<\/div>[vc_column_text css=&#8221;&#8221;]<em>Programaci\u00f3n sujeta a cambios.<\/em>[\/vc_column_text][\/vc_tab][\/vc_tour][\/vc_column][\/vc_row]<\/p>\n<\/div>","protected":false},"excerpt":{"rendered":"<p>[vc_row type=&#8221;vc_default&#8221; css=&#8221;.vc_custom_1786479586935{margin-top: -70px !important;}&#8221;][vc_column][vc_single_image image=&#8221;25085&#8243; img_size=&#8221;full&#8221; alignment=&#8221;center&#8221; css=&#8221;&#8221;][\/vc_column][\/vc_row][vc_row type=&#8221;vc_default&#8221;][vc_column][vc_custom_heading source=&#8221;post_title&#8221; google_fonts=&#8221;font_family:Archivo%20Narrow%3Aregular%2Citalic%2C700%2C700italic|font_style:700%20bold%20regular%3A700%3Anormal&#8221;][vc_separator style=&#8221;dotted&#8221; border_width=&#8221;4&#8243; css=&#8221;&#8221;][vc_empty_space height=&#8221;16px&#8221;][\/vc_column][\/vc_row][vc_row][vc_column][vc_tour interval=&#8221;0&#8243; title_size=&#8221;h4&#8243; style=&#8221;tab-style-two&#8221;][vc_tab title=&#8221;Jueves 20&#8243; tab_id=&#8221;bad15058-4bc8-8&#8243;][vc_column_text css=&#8221;&#8221;]Programaci\u00f3n sujeta a cambios.[\/vc_column_text][\/vc_tab][vc_tab title=&#8221;Viernes 21&#8243; tab_id=&#8221;668839c6-4a1d-6&#8243;][vc_column_text css=&#8221;&#8221;]Programaci\u00f3n sujeta a cambios.[\/vc_column_text][\/vc_tab][\/vc_tour][\/vc_column][\/vc_row]<\/p>\n","protected":false},"author":1,"featured_media":0,"parent":0,"menu_order":0,"comment_status":"closed","ping_status":"closed","template":"","meta":{"wp_popup_display_lightbox":0,"wp_popup_suppress":"","wp_popup_trigger":"","wp_popup_trigger_amount":0,"wp_popup_disable_on_mobile":false,"footnotes":""},"class_list":["post-24988","page","type-page","status-publish","hentry","description-off"],"_links":{"self":[{"href":"https:\/\/www.imer.mx\/flir\/wp-json\/wp\/v2\/pages\/24988","targetHints":{"allow":["GET"]}}],"collection":[{"href":"https:\/\/www.imer.mx\/flir\/wp-json\/wp\/v2\/pages"}],"about":[{"href":"https:\/\/www.imer.mx\/flir\/wp-json\/wp\/v2\/types\/page"}],"author":[{"embeddable":true,"href":"https:\/\/www.imer.mx\/flir\/wp-json\/wp\/v2\/users\/1"}],"replies":[{"embeddable":true,"href":"https:\/\/www.imer.mx\/flir\/wp-json\/wp\/v2\/comments?post=24988"}],"version-history":[{"count":3,"href":"https:\/\/www.imer.mx\/flir\/wp-json\/wp\/v2\/pages\/24988\/revisions"}],"predecessor-version":[{"id":25140,"href":"https:\/\/www.imer.mx\/flir\/wp-json\/wp\/v2\/pages\/24988\/revisions\/25140"}],"wp:attachment":[{"href":"https:\/\/www.imer.mx\/flir\/wp-json\/wp\/v2\/media?parent=24988"}],"curies":[{"name":"wp","href":"https:\/\/api.w.org\/{rel}","templated":true}]}}

<div class="wpb-content-wrapper" id="wpb-content-root"><p>[vc_row type=&#8221;vc_default&#8221; css=&#8221;.vc_custom_1786479586935{margin-top: -70px !important;}&#8221;][vc_column][vc_single_image image=&#8221;25085&#8243; img_size=&#8221;full&#8221; alignment=&#8221;center&#8221; css=&#8221;&#8221;][/vc_column][/vc_row][vc_row type=&#8221;vc_default&#8221;][vc_column][vc_custom_heading source=&#8221;post_title&#8221; google_fonts=&#8221;font_family:Archivo%20Narrow%3Aregular%2Citalic%2C700%2C700italic|font_style:700%20bold%20regular%3A700%3Anormal&#8221;][vc_separator style=&#8221;dotted&#8221; border_width=&#8221;4&#8243; css=&#8221;&#8221;][vc_empty_space height=&#8221;16px&#8221;][/vc_column][/vc_row][vc_row][vc_column][vc_tour interval=&#8221;0&#8243; title_size=&#8221;h4&#8243; style=&#8221;tab-style-two&#8221;][vc_tab title=&#8221;Jueves 20&#8243; tab_id=&#8221;bad15058-4bc8-8&#8243;]<div class="standard-arrow list-divider bullet-top"><ul>
<li><span style="color: #000000;"><strong>INAUGURACIÓN</strong></span><br />
<span style="color: #7a7a7a;"><strong>10:00 hrs.<br />
</strong></span><strong>Aquí entre dos:</strong> Transmisión e inauguración oficial conducida por el equipo del Sistema Nacional de Noticiarios.</li>
<li><span style="color: #000000;"><strong>Kaliveh Music Band</strong></span><br />
<span style="color: #7a7a7a;"><strong>11:00 hrs.<br />
</strong></span>Concierto que celebra el diálogo entre culturas a través de la música. Kaliveh reúne tradiciones sonoras de distintos continentes para promover la empatía, la diversidad y el encuentro.<span style="color: #7a7a7a;"><strong><br />
</strong></span></li>
<li><span style="color: #000000;"><strong>Contra el apagón. Voces de Gaza durante el genocidio</strong></span><br />
<span style="color: #7a7a7a;"><strong><span style="color: #7a7a7a;">12:00 hrs.</span><br />
</strong></span>Presentación del libro, compilación de textos de escritoras y escritores de Gaza, traducidos del árabe al español, que testimonian la experiencia palestina durante 2023. <strong>Presentan:</strong> Óscar de Pablo y Shadi Rohana.<span style="color: #7a7a7a;"><strong><br />
</strong></span></li>
<li><span style="color: #000000;"><strong>Conversatorio: Global Sumud Flotilla</strong></span><br />
<span style="color: #7a7a7a;"><strong>13:00 hrs.</strong></span><br />
Diálogo con activistas e integrantes de la Global Sumud Flotilla, iniciativa civil e internacional no violenta orientada a romper el bloqueo naval sobre la Franja de Gaza para trasladar ayuda humanitaria y suministros médicos. <strong>Participantes:</strong> Violeta Núñez y Arlin Medrano, <strong>Conduce:</strong> Berenice Rodríguez</li>
<li><span style="color: #000000;"><strong>Cancioñero con Fores Basura</strong></span><br />
<span style="color: #7a7a7a;"><strong>14:00 Hrs.</strong></span><br />
Espectáculo musical que combina humor, reflexión e interacción con el público mediante canciones sobre la vida cotidiana, interpretadas con instrumentos fabricados con materiales reciclados.</li>
<li><span style="color: #000000;"><strong>Radioteatro ¿Y ahora qué?</strong></span><br />
<span style="color: #7a7a7a;"><strong>15:00 Hrs.</strong></span><br />
Interpretación y producción en vivo de dos episodios de la serie de radioteatros <em>¿Y ahora qué?</em>. Una coproducción del IMER y Altavoz Radio.</li>
<li><span style="color: #000000;"><strong>Book list &#8211; Reactor</strong></span><br />
<span style="color: #7a7a7a;"><strong>16:00 Hrs.</strong></span><br />
<span style="font-weight: 400;">Programa especial dedicado a presentar libros de periodismo musical</span>. <strong>Participantes:</strong> Ricardo Quiroga y Ezequiel Domínguez, <strong>Conduce:</strong> Eduardo Rabasa.</li>
<li><span style="color: #000000;"><strong>Por los senderos del Blues, crónicas musicales de Raúl de la Rosa</strong></span><br />
<span style="color: #7a7a7a;"><strong>17:00 Hrs.</strong></span><br />
Conversatorio entre Raúl de la Rosa y Estefanía Romero en torno al libro de crónicas musicales <em>Por los senderos del blues</em>. <strong>Música:</strong> Octavio Herrero y su cuarteto.</li>
</ul>
</div>[vc_column_text css=&#8221;&#8221;]<em>Programación sujeta a cambios.</em>[/vc_column_text][/vc_tab][vc_tab title=&#8221;Viernes 21&#8243; tab_id=&#8221;668839c6-4a1d-6&#8243;]<div class="standard-arrow list-divider bullet-top"><ul>
<li><span style="color: #000000;"><strong>Mario Iván Martínez en La Pandilla en vivo</strong></span><br />
<span style="color: #7a7a7a;"><strong>10:00 hrs.<br />
</strong></span><strong>Mario Iván Martínez</strong> acercará a niñas y niños a la infancia de Leonardo da Vinci mediante una lectura dramatizada. Música, juegos y canciones con <strong>Brenda Cervantes</strong> y el coro infantil <strong>Balam Paal</strong> completarán este encuentro familiar.<span style="color: #7a7a7a;"><strong><br />
</strong></span></li>
<li><span style="color: #000000;"><strong>Presentación del libro <em>Ser Nube</em> de Andrés Cisnegro y Karina Pichardo Yáñez</strong></span><br />
<span style="color: #7a7a7a;"><strong>11:00 hrs.<br />
</strong></span>Presentación de un libro de poesía ilustrado para las infancias, acompañada de música <span style="font-weight: 400;">música Nandi Xan y la exposición de 8 piezas de la obra pictórica original que ilustra el libro ¡hechas con agua de lluvia! <strong>Participan:</strong> Andrés Cisneros y Nandi Xan</span>.<span style="color: #7a7a7a;"><strong><br />
</strong></span></li>
<li><span style="color: #000000;"><strong>Funky Narración</strong></span><br />
<span style="color: #7a7a7a;"><strong><span style="color: #7a7a7a;">11:30 hrs.</span><br />
</strong></span>Espectáculo familiar que fusiona narración oral, rap y hip-hop para acercar a niñas, niños y familias al gusto por la lectura y la creatividad. <strong>Participantes:</strong> MC Van-T (narrador/MC), Pantuflas (percusión), DJ Under (DJ).<span style="color: #7a7a7a;"><strong><br />
</strong></span></li>
<li><span style="color: #000000;"><strong>Trueque de libros</strong></span><br />
<span style="color: #7a7a7a;"><strong>12:30 hrs.</strong></span><br />
Espacio para intercambiar libros, estampas, stickers, fanzines, fotografías y otros artículos coleccionables, promoviendo el intercambio y la convivencia entre asistentes. <strong>Conducen:</strong> Nancy Vargas y Karen Rojas.</li>
<li><span style="color: #000000;"><strong>Vibra Muchá &#8211; Reggae para niños &#8211;</strong></span><br />
<span style="color: #7a7a7a;"><strong>14:00 Hrs.</strong></span><br />
Concierto infantil con ritmos de reggae y fusiones musicales que promueve valores como la paz, el respeto, la salud y la convivencia a través de la música. <b>Participantes: </b><span style="font-weight: 400;">Chinto (guitarra), Ezequiel (teclado), Polock (batería).</span></li>
<li><span style="color: #000000;"><strong>Techxturas Sonoras</strong></span><br />
<span style="color: #7a7a7a;"><strong>15:00 Hrs.</strong></span><br />
Recital transmedia, música electrónica experimental y luces, creando un encuentro entre la literatura clásica mexicana y el arte sonoro contemporáneo.</li>
<li><span style="color: #000000;"><strong>Rocktopus<br />
</strong></span><span style="color: #7a7a7a;"><strong>15:40 Hrs.</strong></span><br />
Banda que viene del futuro para recordarnos la importancia de la música del pasado. Un viaje intergaláctico emocional por sonidos que luchan por la paz y la libertad en el mundo.</li>
<li><span style="color: #000000;"><strong>Circuito Internacional de Slam Poetry</strong></span><br />
<strong><span style="color: #7a7a7a;">16:30 Hrs.</span></strong><br />
Torneo internacional de declamación poética <em>(spoken word)</em> con la participación de exponentes iberoamericanos evaluados en directo por el público.</li>
<li><span style="color: #000000;"><strong>Concierto de Cierre: Victoria Malawi</strong></span><br />
<span style="color: #7a7a7a;"><strong>18:00 Hrs.</strong></span><br />
Concierto estelar de clausura del Estudio A a cargo de la banda mexicana de reggae independiente Victoria Malawi, repasando los temas de sus producciones <em>Trasciende</em> y <em>XV Años en Vivo</em>.</li>
</ul>
</div>[vc_column_text css=&#8221;&#8221;]<em>Programación sujeta a cambios.</em>[/vc_column_text][/vc_tab][/vc_tour][/vc_column][/vc_row]</p>
</div>

<p>[vc_row type=&#8221;vc_default&#8221; css=&#8221;.vc_custom_1786479586935{margin-top: -70px !important;}&#8221;][vc_column][vc_single_image image=&#8221;25085&#8243; img_size=&#8221;full&#8221; alignment=&#8221;center&#8221; css=&#8221;&#8221;][/vc_column][/vc_row][vc_row type=&#8221;vc_default&#8221;][vc_column][vc_custom_heading source=&#8221;post_title&#8221; google_fonts=&#8221;font_family:Archivo%20Narrow%3Aregular%2Citalic%2C700%2C700italic|font_style:700%20bold%20regular%3A700%3Anormal&#8221;][vc_separator style=&#8221;dotted&#8221; border_width=&#8221;4&#8243; css=&#8221;&#8221;][vc_empty_space height=&#8221;16px&#8221;][/vc_column][/vc_row][vc_row][vc_column][vc_tour interval=&#8221;0&#8243; title_size=&#8221;h4&#8243; style=&#8221;tab-style-two&#8221;][vc_tab title=&#8221;Jueves 20&#8243; tab_id=&#8221;bad15058-4bc8-8&#8243;][vc_column_text css=&#8221;&#8221;]Programación sujeta a cambios.[/vc_column_text][/vc_tab][vc_tab title=&#8221;Viernes 21&#8243; tab_id=&#8221;668839c6-4a1d-6&#8243;][vc_column_text css=&#8221;&#8221;]Programación sujeta a cambios.[/vc_column_text][/vc_tab][/vc_tour][/vc_column][/vc_row]</p>
